2.180.150.185 - - [02/Jul/2026:17:04:15 +0330] "GET /wp-content/uploads/2026/06/badrig-lyocell-1-150x188.webp HTTP/2" 200 2136 "https://modoarpena.ir/product/badrig-lyocell-bedding/" "Mozilla/5.0 (Windows NT 10.0; Win64; x64) AppleWebKit/537.36 (KHTML, like Gecko) Chrome/149.0.0.0 Safari/537.36"
2.180.150.185 - - [02/Jul/2026:17:04:15 +0330] "GET /wp-content/uploads/2026/06/badrig-lyocell-2-150x188.webp HTTP/2" 200 2446 "https://modoarpena.ir/product/badrig-lyocell-bedding/" "Mozilla/5.0 (Windows NT 10.0; Win64; x64) AppleWebKit/537.36 (KHTML, like Gecko) Chrome/149.0.0.0 Safari/537.36"
2.180.150.185 - - [02/Jul/2026:17:04:15 +0330] "GET /wp-content/uploads/2026/06/badrig-lyocell-3-150x188.webp HTTP/2" 200 3154 "https://modoarpena.ir/product/badrig-lyocell-bedding/" "Mozilla/5.0 (Windows NT 10.0; Win64; x64) AppleWebKit/537.36 (KHTML, like Gecko) Chrome/149.0.0.0 Safari/537.36"
2.180.150.185 - - [02/Jul/2026:17:04:15 +0330] "GET /wp-content/uploads/2026/06/badrig-lyocell-7-150x188.webp HTTP/2" 200 7626 "https://modoarpena.ir/product/badrig-lyocell-bedding/" "Mozilla/5.0 (Windows NT 10.0; Win64; x64) AppleWebKit/537.36 (KHTML, like Gecko) Chrome/149.0.0.0 Safari/537.36"
2.180.150.185 - - [02/Jul/2026:17:04:15 +0330] "GET /wp-content/uploads/2026/06/badrig-lyocell-8-150x188.webp HTTP/2" 200 8710 "https://modoarpena.ir/product/badrig-lyocell-bedding/" "Mozilla/5.0 (Windows NT 10.0; Win64; x64) AppleWebKit/537.36 (KHTML, like Gecko) Chrome/149.0.0.0 Safari/537.36"
2.180.150.185 - - [02/Jul/2026:17:04:15 +0330] "GET /wp-content/uploads/2026/06/badrig-lyocell-9-150x188.webp HTTP/2" 200 8322 "https://modoarpena.ir/product/badrig-lyocell-bedding/" "Mozilla/5.0 (Windows NT 10.0; Win64; x64) AppleWebKit/537.36 (KHTML, like Gecko) Chrome/149.0.0.0 Safari/537.36"
2.180.150.185 - - [02/Jul/2026:17:04:15 +0330] "GET /wp-content/uploads/2026/06/badrig-lyocell-1-700x875.webp HTTP/2" 200 87216 "https://modoarpena.ir/product/badrig-lyocell-bedding/" "Mozilla/5.0 (Windows NT 10.0; Win64; x64) AppleWebKit/537.36 (KHTML, like Gecko) Chrome/149.0.0.0 Safari/537.36"
2.180.150.185 - - [02/Jul/2026:17:04:15 +0330] "GET /wp-content/uploads/2026/06/badrig-lyocell-2-640x800.webp HTTP/2" 200 32654 "https://modoarpena.ir/product/badrig-lyocell-bedding/" "Mozilla/5.0 (Windows NT 10.0; Win64; x64) AppleWebKit/537.36 (KHTML, like Gecko) Chrome/149.0.0.0 Safari/537.36"
2.180.150.185 - - [02/Jul/2026:17:04:15 +0330] "GET /wp-content/uploads/2026/06/badrig-lyocell-3-640x800.webp HTTP/2" 200 40156 "https://modoarpena.ir/product/badrig-lyocell-bedding/" "Mozilla/5.0 (Windows NT 10.0; Win64; x64) AppleWebKit/537.36 (KHTML, like Gecko) Chrome/149.0.0.0 Safari/537.36"
2.180.150.185 - - [02/Jul/2026:17:04:15 +0330] "GET /wp-content/uploads/2026/06/badrig-lyocell-7-640x800.webp HTTP/2" 200 124116 "https://modoarpena.ir/product/badrig-lyocell-bedding/" "Mozilla/5.0 (Windows NT 10.0; Win64; x64) AppleWebKit/537.36 (KHTML, like Gecko) Chrome/149.0.0.0 Safari/537.36"
2.180.150.185 - - [02/Jul/2026:17:04:15 +0330] "GET /wp-content/uploads/2026/06/badrig-lyocell-8-640x800.webp HTTP/2" 200 125766 "https://modoarpena.ir/product/badrig-lyocell-bedding/" "Mozilla/5.0 (Windows NT 10.0; Win64; x64) AppleWebKit/537.36 (KHTML, like Gecko) Chrome/149.0.0.0 Safari/537.36"
2.180.150.185 - - [02/Jul/2026:17:04:15 +0330] "GET /wp-content/uploads/2026/06/badrig-lyocell-9-640x800.webp HTTP/2" 200 136356 "https://modoarpena.ir/product/badrig-lyocell-bedding/" "Mozilla/5.0 (Windows NT 10.0; Win64; x64) AppleWebKit/537.36 (KHTML, like Gecko) Chrome/149.0.0.0 Safari/537.36"
2.180.150.185 - - [02/Jul/2026:17:04:15 +0330] "GET /wp-content/uploads/2026/06/badrig-lyocell-2-700x935.png HTTP/2" 200 644644 "https://modoarpena.ir/product/badrig-lyocell-bedding/" "Mozilla/5.0 (Windows NT 10.0; Win64; x64) AppleWebKit/537.36 (KHTML, like Gecko) Chrome/149.0.0.0 Safari/537.36"
2.180.150.185 - - [02/Jul/2026:17:04:21 +0330] "GET /wp-content/uploads/2026/06/badrig-lyocell-2-700x875.webp HTTP/2" 200 43386 "https://modoarpena.ir/product/badrig-lyocell-bedding/" "Mozilla/5.0 (Windows NT 10.0; Win64; x64) AppleWebKit/537.36 (KHTML, like Gecko) Chrome/149.0.0.0 Safari/537.36"
2.180.150.185 - - [02/Jul/2026:17:04:26 +0330] "GET /wp-content/uploads/2026/06/badrig-lyocell-3-700x875.webp HTTP/2" 200 51196 "https://modoarpena.ir/product/badrig-lyocell-bedding/" "Mozilla/5.0 (Windows NT 10.0; Win64; x64) AppleWebKit/537.36 (KHTML, like Gecko) Chrome/149.0.0.0 Safari/537.36"
2.180.150.185 - - [02/Jul/2026:17:04:26 +0330] "GET /wp-content/uploads/2026/06/badrig-lyocell-7-700x875.webp HTTP/2" 200 147242 "https://modoarpena.ir/product/badrig-lyocell-bedding/" "Mozilla/5.0 (Windows NT 10.0; Win64; x64) AppleWebKit/537.36 (KHTML, like Gecko) Chrome/149.0.0.0 Safari/537.36"
2.180.150.185 - - [02/Jul/2026:17:04:27 +0330] "GET /wp-content/uploads/2026/06/badrig-lyocell-8-700x875.webp HTTP/2" 200 150054 "https://modoarpena.ir/product/badrig-lyocell-bedding/" "Mozilla/5.0 (Windows NT 10.0; Win64; x64) AppleWebKit/537.36 (KHTML, like Gecko) Chrome/149.0.0.0 Safari/537.36"
2.180.150.185 - - [02/Jul/2026:17:04:27 +0330] "GET /wp-content/uploads/2026/06/badrig-lyocell-9-700x875.webp HTTP/2" 200 163208 "https://modoarpena.ir/product/badrig-lyocell-bedding/" "Mozilla/5.0 (Windows NT 10.0; Win64; x64) AppleWebKit/537.36 (KHTML, like Gecko) Chrome/149.0.0.0 Safari/537.36"
2.180.150.185 - - [02/Jul/2026:17:04:51 +0330] "POST /wp-admin/admin-ajax.php HTTP/2" 200 79 "https://modoarpena.ir/wp-admin/post.php?post=30648&action=edit" "Mozilla/5.0 (Windows NT 10.0; Win64; x64) AppleWebKit/537.36 (KHTML, like Gecko) Chrome/149.0.0.0 Safari/537.36"
2.180.150.185 - - [02/Jul/2026:17:05:01 +0330] "POST /wp-admin/admin-ajax.php HTTP/2" 200 79 "https://modoarpena.ir/wp-admin/post.php?post=30648&action=edit" "Mozilla/5.0 (Windows NT 10.0; Win64; x64) AppleWebKit/537.36 (KHTML, like Gecko) Chrome/149.0.0.0 Safari/537.36"
130.193.77.37 - - [02/Jul/2026:17:04:53 +0330] "POST /wp-cron.php?doing_wp_cron=1782999293.3810009956359863281250 HTTP/1.1" 200 0 "-" "WordPress/7.0; https://modoarpena.ir"
201.76.149.85 - admin [02/Jul/2026:17:06:47 +0330] "GET /wp-json/wp/v2/users/me HTTP/2" 401 129 "-" "Mozilla/5.0 (Windows NT 10.0; Win64; x64) AppleWebKit/537.36 (KHTML, like Gecko) Chrome/133.0.0.0 Safari/537.36 Edg/133.0.0.0"
130.193.77.37 - - [02/Jul/2026:17:02:40 +0330] "POST /wp-cron.php?doing_wp_cron=1782999160.7442159652709960937500 HTTP/1.1" 200 0 "-" "WordPress/7.0; https://modoarpena.ir"
130.193.77.37 - - [02/Jul/2026:17:06:27 +0330] "POST /wp-cron.php?doing_wp_cron=1782999387.2150349617004394531250 HTTP/1.1" 200 0 "-" "WordPress/7.0; https://modoarpena.ir"
176.31.139.11 - - [02/Jul/2026:17:06:27 +0330] "GET /product/armona-austrian-tencel-bedding/ HTTP/2" 200 67702 "-" "Mozilla/5.0 (compatible; AhrefsBot/7.0; +http://ahrefs.com/robot/)"
130.193.77.37 - - [02/Jul/2026:16:58:41 +0330] "POST /wp-cron.php?doing_wp_cron=1782998921.7120230197906494140625 HTTP/1.1" 200 0 "-" "WordPress/7.0; https://modoarpena.ir"
130.193.77.37 - - [02/Jul/2026:16:59:41 +0330] "POST /wp-cron.php?doing_wp_cron=1782998981.7790360450744628906250 HTTP/1.1" 200 0 "-" "WordPress/7.0; https://modoarpena.ir"
130.193.77.37 - - [02/Jul/2026:17:00:01 +0330] "POST /wp-cron.php?doing_wp_cron=1782999001.5829050540924072265625 HTTP/1.1" 200 0 "-" "WordPress/7.0; https://modoarpena.ir"
130.193.77.37 - - [02/Jul/2026:17:00:42 +0330] "POST /wp-cron.php?doing_wp_cron=1782999042.1063730716705322265625 HTTP/1.1" 200 0 "-" "WordPress/7.0; https://modoarpena.ir"
130.193.77.37 - - [02/Jul/2026:17:00:44 +0330] "POST /wp-cron.php?doing_wp_cron=1782999044.3213601112365722656250 HTTP/1.1" 200 0 "-" "WordPress/7.0; https://modoarpena.ir"
130.193.77.37 - - [02/Jul/2026:17:01:48 +0330] "POST /wp-cron.php?doing_wp_cron=1782999108.4439339637756347656250 HTTP/1.1" 200 0 "-" "WordPress/7.0; https://modoarpena.ir"
130.193.77.37 - - [02/Jul/2026:17:03:49 +0330] "POST /wp-cron.php?doing_wp_cron=1782999229.5327930450439453125000 HTTP/1.1" 200 0 "-" "WordPress/7.0; https://modoarpena.ir"
130.193.77.37 - - [02/Jul/2026:17:04:52 +0330] "POST /wp-admin/admin-ajax.php?action=as_async_request_queue_runner&nonce=7d4d7dde35 HTTP/1.1" 200 0 "-" "WordPress/7.0; https://modoarpena.ir"
201.76.149.85 - - [02/Jul/2026:17:06:23 +0330] "GET /wp-login.php HTTP/2" 200 3915 "-" "Mozilla/5.0 (Windows NT 10.0; Win64; x64) AppleWebKit/537.36 (KHTML, like Gecko) Chrome/133.0.0.0 Safari/537.36 Edg/133.0.0.0"
130.193.77.37 - - [02/Jul/2026:17:06:49 +0330] "POST /wp-cron.php?doing_wp_cron=1782999409.1585750579833984375000 HTTP/1.1" 200 0 "-" "WordPress/7.0; https://modoarpena.ir"
130.193.77.37 - - [02/Jul/2026:17:14:27 +0330] "POST /wp-cron.php?doing_wp_cron=1782999867.1635410785675048828125 HTTP/1.1" 200 0 "-" "WordPress/7.0; https://modoarpena.ir"
2.180.150.185 - - [02/Jul/2026:17:19:49 +0330] "POST /wp-admin/admin-ajax.php HTTP/2" 200 51 "https://modoarpena.ir/wp-admin/edit.php?post_type=product" "Mozilla/5.0 (Windows NT 10.0; Win64; x64) AppleWebKit/537.36 (KHTML, like Gecko) Chrome/149.0.0.0 Safari/537.36"
2.180.150.185 - - [02/Jul/2026:17:19:51 +0330] "GET /wp-admin/post.php?post=30634&action=edit HTTP/2" 200 0 "https://modoarpena.ir/wp-admin/edit.php?post_type=product" "Mozilla/5.0 (Windows NT 10.0; Win64; x64) AppleWebKit/537.36 (KHTML, like Gecko) Chrome/149.0.0.0 Safari/537.36"
2.180.150.185 - - [02/Jul/2026:17:19:52 +0330] "POST /wp-admin/admin-ajax.php HTTP/2" 200 79 "https://modoarpena.ir/wp-admin/post.php?post=30648&action=edit" "Mozilla/5.0 (Windows NT 10.0; Win64; x64) AppleWebKit/537.36 (KHTML, like Gecko) Chrome/149.0.0.0 Safari/537.36"
2.180.150.185 - - [02/Jul/2026:17:19:52 +0330] "POST /wp-admin/admin-ajax.php HTTP/2" 200 79 "https://modoarpena.ir/wp-admin/post.php?post=30634&action=edit" "Mozilla/5.0 (Windows NT 10.0; Win64; x64) AppleWebKit/537.36 (KHTML, like Gecko) Chrome/149.0.0.0 Safari/537.36"
2.180.150.185 - - [02/Jul/2026:17:19:55 +0330] "POST /wp-admin/admin-ajax.php HTTP/2" 200 10687 "https://modoarpena.ir/wp-admin/post.php?post=30634&action=edit" "Mozilla/5.0 (Windows NT 10.0; Win64; x64) AppleWebKit/537.36 (KHTML, like Gecko) Chrome/149.0.0.0 Safari/537.36"
2.180.150.185 - - [02/Jul/2026:17:20:00 +0330] "POST /wp-admin/admin-ajax.php HTTP/2" 200 51 "https://modoarpena.ir/wp-admin/edit.php?post_type=product" "Mozilla/5.0 (Windows NT 10.0; Win64; x64) AppleWebKit/537.36 (KHTML, like Gecko) Chrome/149.0.0.0 Safari/537.36"
2.180.150.185 - - [02/Jul/2026:17:20:02 +0330] "POST /wp-admin/admin-ajax.php HTTP/2" 200 79 "https://modoarpena.ir/wp-admin/post.php?post=30634&action=edit" "Mozilla/5.0 (Windows NT 10.0; Win64; x64) AppleWebKit/537.36 (KHTML, like Gecko) Chrome/149.0.0.0 Safari/537.36"
2.180.150.185 - - [02/Jul/2026:17:20:03 +0330] "POST /wp-admin/admin-ajax.php HTTP/2" 200 5 "https://modoarpena.ir/wp-admin/post.php?post=30634&action=edit" "Mozilla/5.0 (Windows NT 10.0; Win64; x64) AppleWebKit/537.36 (KHTML, like Gecko) Chrome/149.0.0.0 Safari/537.36"
2.180.150.185 - - [02/Jul/2026:17:20:10 +0330] "POST /wp-admin/async-upload.php HTTP/2" 200 729 "https://modoarpena.ir/wp-admin/post.php?post=30634&action=edit" "Mozilla/5.0 (Windows NT 10.0; Win64; x64) AppleWebKit/537.36 (KHTML, like Gecko) Chrome/149.0.0.0 Safari/537.36"
2.180.150.185 - - [02/Jul/2026:17:20:13 +0330] "GET /wp-content/uploads/2026/06/sayesar-lyocell-2-copy-240x300.webp HTTP/2" 200 4960 "https://modoarpena.ir/wp-admin/post.php?post=30634&action=edit" "Mozilla/5.0 (Windows NT 10.0; Win64; x64) AppleWebKit/537.36 (KHTML, like Gecko) Chrome/149.0.0.0 Safari/537.36"
2.180.150.185 - - [02/Jul/2026:17:20:12 +0330] "POST /wp-admin/admin-ajax.php HTTP/2" 200 79 "https://modoarpena.ir/wp-admin/post.php?post=30634&action=edit" "Mozilla/5.0 (Windows NT 10.0; Win64; x64) AppleWebKit/537.36 (KHTML, like Gecko) Chrome/149.0.0.0 Safari/537.36"
2.180.150.185 - - [02/Jul/2026:17:20:22 +0330] "GET /wp-content/uploads/2026/06/sayesar-lyocell-2-copy-150x150.webp HTTP/2" 200 2548 "https://modoarpena.ir/wp-admin/post.php?post=30634&action=edit" "Mozilla/5.0 (Windows NT 10.0; Win64; x64) AppleWebKit/537.36 (KHTML, like Gecko) Chrome/149.0.0.0 Safari/537.36"
2.180.150.185 - - [02/Jul/2026:17:20:22 +0330] "POST /wp-admin/admin-ajax.php HTTP/2" 200 20 "https://modoarpena.ir/wp-admin/post.php?post=30634&action=edit" "Mozilla/5.0 (Windows NT 10.0; Win64; x64) AppleWebKit/537.36 (KHTML, like Gecko) Chrome/149.0.0.0 Safari/537.36"
2.180.150.185 - - [02/Jul/2026:17:20:22 +0330] "POST /wp-admin/admin-ajax.php HTTP/2" 200 79 "https://modoarpena.ir/wp-admin/post.php?post=30634&action=edit" "Mozilla/5.0 (Windows NT 10.0; Win64; x64) AppleWebKit/537.36 (KHTML, like Gecko) Chrome/149.0.0.0 Safari/537.36"
2.180.150.185 - - [02/Jul/2026:17:20:32 +0330] "POST /wp-admin/admin-ajax.php HTTP/2" 200 79 "https://modoarpena.ir/wp-admin/post.php?post=30634&action=edit" "Mozilla/5.0 (Windows NT 10.0; Win64; x64) AppleWebKit/537.36 (KHTML, like Gecko) Chrome/149.0.0.0 Safari/537.36"
2.180.150.185 - - [02/Jul/2026:17:20:33 +0330] "POST /wp-admin/post.php HTTP/2" 302 0 "https://modoarpena.ir/wp-admin/post.php?post=30634&action=edit" "Mozilla/5.0 (Windows NT 10.0; Win64; x64) AppleWebKit/537.36 (KHTML, like Gecko) Chrome/149.0.0.0 Safari/537.36"
2.180.150.185 - - [02/Jul/2026:17:20:38 +0330] "GET /wp-admin/post.php?post=30634&action=edit&message=1 HTTP/2" 200 407323 "https://modoarpena.ir/wp-admin/post.php?post=30634&action=edit" "Mozilla/5.0 (Windows NT 10.0; Win64; x64) AppleWebKit/537.36 (KHTML, like Gecko) Chrome/149.0.0.0 Safari/537.36"
2.180.150.185 - - [02/Jul/2026:17:20:38 +0330] "POST /wp-admin/admin-ajax.php HTTP/2" 200 51 "https://modoarpena.ir/wp-admin/edit.php?post_type=product" "Mozilla/5.0 (Windows NT 10.0; Win64; x64) AppleWebKit/537.36 (KHTML, like Gecko) Chrome/149.0.0.0 Safari/537.36"
2.180.150.185 - - [02/Jul/2026:17:20:41 +0330] "POST /wp-admin/admin-ajax.php HTTP/2" 200 139 "https://modoarpena.ir/wp-admin/post.php?post=30634&action=edit" "Mozilla/5.0 (Windows NT 10.0; Win64; x64) AppleWebKit/537.36 (KHTML, like Gecko) Chrome/149.0.0.0 Safari/537.36"
2.180.150.185 - - [02/Jul/2026:17:20:41 +0330] "GET /wp-json/wc-admin/onboarding/tasks?_locale=user HTTP/2" 200 2033 "https://modoarpena.ir/wp-admin/post.php?post=30634&action=edit" "Mozilla/5.0 (Windows NT 10.0; Win64; x64) AppleWebKit/537.36 (KHTML, like Gecko) Chrome/149.0.0.0 Safari/537.36"
2.180.150.185 - - [02/Jul/2026:17:20:41 +0330] "GET /wp-json/wc-admin/options?options=woocommerce_ces_tracks_queue&_locale=user HTTP/2" 200 39 "https://modoarpena.ir/wp-admin/post.php?post=30634&action=edit" "Mozilla/5.0 (Windows NT 10.0; Win64; x64) AppleWebKit/537.36 (KHTML, like Gecko) Chrome/149.0.0.0 Safari/537.36"
2.180.150.185 - - [02/Jul/2026:17:20:42 +0330] "GET /wp-json/wc-admin/options?options=woocommerce_admin_transient_notices_queue%2Cwoocommerce_admin_install_timestamp%2Cwoocommerce_allow_tracking&_locale=user HTTP/2" 200 95 "https://modoarpena.ir/wp-admin/post.php?post=30634&action=edit" "Mozilla/5.0 (Windows NT 10.0; Win64; x64) AppleWebKit/537.36 (KHTML, like Gecko) Chrome/149.0.0.0 Safari/537.36"
2.180.150.185 - - [02/Jul/2026:17:20:42 +0330] "GET /wp-admin/post.php?post=30610&action=edit HTTP/2" 200 406893 "https://modoarpena.ir/wp-admin/edit.php?post_type=product" "Mozilla/5.0 (Windows NT 10.0; Win64; x64) AppleWebKit/537.36 (KHTML, like Gecko) Chrome/149.0.0.0 Safari/537.36"
2.180.150.185 - - [02/Jul/2026:17:20:41 +0330] "GET /wp-json/wc-analytics/admin/notes?page=1&per_page=25&type=error%2Cupdate&status=unactioned&_locale=user HTTP/2" 200 6 "https://modoarpena.ir/wp-admin/post.php?post=30634&action=edit" "Mozilla/5.0 (Windows NT 10.0; Win64; x64) AppleWebKit/537.36 (KHTML, like Gecko) Chrome/149.0.0.0 Safari/537.36"
2.180.150.185 - - [02/Jul/2026:17:20:41 +0330] "GET /wp-admin/admin-ajax.php?action=oembed-cache&post=30634 HTTP/2" 200 5 "https://modoarpena.ir/wp-admin/post.php?post=30634&action=edit" "Mozilla/5.0 (Windows NT 10.0; Win64; x64) AppleWebKit/537.36 (KHTML, like Gecko) Chrome/149.0.0.0 Safari/537.36"
2.180.150.185 - - [02/Jul/2026:17:20:43 +0330] "POST /wp-admin/admin-ajax.php HTTP/2" 200 176 "https://modoarpena.ir/wp-admin/post.php?post=30634&action=edit" "Mozilla/5.0 (Windows NT 10.0; Win64; x64) AppleWebKit/537.36 (KHTML, like Gecko) Chrome/149.0.0.0 Safari/537.36"
2.180.150.185 - - [02/Jul/2026:17:20:45 +0330] "GET /wp-json/wp/v2/ HTTP/2" 200 25464 "https://modoarpena.ir/wp-admin/post.php?post=30610&action=edit" "Mozilla/5.0 (Windows NT 10.0; Win64; x64) AppleWebKit/537.36 (KHTML, like Gecko) Chrome/149.0.0.0 Safari/537.36"
2.180.150.185 - - [02/Jul/2026:17:20:46 +0330] "POST /wp-admin/admin-ajax.php HTTP/2" 200 150 "https://modoarpena.ir/wp-admin/post.php?post=30610&action=edit" "Mozilla/5.0 (Windows NT 10.0; Win64; x64) AppleWebKit/537.36 (KHTML, like Gecko) Chrome/149.0.0.0 Safari/537.36"
2.180.150.185 - - [02/Jul/2026:17:20:46 +0330] "POST /wp-admin/admin-ajax.php HTTP/2" 200 5 "https://modoarpena.ir/wp-admin/post.php?post=30634&action=edit" "Mozilla/5.0 (Windows NT 10.0; Win64; x64) AppleWebKit/537.36 (KHTML, like Gecko) Chrome/149.0.0.0 Safari/537.36"
2.180.150.185 - - [02/Jul/2026:17:20:46 +0330] "GET /wp-json/wc-admin/options?options=woocommerce_ces_tracks_queue&_locale=user HTTP/2" 200 39 "https://modoarpena.ir/wp-admin/post.php?post=30610&action=edit" "Mozilla/5.0 (Windows NT 10.0; Win64; x64) AppleWebKit/537.36 (KHTML, like Gecko) Chrome/149.0.0.0 Safari/537.36"
2.180.150.185 - - [02/Jul/2026:17:20:47 +0330] "GET /wp-json/wc-admin/options?options=woocommerce_admin_transient_notices_queue%2Cwoocommerce_admin_install_timestamp%2Cwoocommerce_allow_tracking&_locale=user HTTP/2" 200 95 "https://modoarpena.ir/wp-admin/post.php?post=30610&action=edit" "Mozilla/5.0 (Windows NT 10.0; Win64; x64) AppleWebKit/537.36 (KHTML, like Gecko) Chrome/149.0.0.0 Safari/537.36"
2.180.150.185 - - [02/Jul/2026:17:20:47 +0330] "GET /wp-json/wc-analytics/admin/notes?page=1&per_page=25&type=error%2Cupdate&status=unactioned&_locale=user HTTP/2" 200 6 "https://modoarpena.ir/wp-admin/post.php?post=30610&action=edit" "Mozilla/5.0 (Windows NT 10.0; Win64; x64) AppleWebKit/537.36 (KHTML, like Gecko) Chrome/149.0.0.0 Safari/537.36"
2.180.150.185 - - [02/Jul/2026:17:20:46 +0330] "GET /wp-json/wc-admin/onboarding/tasks?_locale=user HTTP/2" 200 2033 "https://modoarpena.ir/wp-admin/post.php?post=30610&action=edit" "Mozilla/5.0 (Windows NT 10.0; Win64; x64) AppleWebKit/537.36 (KHTML, like Gecko) Chrome/149.0.0.0 Safari/537.36"
2.180.150.185 - - [02/Jul/2026:17:20:49 +0330] "POST /wp-admin/admin-ajax.php HTTP/2" 200 51 "https://modoarpena.ir/wp-admin/edit.php?post_type=product" "Mozilla/5.0 (Windows NT 10.0; Win64; x64) AppleWebKit/537.36 (KHTML, like Gecko) Chrome/149.0.0.0 Safari/537.36"
2.180.150.185 - - [02/Jul/2026:17:20:48 +0330] "POST /wp-admin/admin-ajax.php HTTP/2" 200 150 "https://modoarpena.ir/wp-admin/post.php?post=30610&action=edit" "Mozilla/5.0 (Windows NT 10.0; Win64; x64) AppleWebKit/537.36 (KHTML, like Gecko) Chrome/149.0.0.0 Safari/537.36"
2.180.150.185 - - [02/Jul/2026:17:20:52 +0330] "POST /wp-admin/admin-ajax.php HTTP/2" 200 221 "https://modoarpena.ir/wp-admin/post.php?post=30610&action=edit" "Mozilla/5.0 (Windows NT 10.0; Win64; x64) AppleWebKit/537.36 (KHTML, like Gecko) Chrome/149.0.0.0 Safari/537.36"
2.180.150.185 - - [02/Jul/2026:17:20:54 +0330] "POST /wp-admin/admin-ajax.php HTTP/2" 200 0 "https://modoarpena.ir/wp-admin/post.php?post=30610&action=edit" "Mozilla/5.0 (Windows NT 10.0; Win64; x64) AppleWebKit/537.36 (KHTML, like Gecko) Chrome/149.0.0.0 Safari/537.36"
2.180.150.185 - - [02/Jul/2026:17:20:53 +0330] "GET /wp-admin/post.php?post=30610&action=edit HTTP/2" 200 407253 "https://modoarpena.ir/wp-admin/post.php?post=30610&action=edit" "Mozilla/5.0 (Windows NT 10.0; Win64; x64) AppleWebKit/537.36 (KHTML, like Gecko) Chrome/149.0.0.0 Safari/537.36"
2.180.150.185 - - [02/Jul/2026:17:20:55 +0330] "POST /wp-admin/admin-ajax.php HTTP/2" 200 5 "https://modoarpena.ir/wp-admin/post.php?post=30610&action=edit" "Mozilla/5.0 (Windows NT 10.0; Win64; x64) AppleWebKit/537.36 (KHTML, like Gecko) Chrome/149.0.0.0 Safari/537.36"
2.180.150.185 - - [02/Jul/2026:17:20:55 +0330] "GET /wp-admin/admin.php?page=wpcf7 HTTP/2" 200 0 "https://modoarpena.ir/wp-admin/post.php?post=30610&action=edit" "Mozilla/5.0 (Windows NT 10.0; Win64; x64) AppleWebKit/537.36 (KHTML, like Gecko) Chrome/149.0.0.0 Safari/537.36"
2.180.150.185 - - [02/Jul/2026:17:20:55 +0330] "GET /wp-json/wc-admin/options?options=woocommerce_admin_transient_notices_queue%2Cwoocommerce_admin_install_timestamp&_locale=user HTTP/2" 200 0 "https://modoarpena.ir/wp-admin/post.php?post=30610&action=edit" "Mozilla/5.0 (Windows NT 10.0; Win64; x64) AppleWebKit/537.36 (KHTML, like Gecko) Chrome/149.0.0.0 Safari/537.36"
2.180.150.185 - - [02/Jul/2026:17:20:55 +0330] "POST /wp-admin/admin-ajax.php HTTP/2" 200 0 "https://modoarpena.ir/wp-admin/post.php?post=30610&action=edit" "Mozilla/5.0 (Windows NT 10.0; Win64; x64) AppleWebKit/537.36 (KHTML, like Gecko) Chrome/149.0.0.0 Safari/537.36"
2.180.150.185 - - [02/Jul/2026:17:20:55 +0330] "GET /wp-json/wc-admin/options?options=woocommerce_ces_tracks_queue&_locale=user HTTP/2" 200 0 "https://modoarpena.ir/wp-admin/post.php?post=30610&action=edit" "Mozilla/5.0 (Windows NT 10.0; Win64; x64) AppleWebKit/537.36 (KHTML, like Gecko) Chrome/149.0.0.0 Safari/537.36"
2.180.150.185 - - [02/Jul/2026:17:20:55 +0330] "GET /wp-json/wc-analytics/admin/notes?page=1&per_page=25&type=error%2Cupdate&status=unactioned&_locale=user HTTP/2" 200 0 "https://modoarpena.ir/wp-admin/post.php?post=30610&action=edit" "Mozilla/5.0 (Windows NT 10.0; Win64; x64) AppleWebKit/537.36 (KHTML, like Gecko) Chrome/149.0.0.0 Safari/537.36"
2.180.150.185 - - [02/Jul/2026:17:20:55 +0330] "GET /wp-json/wc-admin/onboarding/tasks?_locale=user HTTP/2" 200 0 "https://modoarpena.ir/wp-admin/post.php?post=30610&action=edit" "Mozilla/5.0 (Windows NT 10.0; Win64; x64) AppleWebKit/537.36 (KHTML, like Gecko) Chrome/149.0.0.0 Safari/537.36"
2.180.150.185 - - [02/Jul/2026:17:21:05 +0330] "GET /wp-admin/post.php?post=30610&action=edit HTTP/2" 200 407254 "https://modoarpena.ir/wp-admin/post.php?post=30610&action=edit" "Mozilla/5.0 (Windows NT 10.0; Win64; x64) AppleWebKit/537.36 (KHTML, like Gecko) Chrome/149.0.0.0 Safari/537.36"
2.180.150.185 - - [02/Jul/2026:17:21:09 +0330] "GET /product-category/bedding-set/lyocell/ HTTP/2" 200 87072 "https://modoarpena.ir/product/badrig-lyocell-bedding/" "Mozilla/5.0 (Windows NT 10.0; Win64; x64) AppleWebKit/537.36 (KHTML, like Gecko) Chrome/149.0.0.0 Safari/537.36"
2.180.150.185 - - [02/Jul/2026:17:21:09 +0330] "POST /wp-admin/admin-ajax.php HTTP/2" 200 150 "https://modoarpena.ir/wp-admin/post.php?post=30610&action=edit" "Mozilla/5.0 (Windows NT 10.0; Win64; x64) AppleWebKit/537.36 (KHTML, like Gecko) Chrome/149.0.0.0 Safari/537.36"
2.180.150.185 - - [02/Jul/2026:17:21:11 +0330] "GET /wp-json/wc-admin/options?options=woocommerce_admin_transient_notices_queue%2Cwoocommerce_admin_install_timestamp%2Cwoocommerce_allow_tracking&_locale=user HTTP/2" 200 95 "https://modoarpena.ir/wp-admin/post.php?post=30610&action=edit" "Mozilla/5.0 (Windows NT 10.0; Win64; x64) AppleWebKit/537.36 (KHTML, like Gecko) Chrome/149.0.0.0 Safari/537.36"
2.180.150.185 - - [02/Jul/2026:17:21:09 +0330] "GET /wp-json/wc-analytics/admin/notes?page=1&per_page=25&type=error%2Cupdate&status=unactioned&_locale=user HTTP/2" 200 6 "https://modoarpena.ir/wp-admin/post.php?post=30610&action=edit" "Mozilla/5.0 (Windows NT 10.0; Win64; x64) AppleWebKit/537.36 (KHTML, like Gecko) Chrome/149.0.0.0 Safari/537.36"
2.180.150.185 - - [02/Jul/2026:17:21:09 +0330] "GET /wp-json/wc-admin/options?options=woocommerce_ces_tracks_queue&_locale=user HTTP/2" 200 39 "https://modoarpena.ir/wp-admin/post.php?post=30610&action=edit" "Mozilla/5.0 (Windows NT 10.0; Win64; x64) AppleWebKit/537.36 (KHTML, like Gecko) Chrome/149.0.0.0 Safari/537.36"
2.180.150.185 - - [02/Jul/2026:17:21:09 +0330] "GET /wp-json/wc-admin/onboarding/tasks?_locale=user HTTP/2" 200 2033 "https://modoarpena.ir/wp-admin/post.php?post=30610&action=edit" "Mozilla/5.0 (Windows NT 10.0; Win64; x64) AppleWebKit/537.36 (KHTML, like Gecko) Chrome/149.0.0.0 Safari/537.36"
2.180.150.185 - - [02/Jul/2026:17:21:13 +0330] "POST /wp-admin/admin-ajax.php HTTP/2" 200 150 "https://modoarpena.ir/wp-admin/post.php?post=30610&action=edit" "Mozilla/5.0 (Windows NT 10.0; Win64; x64) AppleWebKit/537.36 (KHTML, like Gecko) Chrome/149.0.0.0 Safari/537.36"
2.180.150.185 - - [02/Jul/2026:17:21:25 +0330] "GET /product/sayehsar-lyocell-bedding/ HTTP/2" 200 98014 "https://modoarpena.ir/product-category/bedding-set/lyocell/" "Mozilla/5.0 (Windows NT 10.0; Win64; x64) AppleWebKit/537.36 (KHTML, like Gecko) Chrome/149.0.0.0 Safari/537.36"
2.180.150.185 - - [02/Jul/2026:17:21:28 +0330] "GET /wp-content/uploads/elementor/css/post-30634.css?ver=1782229113 HTTP/2" 200 140 "https://modoarpena.ir/product/sayehsar-lyocell-bedding/" "Mozilla/5.0 (Windows NT 10.0; Win64; x64) AppleWebKit/537.36 (KHTML, like Gecko) Chrome/149.0.0.0 Safari/537.36"
2.180.150.185 - - [02/Jul/2026:17:21:28 +0330] "GET /wp-content/uploads/2026/06/sayesar-lyocell-1-700x875.webp HTTP/2" 200 42040 "https://modoarpena.ir/product/sayehsar-lyocell-bedding/" "Mozilla/5.0 (Windows NT 10.0; Win64; x64) AppleWebKit/537.36 (KHTML, like Gecko) Chrome/149.0.0.0 Safari/537.36"
2.180.150.185 - - [02/Jul/2026:17:21:28 +0330] "GET /wp-content/uploads/2026/06/sayesar-lyocell-2-150x188.webp HTTP/2" 200 5894 "https://modoarpena.ir/product/sayehsar-lyocell-bedding/" "Mozilla/5.0 (Windows NT 10.0; Win64; x64) AppleWebKit/537.36 (KHTML, like Gecko) Chrome/149.0.0.0 Safari/537.36"
2.180.150.185 - - [02/Jul/2026:17:21:28 +0330] "GET /wp-content/uploads/2026/06/sayesar-lyocell-3-150x188.webp HTTP/2" 200 4638 "https://modoarpena.ir/product/sayehsar-lyocell-bedding/" "Mozilla/5.0 (Windows NT 10.0; Win64; x64) AppleWebKit/537.36 (KHTML, like Gecko) Chrome/149.0.0.0 Safari/537.36"
2.180.150.185 - - [02/Jul/2026:17:21:28 +0330] "GET /wp-content/uploads/2026/06/36-150x188.webp HTTP/2" 200 2642 "https://modoarpena.ir/product/sayehsar-lyocell-bedding/" "Mozilla/5.0 (Windows NT 10.0; Win64; x64) AppleWebKit/537.36 (KHTML, like Gecko) Chrome/149.0.0.0 Safari/537.36"
2.180.150.185 - - [02/Jul/2026:17:21:28 +0330] "GET /wp-content/uploads/2026/06/sayesar-lyocell-4-150x188.webp HTTP/2" 200 4868 "https://modoarpena.ir/product/sayehsar-lyocell-bedding/" "Mozilla/5.0 (Windows NT 10.0; Win64; x64) AppleWebKit/537.36 (KHTML, like Gecko) Chrome/149.0.0.0 Safari/537.36"
2.180.150.185 - - [02/Jul/2026:17:21:28 +0330] "GET /wp-content/uploads/2026/06/35-150x188.webp HTTP/2" 200 2160 "https://modoarpena.ir/product/sayehsar-lyocell-bedding/" "Mozilla/5.0 (Windows NT 10.0; Win64; x64) AppleWebKit/537.36 (KHTML, like Gecko) Chrome/149.0.0.0 Safari/537.36"
2.180.150.185 - - [02/Jul/2026:17:21:28 +0330] "GET /wp-content/uploads/2026/06/sayesar-lyocell-2-700x875.webp HTTP/2" 200 63120 "https://modoarpena.ir/product/sayehsar-lyocell-bedding/" "Mozilla/5.0 (Windows NT 10.0; Win64; x64) AppleWebKit/537.36 (KHTML, like Gecko) Chrome/149.0.0.0 Safari/537.36"
2.180.150.185 - - [02/Jul/2026:17:21:28 +0330] "GET /wp-content/uploads/2026/06/sayesar-lyocell-3-640x800.webp HTTP/2" 200 69648 "https://modoarpena.ir/product/sayehsar-lyocell-bedding/" "Mozilla/5.0 (Windows NT 10.0; Win64; x64) AppleWebKit/537.36 (KHTML, like Gecko) Chrome/149.0.0.0 Safari/537.36"
2.180.150.185 - - [02/Jul/2026:17:21:28 +0330] "GET /wp-content/uploads/2026/06/36-640x800.webp HTTP/2" 200 16804 "https://modoarpena.ir/product/sayehsar-lyocell-bedding/" "Mozilla/5.0 (Windows NT 10.0; Win64; x64) AppleWebKit/537.36 (KHTML, like Gecko) Chrome/149.0.0.0 Safari/537.36"
2.180.150.185 - - [02/Jul/2026:17:21:28 +0330] "GET /wp-content/uploads/2026/06/sayesar-lyocell-4-640x800.webp HTTP/2" 200 61064 "https://modoarpena.ir/product/sayehsar-lyocell-bedding/" "Mozilla/5.0 (Windows NT 10.0; Win64; x64) AppleWebKit/537.36 (KHTML, like Gecko) Chrome/149.0.0.0 Safari/537.36"
2.180.150.185 - - [02/Jul/2026:17:21:28 +0330] "GET /wp-content/uploads/2026/06/35-640x800.webp HTTP/2" 200 35412 "https://modoarpena.ir/product/sayehsar-lyocell-bedding/" "Mozilla/5.0 (Windows NT 10.0; Win64; x64) AppleWebKit/537.36 (KHTML, like Gecko) Chrome/149.0.0.0 Safari/537.36"
130.193.77.37 - - [02/Jul/2026:17:19:34 +0330] "POST /wp-cron.php?doing_wp_cron=1783000174.3250560760498046875000 HTTP/1.1" 200 0 "-" "WordPress/7.0; https://modoarpena.ir"
2.180.150.185 - - [02/Jul/2026:17:14:14 +0330] "POST /wp-admin/admin-ajax.php HTTP/2" 200 51 "https://modoarpena.ir/wp-admin/edit.php?post_type=product" "Mozilla/5.0 (Windows NT 10.0; Win64; x64) AppleWebKit/537.36 (KHTML, like Gecko) Chrome/149.0.0.0 Safari/537.36"
2.180.150.185 - - [02/Jul/2026:17:14:17 +0330] "POST /wp-admin/admin-ajax.php HTTP/2" 200 79 "https://modoarpena.ir/wp-admin/post.php?post=30634&action=edit" "Mozilla/5.0 (Windows NT 10.0; Win64; x64) AppleWebKit/537.36 (KHTML, like Gecko) Chrome/149.0.0.0 Safari/537.36"
130.193.77.37 - - [02/Jul/2026:17:21:43 +0330] "POST /wp-cron.php?doing_wp_cron=1783000303.5392229557037353515625 HTTP/1.1" 200 0 "-" "WordPress/7.0; https://modoarpena.ir"
2.180.150.185 - - [02/Jul/2026:17:19:41 +0330] "POST /wp-admin/admin-ajax.php HTTP/2" 200 79 "https://modoarpena.ir/wp-admin/post.php?post=30648&action=edit" "Mozilla/5.0 (Windows NT 10.0; Win64; x64) AppleWebKit/537.36 (KHTML, like Gecko) Chrome/149.0.0.0 Safari/537.36"
130.193.77.37 - - [02/Jul/2026:17:19:42 +0330] "POST /wp-cron.php?doing_wp_cron=1783000182.6461789608001708984375 HTTP/1.1" 200 0 "-" "WordPress/7.0; https://modoarpena.ir"
2.180.150.185 - - [02/Jul/2026:17:21:28 +0330] "GET /wp-content/uploads/2026/06/sayesar-lyocell-2-copy-700x875.webp HTTP/2" 200 26806 "https://modoarpena.ir/product/sayehsar-lyocell-bedding/" "Mozilla/5.0 (Windows NT 10.0; Win64; x64) AppleWebKit/537.36 (KHTML, like Gecko) Chrome/149.0.0.0 Safari/537.36"
2.180.150.185 - - [02/Jul/2026:17:21:31 +0330] "GET /wp-content/uploads/2026/06/sayesar-lyocell-3-700x875.webp HTTP/2" 200 84868 "https://modoarpena.ir/product/sayehsar-lyocell-bedding/" "Mozilla/5.0 (Windows NT 10.0; Win64; x64) AppleWebKit/537.36 (KHTML, like Gecko) Chrome/149.0.0.0 Safari/537.36"
2.180.150.185 - - [02/Jul/2026:17:21:33 +0330] "GET /wp-content/uploads/2026/06/36-700x875.webp HTTP/2" 200 19580 "https://modoarpena.ir/product/sayehsar-lyocell-bedding/" "Mozilla/5.0 (Windows NT 10.0; Win64; x64) AppleWebKit/537.36 (KHTML, like Gecko) Chrome/149.0.0.0 Safari/537.36"
2.180.150.185 - - [02/Jul/2026:17:21:34 +0330] "GET /wp-content/uploads/2026/06/sayesar-lyocell-4-700x875.webp HTTP/2" 200 72624 "https://modoarpena.ir/product/sayehsar-lyocell-bedding/" "Mozilla/5.0 (Windows NT 10.0; Win64; x64) AppleWebKit/537.36 (KHTML, like Gecko) Chrome/149.0.0.0 Safari/537.36"
2.180.150.185 - - [02/Jul/2026:17:21:35 +0330] "GET /wp-content/uploads/2026/06/35-700x875.webp HTTP/2" 200 48008 "https://modoarpena.ir/product/sayehsar-lyocell-bedding/" "Mozilla/5.0 (Windows NT 10.0; Win64; x64) AppleWebKit/537.36 (KHTML, like Gecko) Chrome/149.0.0.0 Safari/537.36"
2.180.150.185 - - [02/Jul/2026:17:21:42 +0330] "POST /wp-admin/admin-ajax.php HTTP/2" 200 79 "https://modoarpena.ir/wp-admin/post.php?post=30610&action=edit" "Mozilla/5.0 (Windows NT 10.0; Win64; x64) AppleWebKit/537.36 (KHTML, like Gecko) Chrome/149.0.0.0 Safari/537.36"
2.180.150.185 - - [02/Jul/2026:17:21:44 +0330] "POST /wp-admin/admin-ajax.php HTTP/2" 200 51 "https://modoarpena.ir/wp-admin/edit.php?post_type=product" "Mozilla/5.0 (Windows NT 10.0; Win64; x64) AppleWebKit/537.36 (KHTML, like Gecko) Chrome/149.0.0.0 Safari/537.36"
2.180.150.185 - - [02/Jul/2026:17:21:46 +0330] "GET /wp-admin/post.php?post=30610&action=elementor HTTP/2" 200 0 "https://modoarpena.ir/wp-admin/post.php?post=30610&action=edit" "Mozilla/5.0 (Windows NT 10.0; Win64; x64) AppleWebKit/537.36 (KHTML, like Gecko) Chrome/149.0.0.0 Safari/537.36"
2.180.150.185 - - [02/Jul/2026:17:21:52 +0330] "POST /wp-admin/admin-ajax.php HTTP/2" 200 79 "https://modoarpena.ir/wp-admin/post.php?post=30610&action=edit" "Mozilla/5.0 (Windows NT 10.0; Win64; x64) AppleWebKit/537.36 (KHTML, like Gecko) Chrome/149.0.0.0 Safari/537.36"
2.180.150.185 - - [02/Jul/2026:17:21:53 +0330] "POST /wp-admin/admin-ajax.php HTTP/2" 200 79 "https://modoarpena.ir/wp-admin/post.php?post=30648&action=edit" "Mozilla/5.0 (Windows NT 10.0; Win64; x64) AppleWebKit/537.36 (KHTML, like Gecko) Chrome/149.0.0.0 Safari/537.36"
2.180.150.185 - - [02/Jul/2026:17:21:53 +0330] "POST /wp-admin/admin-ajax.php HTTP/2" 200 10721 "https://modoarpena.ir/wp-admin/post.php?post=30610&action=edit" "Mozilla/5.0 (Windows NT 10.0; Win64; x64) AppleWebKit/537.36 (KHTML, like Gecko) Chrome/149.0.0.0 Safari/537.36"
2.180.150.185 - - [02/Jul/2026:17:22:02 +0330] "POST /wp-admin/admin-ajax.php HTTP/2" 200 79 "https://modoarpena.ir/wp-admin/post.php?post=30610&action=edit" "Mozilla/5.0 (Windows NT 10.0; Win64; x64) AppleWebKit/537.36 (KHTML, like Gecko) Chrome/149.0.0.0 Safari/537.36"
5.161.144.108 - - [02/Jul/2026:17:17:32 +0330] "POST /wp-admin/admin-ajax.php HTTP/2" 200 79 "https://modoarpena.ir/wp-admin/post.php?post=30648&action=edit" "Mozilla/5.0 (Windows NT 10.0; Win64; x64) AppleWebKit/537.36 (KHTML, like Gecko) Chrome/149.0.0.0 Safari/537.36"
5.161.144.108 - - [02/Jul/2026:17:18:19 +0330] "POST /wp-admin/admin-ajax.php HTTP/2" 200 79 "https://modoarpena.ir/wp-admin/post.php?post=30634&action=edit" "Mozilla/5.0 (Windows NT 10.0; Win64; x64) AppleWebKit/537.36 (KHTML, like Gecko) Chrome/149.0.0.0 Safari/537.36"
130.193.77.37 - - [02/Jul/2026:17:15:33 +0330] "POST /wp-cron.php?doing_wp_cron=1782999933.7132499217987060546875 HTTP/1.1" 200 0 "-" "WordPress/7.0; https://modoarpena.ir"
130.193.77.37 - - [02/Jul/2026:17:15:32 +0330] "POST /wp-admin/admin-ajax.php?action=as_async_request_queue_runner&nonce=7d4d7dde35 HTTP/1.1" 200 0 "-" "WordPress/7.0; https://modoarpena.ir"
5.161.144.108 - - [02/Jul/2026:17:19:33 +0330] "POST /wp-admin/admin-ajax.php HTTP/2" 200 79 "https://modoarpena.ir/wp-admin/post.php?post=30648&action=edit" "Mozilla/5.0 (Windows NT 10.0; Win64; x64) AppleWebKit/537.36 (KHTML, like Gecko) Chrome/149.0.0.0 Safari/537.36"
130.193.77.37 - - [02/Jul/2026:17:14:20 +0330] "POST /wp-admin/admin-ajax.php?action=wp_1_wc_privacy_cleanup&nonce=478d4a8442 HTTP/1.1" 200 0 "-" "WordPress/7.0; https://modoarpena.ir"
130.193.77.37 - - [02/Jul/2026:17:14:32 +0330] "POST /wp-admin/admin-ajax.php?action=as_async_request_queue_runner&nonce=7d4d7dde35 HTTP/1.1" 200 0 "-" "WordPress/7.0; https://modoarpena.ir"
130.193.77.37 - - [02/Jul/2026:17:14:19 +0330] "POST /wp-cron.php?doing_wp_cron=1782999859.4282250404357910156250 HTTP/1.1" 200 0 "-" "WordPress/7.0; https://modoarpena.ir"
130.193.77.37 - - [02/Jul/2026:17:14:18 +0330] "POST /wp-admin/admin-ajax.php?action=as_async_request_queue_runner&nonce=7d4d7dde35 HTTP/1.1" 200 0 "-" "WordPress/7.0; https://modoarpena.ir"
130.193.77.37 - - [02/Jul/2026:17:14:26 +0330] "POST /wp-admin/admin-ajax.php?action=as_async_request_queue_runner&nonce=7d4d7dde35 HTTP/1.1" 200 0 "-" "WordPress/7.0; https://modoarpena.ir"
5.161.144.108 - - [02/Jul/2026:17:15:31 +0330] "POST /wp-admin/admin-ajax.php HTTP/2" 200 79 "https://modoarpena.ir/wp-admin/post.php?post=30648&action=edit" "Mozilla/5.0 (Windows NT 10.0; Win64; x64) AppleWebKit/537.36 (KHTML, like Gecko) Chrome/149.0.0.0 Safari/537.36"
130.193.77.37 - - [02/Jul/2026:17:16:19 +0330] "POST /wp-cron.php?doing_wp_cron=1782999979.7155349254608154296875 HTTP/1.1" 200 0 "-" "WordPress/7.0; https://modoarpena.ir"
5.161.144.108 - - [02/Jul/2026:17:16:18 +0330] "POST /wp-admin/admin-ajax.php HTTP/2" 200 79 "https://modoarpena.ir/wp-admin/post.php?post=30634&action=edit" "Mozilla/5.0 (Windows NT 10.0; Win64; x64) AppleWebKit/537.36 (KHTML, like Gecko) Chrome/149.0.0.0 Safari/537.36"
130.193.77.37 - - [02/Jul/2026:17:17:33 +0330] "POST /wp-cron.php?doing_wp_cron=1783000053.5804109573364257812500 HTTP/1.1" 200 0 "-" "WordPress/7.0; https://modoarpena.ir"
130.193.77.37 - - [02/Jul/2026:17:18:20 +0330] "POST /wp-cron.php?doing_wp_cron=1783000100.8069710731506347656250 HTTP/1.1" 200 0 "-" "WordPress/7.0; https://modoarpena.ir"
130.193.77.37 - - [02/Jul/2026:17:20:40 +0330] "POST /wp-cron.php?doing_wp_cron=1783000240.2100939750671386718750 HTTP/1.1" 200 0 "-" "WordPress/7.0; https://modoarpena.ir"
2.180.150.185 - - [02/Jul/2026:17:22:08 +0330] "POST /wp-admin/async-upload.php HTTP/2" 200 734 "https://modoarpena.ir/wp-admin/post.php?post=30610&action=edit" "Mozilla/5.0 (Windows NT 10.0; Win64; x64) AppleWebKit/537.36 (KHTML, like Gecko) Chrome/149.0.0.0 Safari/537.36"
2.180.150.185 - - [02/Jul/2026:17:22:11 +0330] "GET /wp-content/uploads/2026/06/badrig-lyocell-1-1-240x300.webp HTTP/2" 200 3592 "https://modoarpena.ir/wp-admin/post.php?post=30610&action=edit" "Mozilla/5.0 (Windows NT 10.0; Win64; x64) AppleWebKit/537.36 (KHTML, like Gecko) Chrome/149.0.0.0 Safari/537.36"
2.180.150.185 - - [02/Jul/2026:17:22:11 +0330] "POST /wp-admin/async-upload.php HTTP/2" 200 727 "https://modoarpena.ir/wp-admin/post.php?post=30610&action=edit" "Mozilla/5.0 (Windows NT 10.0; Win64; x64) AppleWebKit/537.36 (KHTML, like Gecko) Chrome/149.0.0.0 Safari/537.36"
2.180.150.185 - - [02/Jul/2026:17:22:14 +0330] "GET /wp-content/uploads/2026/06/golbon-lyocell-1-240x300.webp HTTP/2" 200 13464 "https://modoarpena.ir/wp-admin/post.php?post=30610&action=edit" "Mozilla/5.0 (Windows NT 10.0; Win64; x64) AppleWebKit/537.36 (KHTML, like Gecko) Chrome/149.0.0.0 Safari/537.36"
2.180.150.185 - - [02/Jul/2026:17:22:12 +0330] "POST /wp-admin/admin-ajax.php HTTP/2" 200 186 "https://modoarpena.ir/wp-admin/post.php?post=30610&action=edit" "Mozilla/5.0 (Windows NT 10.0; Win64; x64) AppleWebKit/537.36 (KHTML, like Gecko) Chrome/149.0.0.0 Safari/537.36"
2.180.150.185 - - [02/Jul/2026:17:22:14 +0330] "POST /wp-admin/async-upload.php HTTP/2" 200 742 "https://modoarpena.ir/wp-admin/post.php?post=30610&action=edit" "Mozilla/5.0 (Windows NT 10.0; Win64; x64) AppleWebKit/537.36 (KHTML, like Gecko) Chrome/149.0.0.0 Safari/537.36"
2.180.150.185 - - [02/Jul/2026:17:22:17 +0330] "GET /wp-content/uploads/2026/06/golbon-lyocell-2-copy-240x300.webp HTTP/2" 200 9768 "https://modoarpena.ir/wp-admin/post.php?post=30610&action=edit" "Mozilla/5.0 (Windows NT 10.0; Win64; x64) AppleWebKit/537.36 (KHTML, like Gecko) Chrome/149.0.0.0 Safari/537.36"
2.180.150.185 - - [02/Jul/2026:17:22:17 +0330] "POST /wp-admin/async-upload.php HTTP/2" 200 728 "https://modoarpena.ir/wp-admin/post.php?post=30610&action=edit" "Mozilla/5.0 (Windows NT 10.0; Win64; x64) AppleWebKit/537.36 (KHTML, like Gecko) Chrome/149.0.0.0 Safari/537.36"
2.180.150.185 - - [02/Jul/2026:17:22:20 +0330] "GET /wp-content/uploads/2026/06/golbon-lyocell-2-240x300.webp HTTP/2" 200 19596 "https://modoarpena.ir/wp-admin/post.php?post=30610&action=edit" "Mozilla/5.0 (Windows NT 10.0; Win64; x64) AppleWebKit/537.36 (KHTML, like Gecko) Chrome/149.0.0.0 Safari/537.36"
2.180.150.185 - - [02/Jul/2026:17:22:20 +0330] "POST /wp-admin/async-upload.php HTTP/2" 200 726 "https://modoarpena.ir/wp-admin/post.php?post=30610&action=edit" "Mozilla/5.0 (Windows NT 10.0; Win64; x64) AppleWebKit/537.36 (KHTML, like Gecko) Chrome/149.0.0.0 Safari/537.36"
2.180.150.185 - - [02/Jul/2026:17:22:22 +0330] "GET /wp-content/uploads/2026/06/golbon-lyocell-3-240x300.webp HTTP/2" 200 19654 "https://modoarpena.ir/wp-admin/post.php?post=30610&action=edit" "Mozilla/5.0 (Windows NT 10.0; Win64; x64) AppleWebKit/537.36 (KHTML, like Gecko) Chrome/149.0.0.0 Safari/537.36"
2.180.150.185 - - [02/Jul/2026:17:22:22 +0330] "POST /wp-admin/admin-ajax.php HTTP/2" 200 79 "https://modoarpena.ir/wp-admin/post.php?post=30610&action=edit" "Mozilla/5.0 (Windows NT 10.0; Win64; x64) AppleWebKit/537.36 (KHTML, like Gecko) Chrome/149.0.0.0 Safari/537.36"
2.180.150.185 - - [02/Jul/2026:17:22:23 +0330] "POST /wp-admin/async-upload.php HTTP/2" 200 727 "https://modoarpena.ir/wp-admin/post.php?post=30610&action=edit" "Mozilla/5.0 (Windows NT 10.0; Win64; x64) AppleWebKit/537.36 (KHTML, like Gecko) Chrome/149.0.0.0 Safari/537.36"
2.180.150.185 - - [02/Jul/2026:17:22:25 +0330] "GET /wp-content/uploads/2026/06/golbon-lyocell-4-240x300.webp HTTP/2" 200 26100 "https://modoarpena.ir/wp-admin/post.php?post=30610&action=edit" "Mozilla/5.0 (Windows NT 10.0; Win64; x64) AppleWebKit/537.36 (KHTML, like Gecko) Chrome/149.0.0.0 Safari/537.36"
2.180.150.185 - - [02/Jul/2026:17:22:25 +0330] "POST /wp-admin/async-upload.php HTTP/2" 200 728 "https://modoarpena.ir/wp-admin/post.php?post=30610&action=edit" "Mozilla/5.0 (Windows NT 10.0; Win64; x64) AppleWebKit/537.36 (KHTML, like Gecko) Chrome/149.0.0.0 Safari/537.36"
2.180.150.185 - - [02/Jul/2026:17:22:28 +0330] "GET /wp-content/uploads/2026/06/golbon-lyocell-5-240x300.webp HTTP/2" 200 18152 "https://modoarpena.ir/wp-admin/post.php?post=30610&action=edit" "Mozilla/5.0 (Windows NT 10.0; Win64; x64) AppleWebKit/537.36 (KHTML, like Gecko) Chrome/149.0.0.0 Safari/537.36"
2.180.150.185 - - [02/Jul/2026:17:22:27 +0330] "POST /wp-admin/admin-ajax.php HTTP/2" 200 20 "https://modoarpena.ir/wp-admin/post.php?post=30610&action=edit" "Mozilla/5.0 (Windows NT 10.0; Win64; x64) AppleWebKit/537.36 (KHTML, like Gecko) Chrome/149.0.0.0 Safari/537.36"
2.180.150.185 - - [02/Jul/2026:17:22:28 +0330] "POST /wp-admin/async-upload.php HTTP/2" 200 728 "https://modoarpena.ir/wp-admin/post.php?post=30610&action=edit" "Mozilla/5.0 (Windows NT 10.0; Win64; x64) AppleWebKit/537.36 (KHTML, like Gecko) Chrome/149.0.0.0 Safari/537.36"
2.180.150.185 - - [02/Jul/2026:17:22:31 +0330] "GET /wp-content/uploads/2026/06/golbon-lyocell-6-240x300.webp HTTP/2" 200 18834 "https://modoarpena.ir/wp-admin/post.php?post=30610&action=edit" "Mozilla/5.0 (Windows NT 10.0; Win64; x64) AppleWebKit/537.36 (KHTML, like Gecko) Chrome/149.0.0.0 Safari/537.36"
2.180.150.185 - - [02/Jul/2026:17:22:29 +0330] "POST /wp-admin/admin-ajax.php HTTP/2" 200 20 "https://modoarpena.ir/wp-admin/post.php?post=30610&action=edit" "Mozilla/5.0 (Windows NT 10.0; Win64; x64) AppleWebKit/537.36 (KHTML, like Gecko) Chrome/149.0.0.0 Safari/537.36"
2.180.150.185 - - [02/Jul/2026:17:22:30 +0330] "POST /wp-admin/admin-ajax.php HTTP/2" 200 20 "https://modoarpena.ir/wp-admin/post.php?post=30610&action=edit" "Mozilla/5.0 (Windows NT 10.0; Win64; x64) AppleWebKit/537.36 (KHTML, like Gecko) Chrome/149.0.0.0 Safari/537.36"
2.180.150.185 - - [02/Jul/2026:17:22:32 +0330] "POST /wp-admin/admin-ajax.php HTTP/2" 200 20 "https://modoarpena.ir/wp-admin/post.php?post=30610&action=edit" "Mozilla/5.0 (Windows NT 10.0; Win64; x64) AppleWebKit/537.36 (KHTML, like Gecko) Chrome/149.0.0.0 Safari/537.36"
2.180.150.185 - - [02/Jul/2026:17:22:32 +0330] "POST /wp-admin/admin-ajax.php HTTP/2" 200 79 "https://modoarpena.ir/wp-admin/post.php?post=30610&action=edit" "Mozilla/5.0 (Windows NT 10.0; Win64; x64) AppleWebKit/537.36 (KHTML, like Gecko) Chrome/149.0.0.0 Safari/537.36"
2.180.150.185 - - [02/Jul/2026:17:22:33 +0330] "POST /wp-admin/admin-ajax.php HTTP/2" 200 20 "https://modoarpena.ir/wp-admin/post.php?post=30610&action=edit" "Mozilla/5.0 (Windows NT 10.0; Win64; x64) AppleWebKit/537.36 (KHTML, like Gecko) Chrome/149.0.0.0 Safari/537.36"
2.180.150.185 - - [02/Jul/2026:17:22:35 +0330] "POST /wp-admin/admin-ajax.php HTTP/2" 200 20 "https://modoarpena.ir/wp-admin/post.php?post=30610&action=edit" "Mozilla/5.0 (Windows NT 10.0; Win64; x64) AppleWebKit/537.36 (KHTML, like Gecko) Chrome/149.0.0.0 Safari/537.36"
2.180.150.185 - - [02/Jul/2026:17:22:37 +0330] "POST /wp-admin/admin-ajax.php HTTP/2" 200 20 "https://modoarpena.ir/wp-admin/post.php?post=30610&action=edit" "Mozilla/5.0 (Windows NT 10.0; Win64; x64) AppleWebKit/537.36 (KHTML, like Gecko) Chrome/149.0.0.0 Safari/537.36"
2.180.150.185 - - [02/Jul/2026:17:22:39 +0330] "GET /wp-content/uploads/2026/06/golbon-lyocell-6-150x150.webp HTTP/2" 200 6626 "https://modoarpena.ir/wp-admin/post.php?post=30610&action=edit" "Mozilla/5.0 (Windows NT 10.0; Win64; x64) AppleWebKit/537.36 (KHTML, like Gecko) Chrome/149.0.0.0 Safari/537.36"
2.180.150.185 - - [02/Jul/2026:17:22:39 +0330] "POST /wp-admin/admin-ajax.php HTTP/2" 200 20 "https://modoarpena.ir/wp-admin/post.php?post=30610&action=edit" "Mozilla/5.0 (Windows NT 10.0; Win64; x64) AppleWebKit/537.36 (KHTML, like Gecko) Chrome/149.0.0.0 Safari/537.36"
2.180.150.185 - - [02/Jul/2026:17:22:42 +0330] "POST /wp-admin/admin-ajax.php HTTP/2" 200 79 "https://modoarpena.ir/wp-admin/post.php?post=30610&action=edit" "Mozilla/5.0 (Windows NT 10.0; Win64; x64) AppleWebKit/537.36 (KHTML, like Gecko) Chrome/149.0.0.0 Safari/537.36"
2.180.150.185 - - [02/Jul/2026:17:22:51 +0330] "GET /wp-content/uploads/2026/06/badrig-lyocell-1-1-150x150.webp HTTP/2" 200 1928 "https://modoarpena.ir/wp-admin/post.php?post=30610&action=edit" "Mozilla/5.0 (Windows NT 10.0; Win64; x64) AppleWebKit/537.36 (KHTML, like Gecko) Chrome/149.0.0.0 Safari/537.36"
2.180.150.185 - - [02/Jul/2026:17:22:51 +0330] "GET /wp-content/uploads/2026/06/golbon-lyocell-5-150x150.webp HTTP/2" 200 6560 "https://modoarpena.ir/wp-admin/post.php?post=30610&action=edit" "Mozilla/5.0 (Windows NT 10.0; Win64; x64) AppleWebKit/537.36 (KHTML, like Gecko) Chrome/149.0.0.0 Safari/537.36"
2.180.150.185 - - [02/Jul/2026:17:22:51 +0330] "GET /wp-content/uploads/2026/06/golbon-lyocell-4-150x150.webp HTTP/2" 200 9158 "https://modoarpena.ir/wp-admin/post.php?post=30610&action=edit" "Mozilla/5.0 (Windows NT 10.0; Win64; x64) AppleWebKit/537.36 (KHTML, like Gecko) Chrome/149.0.0.0 Safari/537.36"
2.180.150.185 - - [02/Jul/2026:17:22:51 +0330] "GET /wp-content/uploads/2026/06/golbon-lyocell-3-150x150.webp HTTP/2" 200 8332 "https://modoarpena.ir/wp-admin/post.php?post=30610&action=edit" "Mozilla/5.0 (Windows NT 10.0; Win64; x64) AppleWebKit/537.36 (KHTML, like Gecko) Chrome/149.0.0.0 Safari/537.36"
2.180.150.185 - - [02/Jul/2026:17:22:51 +0330] "GET /wp-content/uploads/2026/06/golbon-lyocell-2-150x150.webp HTTP/2" 200 7328 "https://modoarpena.ir/wp-admin/post.php?post=30610&action=edit" "Mozilla/5.0 (Windows NT 10.0; Win64; x64) AppleWebKit/537.36 (KHTML, like Gecko) Chrome/149.0.0.0 Safari/537.36"
2.180.150.185 - - [02/Jul/2026:17:22:51 +0330] "GET /wp-content/uploads/2026/06/golbon-lyocell-2-copy-150x150.webp HTTP/2" 200 4530 "https://modoarpena.ir/wp-admin/post.php?post=30610&action=edit" "Mozilla/5.0 (Windows NT 10.0; Win64; x64) AppleWebKit/537.36 (KHTML, like Gecko) Chrome/149.0.0.0 Safari/537.36"
2.180.150.185 - - [02/Jul/2026:17:22:51 +0330] "GET /wp-content/uploads/2026/06/golbon-lyocell-1-150x150.webp HTTP/2" 200 7424 "https://modoarpena.ir/wp-admin/post.php?post=30610&action=edit" "Mozilla/5.0 (Windows NT 10.0; Win64; x64) AppleWebKit/537.36 (KHTML, like Gecko) Chrome/149.0.0.0 Safari/537.36"
2.180.150.185 - - [02/Jul/2026:17:22:52 +0330] "POST /wp-admin/admin-ajax.php HTTP/2" 200 79 "https://modoarpena.ir/wp-admin/post.php?post=30610&action=edit" "Mozilla/5.0 (Windows NT 10.0; Win64; x64) AppleWebKit/537.36 (KHTML, like Gecko) Chrome/149.0.0.0 Safari/537.36"
2.180.150.185 - - [02/Jul/2026:17:23:02 +0330] "POST /wp-admin/admin-ajax.php HTTP/2" 200 79 "https://modoarpena.ir/wp-admin/post.php?post=30610&action=edit" "Mozilla/5.0 (Windows NT 10.0; Win64; x64) AppleWebKit/537.36 (KHTML, like Gecko) Chrome/149.0.0.0 Safari/537.36"
2.180.150.185 - - [02/Jul/2026:17:23:09 +0330] "GET /wp-content/uploads/2026/06/golbon-lyocell-1.webp HTTP/2" 200 109194 "https://modoarpena.ir/wp-admin/post.php?post=30610&action=edit" "Mozilla/5.0 (Windows NT 10.0; Win64; x64) AppleWebKit/537.36 (KHTML, like Gecko) Chrome/149.0.0.0 Safari/537.36"
2.180.150.185 - - [02/Jul/2026:17:23:09 +0330] "POST /wp-admin/admin-ajax.php HTTP/2" 200 925 "https://modoarpena.ir/wp-admin/post.php?post=30610&action=edit" "Mozilla/5.0 (Windows NT 10.0; Win64; x64) AppleWebKit/537.36 (KHTML, like Gecko) Chrome/149.0.0.0 Safari/537.36"
2.180.150.185 - - [02/Jul/2026:17:23:12 +0330] "POST /wp-admin/admin-ajax.php HTTP/2" 200 79 "https://modoarpena.ir/wp-admin/post.php?post=30610&action=edit" "Mozilla/5.0 (Windows NT 10.0; Win64; x64) AppleWebKit/537.36 (KHTML, like Gecko) Chrome/149.0.0.0 Safari/537.36"
2.180.150.185 - - [02/Jul/2026:17:23:20 +0330] "POST /wp-admin/post.php HTTP/2" 302 0 "https://modoarpena.ir/wp-admin/post.php?post=30610&action=edit" "Mozilla/5.0 (Windows NT 10.0; Win64; x64) AppleWebKit/537.36 (KHTML, like Gecko) Chrome/149.0.0.0 Safari/537.36"
2.180.150.185 - - [02/Jul/2026:17:23:22 +0330] "POST /wp-admin/admin-ajax.php HTTP/2" 200 51 "https://modoarpena.ir/wp-admin/edit.php?post_type=product" "Mozilla/5.0 (Windows NT 10.0; Win64; x64) AppleWebKit/537.36 (KHTML, like Gecko) Chrome/149.0.0.0 Safari/537.36"
2.180.150.185 - - [02/Jul/2026:17:23:23 +0330] "POST /wp-admin/admin-ajax.php HTTP/2" 200 0 "https://modoarpena.ir/wp-admin/post.php?post=30610&action=edit" "Mozilla/5.0 (Windows NT 10.0; Win64; x64) AppleWebKit/537.36 (KHTML, like Gecko) Chrome/149.0.0.0 Safari/537.36"
2.180.150.185 - - [02/Jul/2026:17:23:23 +0330] "GET /wp-admin/post.php?post=30610&action=edit&message=1 HTTP/2" 200 407767 "https://modoarpena.ir/wp-admin/post.php?post=30610&action=edit" "Mozilla/5.0 (Windows NT 10.0; Win64; x64) AppleWebKit/537.36 (KHTML, like Gecko) Chrome/149.0.0.0 Safari/537.36"
2.180.150.185 - - [02/Jul/2026:17:23:24 +0330] "GET /wp-admin/post.php?post=30593&action=edit HTTP/2" 200 407527 "https://modoarpena.ir/wp-admin/edit.php?post_type=product" "Mozilla/5.0 (Windows NT 10.0; Win64; x64) AppleWebKit/537.36 (KHTML, like Gecko) Chrome/149.0.0.0 Safari/537.36"
2.180.150.185 - - [02/Jul/2026:17:23:26 +0330] "POST /wp-admin/admin-ajax.php HTTP/2" 200 136 "https://modoarpena.ir/wp-admin/post.php?post=30610&action=edit" "Mozilla/5.0 (Windows NT 10.0; Win64; x64) AppleWebKit/537.36 (KHTML, like Gecko) Chrome/149.0.0.0 Safari/537.36"
