74.125.217.160 - - [03/Jul/2026:05:06:55 +0330] "GET /wp-content/uploads/elementor/css/post-5.css?ver=1782108743 HTTP/1.1" 200 338 "https://modoarpena.ir/items/V381877390/" "Mozilla/5.0 (X11; Linux x86_64) AppleWebKit/537.36 (KHTML, like Gecko) Chrome/149.0.7827.200 Safari/537.36"
74.125.217.160 - - [03/Jul/2026:05:07:12 +0330] "GET /wp-content/themes/woodmart/css/parts/page-404.min.css?ver=8.4.0 HTTP/1.1" 200 283 "https://modoarpena.ir/items/V381877390/" "Mozilla/5.0 (X11; Linux x86_64) AppleWebKit/537.36 (KHTML, like Gecko) Chrome/149.0.7827.200 Safari/537.36"
66.249.74.162 - - [03/Jul/2026:05:08:35 +0330] "GET /items/V382238581 HTTP/1.1" 404 51417 "-" "Mozilla/5.0 (Linux; Android 6.0.1; Nexus 5X Build/MMB29P) AppleWebKit/537.36 (KHTML, like Gecko) Chrome/150.0.7871.46 Mobile Safari/537.36 (compatible; Googlebot/2.1; +http://www.google.com/bot.html)"
130.193.77.37 - - [03/Jul/2026:05:05:55 +0330] "POST /wp-cron.php?doing_wp_cron=1783042555.1011230945587158203125 HTTP/1.1" 200 0 "-" "WordPress/7.0; https://modoarpena.ir"
74.125.217.161 - - [03/Jul/2026:05:05:50 +0330] "GET /items/V381877390/ HTTP/1.1" 404 53952 "-" "Mozilla/5.0 (X11; Linux x86_64) AppleWebKit/537.36 (KHTML, like Gecko) Chrome/149.0.7827.200 Safari/537.36"
74.125.217.160 - - [03/Jul/2026:05:06:30 +0330] "GET /wp-content/plugins/digits/assets/css/login.min.css?ver=9.1.0.5 HTTP/1.1" 200 15815 "https://modoarpena.ir/items/V381877390/" "Mozilla/5.0 (X11; Linux x86_64) AppleWebKit/537.36 (KHTML, like Gecko) Chrome/149.0.7827.200 Safari/537.36"
74.125.217.160 - - [03/Jul/2026:05:06:42 +0330] "GET /wp-content/plugins/kamangir-smart-gateway-wc-all-in-one/src/Operators/Woocommerce/Assets/css/wc-front-style.css?ver=7.0 HTTP/1.1" 200 361 "https://modoarpena.ir/items/V381877390/" "Mozilla/5.0 (X11; Linux x86_64) AppleWebKit/537.36 (KHTML, like Gecko) Chrome/149.0.7827.200 Safari/537.36"
74.125.217.160 - - [03/Jul/2026:05:07:24 +0330] "GET /wp-content/themes/woodmart/css/parts/woo-mod-progress-bar.min.css?ver=8.4.0 HTTP/1.1" 200 303 "https://modoarpena.ir/items/V381877390/" "Mozilla/5.0 (X11; Linux x86_64) AppleWebKit/537.36 (KHTML, like Gecko) Chrome/149.0.7827.200 Safari/537.36"
74.125.217.160 - - [03/Jul/2026:05:07:27 +0330] "GET /wp-content/themes/woodmart/css/parts/mod-tools.min.css?ver=8.4.0 HTTP/1.1" 200 917 "https://modoarpena.ir/items/V381877390/" "Mozilla/5.0 (X11; Linux x86_64) AppleWebKit/537.36 (KHTML, like Gecko) Chrome/149.0.7827.200 Safari/537.36"
74.125.217.160 - - [03/Jul/2026:05:07:06 +0330] "GET /wp-content/themes/woodmart/css/parts/woo-mod-block-notices-rtl.min.css?ver=8.4.0 HTTP/1.1" 200 639 "https://modoarpena.ir/items/V381877390/" "Mozilla/5.0 (X11; Linux x86_64) AppleWebKit/537.36 (KHTML, like Gecko) Chrome/149.0.7827.200 Safari/537.36"
74.125.217.160 - - [03/Jul/2026:05:07:41 +0330] "GET /wp-content/themes/woodmart/css/parts/el-social-icons.min.css?ver=8.4.0 HTTP/1.1" 200 941 "https://modoarpena.ir/items/V381877390/" "Mozilla/5.0 (X11; Linux x86_64) AppleWebKit/537.36 (KHTML, like Gecko) Chrome/149.0.7827.200 Safari/537.36"
74.125.217.160 - - [03/Jul/2026:05:07:42 +0330] "GET /wp-content/themes/woodmart/css/parts/header-el-base-rtl.min.css?ver=8.4.0 HTTP/1.1" 200 356 "https://modoarpena.ir/items/V381877390/" "Mozilla/5.0 (X11; Linux x86_64) AppleWebKit/537.36 (KHTML, like Gecko) Chrome/149.0.7827.200 Safari/537.36"
74.125.217.160 - - [03/Jul/2026:05:07:45 +0330] "GET /wp-content/themes/woodmart/css/parts/woo-widget-shopping-cart.min.css?ver=8.4.0 HTTP/1.1" 200 1219 "https://modoarpena.ir/items/V381877390/" "Mozilla/5.0 (X11; Linux x86_64) AppleWebKit/537.36 (KHTML, like Gecko) Chrome/149.0.7827.200 Safari/537.36"
74.125.217.160 - - [03/Jul/2026:05:07:47 +0330] "GET /wp-content/themes/woodmart/css/parts/el-button.min.css?ver=8.4.0 HTTP/1.1" 200 535 "https://modoarpena.ir/items/V381877390/" "Mozilla/5.0 (X11; Linux x86_64) AppleWebKit/537.36 (KHTML, like Gecko) Chrome/149.0.7827.200 Safari/537.36"
74.125.217.160 - - [03/Jul/2026:05:07:49 +0330] "GET /wp-content/themes/woodmart/css/parts/woo-widget-product-list.min.css?ver=8.4.0 HTTP/1.1" 200 313 "https://modoarpena.ir/items/V381877390/" "Mozilla/5.0 (X11; Linux x86_64) AppleWebKit/537.36 (KHTML, like Gecko) Chrome/149.0.7827.200 Safari/537.36"
74.125.217.160 - - [03/Jul/2026:05:07:50 +0330] "GET /wp-content/themes/woodmart/css/parts/header-el-search-rtl.min.css?ver=8.4.0 HTTP/1.1" 200 442 "https://modoarpena.ir/items/V381877390/" "Mozilla/5.0 (X11; Linux x86_64) AppleWebKit/537.36 (KHTML, like Gecko) Chrome/149.0.7827.200 Safari/537.36"
130.193.77.37 - - [03/Jul/2026:05:02:24 +0330] "POST /wp-cron.php?doing_wp_cron=1783042344.4259870052337646484375 HTTP/1.1" 200 0 "-" "WordPress/7.0; https://modoarpena.ir"
74.125.217.160 - - [03/Jul/2026:05:06:37 +0330] "GET /wp-content/plugins/kamangir-smart-gateway-wc-all-in-one/vendor/kamangir/sdk-gateway/src/HelpLinks/Assets/css/help.css?ver=7.0 HTTP/1.1" 200 116 "https://modoarpena.ir/items/V381877390/" "Mozilla/5.0 (X11; Linux x86_64) AppleWebKit/537.36 (KHTML, like Gecko) Chrome/149.0.7827.200 Safari/537.36"
74.125.217.161 - - [03/Jul/2026:05:07:02 +0330] "GET /wp-content/themes/woodmart/css/parts/helpers-wpb-elem.min.css?ver=8.4.0 HTTP/1.1" 200 293 "https://modoarpena.ir/items/V381877390/" "Mozilla/5.0 (X11; Linux x86_64) AppleWebKit/537.36 (KHTML, like Gecko) Chrome/149.0.7827.200 Safari/537.36"
130.193.77.37 - - [03/Jul/2026:05:08:39 +0330] "POST /wp-cron.php?doing_wp_cron=1783042719.4867160320281982421875 HTTP/1.1" 200 0 "-" "WordPress/7.0; https://modoarpena.ir"
51.79.124.60 - - [03/Jul/2026:05:21:01 +0330] "GET /wp-login.php HTTP/2" 200 3914 "-" "Mozilla/5.0 (X11; Ubuntu; Linux x86_64; rv:133.0) Gecko/20100101 Firefox/133.0"
51.79.124.60 - - [03/Jul/2026:05:21:03 +0330] "POST /wp-login.php HTTP/2" 200 4077 "https://modoarpena.ir/wp-login.php" "Mozilla/5.0 (X11; Ubuntu; Linux x86_64; rv:133.0) Gecko/20100101 Firefox/133.0"
104.238.9.218 - - [03/Jul/2026:05:20:25 +0330] "POST /wp-login.php HTTP/1.1" 302 771 "https://modoarpena.ir/wp-login.php" "Mozilla/5.0 (Windows NT 10.0; Win64; x64) AppleWebKit/537.36 (KHTML, like Gecko) Chrome/145.0.0.0 Safari/537.36"
104.238.9.218 - - [03/Jul/2026:05:20:31 +0330] "GET /wp-admin/user-new.php HTTP/1.1" 200 169597 "https://modoarpena.ir/wp-login.php" "Mozilla/5.0 (Windows NT 10.0; Win64; x64) AppleWebKit/537.36 (KHTML, like Gecko) Chrome/145.0.0.0 Safari/537.36"
104.238.9.218 - - [03/Jul/2026:05:20:35 +0330] "POST /wp-admin/user-new.php HTTP/1.1" 200 169579 "https://modoarpena.ir/wp-login.php" "Mozilla/5.0 (Windows NT 10.0; Win64; x64) AppleWebKit/537.36 (KHTML, like Gecko) Chrome/145.0.0.0 Safari/537.36"
104.238.9.218 - - [03/Jul/2026:05:20:39 +0330] "GET /wp-admin/plugins.php?plugin_status=all&paged=1&s HTTP/1.1" 200 274531 "https://modoarpena.ir/wp-login.php" "Mozilla/5.0 (Windows NT 10.0; Win64; x64) AppleWebKit/537.36 (KHTML, like Gecko) Chrome/145.0.0.0 Safari/537.36"
104.238.9.218 - - [03/Jul/2026:05:20:51 +0330] "GET /wp-admin/plugins.php HTTP/1.1" 200 274382 "https://modoarpena.ir/wp-login.php" "Mozilla/5.0 (Windows NT 10.0; Win64; x64) AppleWebKit/537.36 (KHTML, like Gecko) Chrome/145.0.0.0 Safari/537.36"
104.238.9.218 - - [03/Jul/2026:05:20:55 +0330] "GET /wp-admin/plugin-install.php HTTP/1.1" 200 171872 "https://modoarpena.ir/wp-login.php" "Mozilla/5.0 (Windows NT 10.0; Win64; x64) AppleWebKit/537.36 (KHTML, like Gecko) Chrome/145.0.0.0 Safari/537.36"
104.238.9.218 - - [03/Jul/2026:05:20:59 +0330] "POST /wp-admin/admin-ajax.php HTTP/1.1" 200 369 "https://modoarpena.ir/wp-login.php" "Mozilla/5.0 (Windows NT 10.0; Win64; x64) AppleWebKit/537.36 (KHTML, like Gecko) Chrome/145.0.0.0 Safari/537.36"
104.238.9.218 - - [03/Jul/2026:05:21:02 +0330] "POST /wp-admin/admin-ajax.php HTTP/1.1" 200 371 "https://modoarpena.ir/wp-login.php" "Mozilla/5.0 (Windows NT 10.0; Win64; x64) AppleWebKit/537.36 (KHTML, like Gecko) Chrome/145.0.0.0 Safari/537.36"
104.238.9.218 - - [03/Jul/2026:05:21:05 +0330] "GET /wp-admin/plugins.php?plugin_status=all&paged=1&s HTTP/1.1" 200 274535 "https://modoarpena.ir/wp-login.php" "Mozilla/5.0 (Windows NT 10.0; Win64; x64) AppleWebKit/537.36 (KHTML, like Gecko) Chrome/145.0.0.0 Safari/537.36"
216.73.216.103 - - [03/Jul/2026:05:23:27 +0330] "GET /robots.txt HTTP/2" 200 23 "-" "Mozilla/5.0 AppleWebKit/537.36 (KHTML, like Gecko; compatible; ClaudeBot/1.0; +claudebot@anthropic.com)"
216.73.216.103 - - [03/Jul/2026:05:23:27 +0330] "GET /sitemap.xml HTTP/2" 301 0 "-" "Mozilla/5.0 AppleWebKit/537.36 (KHTML, like Gecko; compatible; ClaudeBot/1.0; +claudebot@anthropic.com)"
216.73.216.103 - - [03/Jul/2026:05:23:31 +0330] "GET /sitemap_index.xml HTTP/2" 200 385 "https://modoarpena.ir/sitemap.xml" "Mozilla/5.0 AppleWebKit/537.36 (KHTML, like Gecko; compatible; ClaudeBot/1.0; +claudebot@anthropic.com)"
130.193.77.37 - - [03/Jul/2026:05:33:33 +0330] "POST /wp-cron.php?doing_wp_cron=1783044213.7604920864105224609375 HTTP/1.1" 200 0 "-" "WordPress/7.0; https://modoarpena.ir"
179.127.11.105 - - [03/Jul/2026:05:33:30 +0330] "GET /wp-login.php HTTP/2" 200 3914 "-" "Mozilla/5.0 (X11; Ubuntu; Linux x86_64; rv:133.0) Gecko/20100101 Firefox/133.0"
179.127.11.105 - - [03/Jul/2026:05:33:34 +0330] "POST /wp-login.php HTTP/2" 200 4077 "https://modoarpena.ir/wp-login.php" "Mozilla/5.0 (X11; Ubuntu; Linux x86_64; rv:133.0) Gecko/20100101 Firefox/133.0"
167.99.197.34 - - [03/Jul/2026:05:25:17 +0330] "GET /wp-login.php HTTP/2" 200 3914 "-" "Mozilla/5.0 (Windows NT 10.0; Win64; x64) AppleWebKit/537.36 (KHTML, like Gecko) Chrome/120.0.0.0 Safari/537.36"
167.99.197.34 - - [03/Jul/2026:05:25:21 +0330] "POST /wp-login.php HTTP/2" 200 4084 "https://modoarpena.ir/wp-login.php" "Mozilla/5.0 (Windows NT 10.0; Win64; x64) AppleWebKit/537.36 (KHTML, like Gecko) Chrome/120.0.0.0 Safari/537.36"
130.193.77.37 - - [03/Jul/2026:05:20:50 +0330] "POST /wp-cron.php?doing_wp_cron=1783043449.7601280212402343750000 HTTP/1.1" 200 0 "-" "WordPress/7.0; https://modoarpena.ir"
130.193.77.37 - - [03/Jul/2026:05:31:27 +0330] "POST /wp-cron.php?doing_wp_cron=1783044087.7213599681854248046875 HTTP/1.1" 200 0 "-" "WordPress/7.0; https://modoarpena.ir"
130.193.77.37 - - [03/Jul/2026:05:20:01 +0330] "POST /wp-cron.php?doing_wp_cron=1783043401.8267679214477539062500 HTTP/1.1" 200 0 "-" "WordPress/7.0; https://modoarpena.ir"
184.174.24.136 - - [03/Jul/2026:05:19:58 +0330] "GET /wp-login.php HTTP/2" 200 3914 "-" "Mozilla/5.0 (Windows NT 10.0; Win64; x64) AppleWebKit/537.36 (KHTML, like Gecko) Chrome/145.0.0.0 Safari/537.36"
184.174.24.136 - - [03/Jul/2026:05:20:03 +0330] "POST /wp-login.php HTTP/2" 302 0 "https://modoarpena.ir/wp-login.php" "Mozilla/5.0 (Windows NT 10.0; Win64; x64) AppleWebKit/537.36 (KHTML, like Gecko) Chrome/145.0.0.0 Safari/537.36"
184.174.24.136 - - [03/Jul/2026:05:20:09 +0330] "GET /wp-admin/ HTTP/2" 200 0 "https://modoarpena.ir/wp-login.php" "Mozilla/5.0 (Windows NT 10.0; Win64; x64) AppleWebKit/537.36 (KHTML, like Gecko) Chrome/145.0.0.0 Safari/537.36"
130.193.77.37 - - [03/Jul/2026:05:23:30 +0330] "POST /wp-cron.php?doing_wp_cron=1783043610.9425730705261230468750 HTTP/1.1" 200 0 "-" "WordPress/7.0; https://modoarpena.ir"
136.144.33.173 - - [03/Jul/2026:05:31:23 +0330] "POST /wp-login.php HTTP/1.1" 200 4521 "-" "Mozilla/5.0 (Macintosh; Intel Mac OS X 10_15_7) AppleWebKit/605.1.15 Version/17.0 Safari/605.1.15"
130.193.77.37 - - [03/Jul/2026:05:25:21 +0330] "POST /wp-cron.php?doing_wp_cron=1783043721.1753680706024169921875 HTTP/1.1" 200 0 "-" "WordPress/7.0; https://modoarpena.ir"
130.193.77.37 - - [03/Jul/2026:05:42:57 +0330] "POST /wp-cron.php?doing_wp_cron=1783044777.3130199909210205078125 HTTP/1.1" 200 0 "-" "WordPress/7.0; https://modoarpena.ir"
43.155.129.131 - - [03/Jul/2026:05:39:12 +0330] "GET / HTTP/1.1" 200 81660 "http://www.modoarpena.ir" "Mozilla/5.0 (iPhone; CPU iPhone OS 13_2_3 like Mac OS X) AppleWebKit/605.1.15 (KHTML, like Gecko) Version/13.0.3 Mobile/15E148 Safari/604.1"
94.23.188.204 - - [03/Jul/2026:05:42:52 +0330] "GET /project-cat/accessories/ HTTP/2" 404 53925 "-" "Mozilla/5.0 (compatible; AhrefsBot/7.0; +http://ahrefs.com/robot/)"
136.144.33.176 - - [03/Jul/2026:05:46:00 +0330] "POST /wp-login.php HTTP/1.1" 200 4521 "-" "Mozilla/5.0 (Windows NT 10.0; Win64; x64) AppleWebKit/537.36 Chrome/129.0.0.0 Safari/537.36"
130.193.77.37 - - [03/Jul/2026:05:46:04 +0330] "POST /wp-cron.php?doing_wp_cron=1783044964.1537129878997802734375 HTTP/1.1" 200 0 "-" "WordPress/7.0; https://modoarpena.ir"
130.193.77.37 - - [03/Jul/2026:05:56:09 +0330] "POST /wp-cron.php?doing_wp_cron=1783045569.9086499214172363281250 HTTP/1.1" 200 0 "-" "WordPress/7.0; https://modoarpena.ir"
137.59.109.132 - admin [03/Jul/2026:05:51:49 +0330] "GET /wp-json/wp/v2/users/me HTTP/2" 401 129 "-" "Mozilla/5.0 (Macintosh; Intel Mac OS X 10_15_7) AppleWebKit/605.1.15 (KHTML, like Gecko) Version/18.3 Safari/605.1.15"
130.193.77.37 - - [03/Jul/2026:05:51:53 +0330] "POST /wp-cron.php?doing_wp_cron=1783045313.5800220966339111328125 HTTP/1.1" 200 0 "-" "WordPress/7.0; https://modoarpena.ir"
115.78.9.138 - - [03/Jul/2026:05:56:06 +0330] "GET /wp-login.php HTTP/2" 200 3914 "-" "Mozilla/5.0 (Windows NT 10.0; Win64; x64) AppleWebKit/537.36 (KHTML, like Gecko) Chrome/120.0.0.0 Safari/537.36"
115.78.9.138 - - [03/Jul/2026:05:56:10 +0330] "POST /wp-login.php HTTP/2" 200 4084 "https://modoarpena.ir/wp-login.php" "Mozilla/5.0 (Windows NT 10.0; Win64; x64) AppleWebKit/537.36 (KHTML, like Gecko) Chrome/120.0.0.0 Safari/537.36"
130.193.77.37 - - [03/Jul/2026:06:00:37 +0330] "POST /wp-cron.php?doing_wp_cron=1783045837.4810199737548828125000 HTTP/1.1" 200 0 "-" "WordPress/7.0; https://modoarpena.ir"
136.144.33.177 - - [03/Jul/2026:06:00:34 +0330] "POST /wp-login.php HTTP/1.1" 200 4521 "-" "Mozilla/5.0 (Windows NT 10.0; Win64; rv:143.0) Gecko/20100101 Firefox/143.0"
130.193.77.37 - - [03/Jul/2026:06:13:50 +0330] "POST /wp-cron.php?doing_wp_cron=1783046630.7830700874328613281250 HTTP/1.1" 200 0 "-" "WordPress/7.0; https://modoarpena.ir"
130.193.77.37 - - [03/Jul/2026:06:11:40 +0330] "POST /wp-cron.php?doing_wp_cron=1783046500.1221530437469482421875 HTTP/1.1" 200 0 "-" "WordPress/7.0; https://modoarpena.ir"
52.167.144.184 - - [03/Jul/2026:06:11:35 +0330] "GET /product-category/duvet-comforter/all-season/ HTTP/2" 200 58603 "-" "Mozilla/5.0 AppleWebKit/537.36 (KHTML, like Gecko; compatible; bingbot/2.0; +http://www.bing.com/bingbot.htm) Chrome/116.0.1938.76 Safari/537.36"
54.37.118.92 - - [03/Jul/2026:06:13:46 +0330] "GET /product/tarang-austrian-tencel-bedding/ HTTP/2" 200 68077 "-" "Mozilla/5.0 (compatible; AhrefsBot/7.0; +http://ahrefs.com/robot/)"
130.193.77.37 - - [03/Jul/2026:06:18:57 +0330] "POST /wp-cron.php?doing_wp_cron=1783046937.6267580986022949218750 HTTP/1.1" 200 0 "-" "WordPress/7.0; https://modoarpena.ir"
147.136.85.113 - - [03/Jul/2026:06:22:29 +0330] "GET /wp-login.php HTTP/2" 200 3914 "-" "Mozilla/5.0 (Windows NT 10.0; Win64; x64) AppleWebKit/537.36 (KHTML, like Gecko) Chrome/145.0.0.0 Safari/537.36"
147.136.85.113 - - [03/Jul/2026:06:22:35 +0330] "POST /wp-login.php HTTP/2" 302 0 "https://modoarpena.ir/wp-login.php" "Mozilla/5.0 (Windows NT 10.0; Win64; x64) AppleWebKit/537.36 (KHTML, like Gecko) Chrome/145.0.0.0 Safari/537.36"
147.136.85.113 - - [03/Jul/2026:06:22:40 +0330] "GET /wp-admin/ HTTP/2" 200 184656 "https://modoarpena.ir/wp-login.php" "Mozilla/5.0 (Windows NT 10.0; Win64; x64) AppleWebKit/537.36 (KHTML, like Gecko) Chrome/145.0.0.0 Safari/537.36"
147.136.85.113 - - [03/Jul/2026:06:22:47 +0330] "GET /wp-admin/user-new.php HTTP/2" 200 169762 "https://modoarpena.ir/wp-login.php" "Mozilla/5.0 (Windows NT 10.0; Win64; x64) AppleWebKit/537.36 (KHTML, like Gecko) Chrome/145.0.0.0 Safari/537.36"
147.136.85.113 - - [03/Jul/2026:06:22:51 +0330] "POST /wp-admin/user-new.php HTTP/2" 200 169789 "https://modoarpena.ir/wp-login.php" "Mozilla/5.0 (Windows NT 10.0; Win64; x64) AppleWebKit/537.36 (KHTML, like Gecko) Chrome/145.0.0.0 Safari/537.36"
147.136.85.113 - - [03/Jul/2026:06:22:56 +0330] "GET /wp-admin/plugins.php?plugin_status=all&paged=1&s HTTP/2" 200 274636 "https://modoarpena.ir/wp-login.php" "Mozilla/5.0 (Windows NT 10.0; Win64; x64) AppleWebKit/537.36 (KHTML, like Gecko) Chrome/145.0.0.0 Safari/537.36"
147.136.85.113 - - [03/Jul/2026:06:23:02 +0330] "GET /wp-admin/plugins.php HTTP/2" 200 274320 "https://modoarpena.ir/wp-login.php" "Mozilla/5.0 (Windows NT 10.0; Win64; x64) AppleWebKit/537.36 (KHTML, like Gecko) Chrome/145.0.0.0 Safari/537.36"
147.136.85.113 - - [03/Jul/2026:06:23:07 +0330] "GET /wp-admin/plugin-install.php HTTP/2" 200 171660 "https://modoarpena.ir/wp-login.php" "Mozilla/5.0 (Windows NT 10.0; Win64; x64) AppleWebKit/537.36 (KHTML, like Gecko) Chrome/145.0.0.0 Safari/537.36"
147.136.85.113 - - [03/Jul/2026:06:23:13 +0330] "POST /wp-admin/admin-ajax.php HTTP/2" 200 369 "https://modoarpena.ir/wp-login.php" "Mozilla/5.0 (Windows NT 10.0; Win64; x64) AppleWebKit/537.36 (KHTML, like Gecko) Chrome/145.0.0.0 Safari/537.36"
147.136.85.113 - - [03/Jul/2026:06:23:16 +0330] "POST /wp-admin/admin-ajax.php HTTP/2" 200 371 "https://modoarpena.ir/wp-login.php" "Mozilla/5.0 (Windows NT 10.0; Win64; x64) AppleWebKit/537.36 (KHTML, like Gecko) Chrome/145.0.0.0 Safari/537.36"
147.136.85.113 - - [03/Jul/2026:06:23:20 +0330] "GET /wp-admin/plugins.php?plugin_status=all&paged=1&s HTTP/2" 200 274630 "https://modoarpena.ir/wp-login.php" "Mozilla/5.0 (Windows NT 10.0; Win64; x64) AppleWebKit/537.36 (KHTML, like Gecko) Chrome/145.0.0.0 Safari/537.36"
130.193.77.37 - - [03/Jul/2026:06:22:44 +0330] "POST /wp-cron.php?doing_wp_cron=1783047164.0524499416351318359375 HTTP/1.1" 200 0 "-" "WordPress/7.0; https://modoarpena.ir"
130.193.77.37 - - [03/Jul/2026:06:22:33 +0330] "POST /wp-cron.php?doing_wp_cron=1783047153.2486441135406494140625 HTTP/1.1" 200 0 "-" "WordPress/7.0; https://modoarpena.ir"
27.147.191.110 - - [03/Jul/2026:06:18:53 +0330] "GET /wp-login.php HTTP/1.1" 200 4337 "-" "Mozilla/5.0 (Windows NT 10.0; Win64; x64) AppleWebKit/537.36 (KHTML, like Gecko) Chrome/74.0.3729.169 Safari/537.36"
27.147.191.110 - - [03/Jul/2026:06:18:58 +0330] "POST /wp-login.php HTTP/1.1" 302 771 "-" "Mozilla/5.0 (Windows NT 10.0; Win64; x64) AppleWebKit/537.36 (KHTML, like Gecko) Chrome/74.0.3729.169 Safari/537.36"
136.144.33.164 - - [03/Jul/2026:06:19:26 +0330] "POST /wp-login.php HTTP/1.1" 200 4515 "-" "Mozilla/5.0 (Windows NT 10.0; Win64; x64) AppleWebKit/537.36 Chrome/129.0.0.0 Safari/537.36"
27.147.191.110 - - [03/Jul/2026:06:29:58 +0330] "POST /wp-login.php HTTP/1.1" 200 3914 "https://www.google.com/" "Mozilla/5.0 (Windows NT 10.0; Win64; x64) AppleWebKit/537.36 (KHTML, like Gecko) Chrome/91.0.4472.124 Safari/537.36"
27.147.191.110 - - [03/Jul/2026:06:29:59 +0330] "POST /wp-login.php HTTP/1.1" 302 0 "https://modoarpena.ir/wp-admin/" "Mozilla/5.0 (Windows NT 10.0; Win64; x64) AppleWebKit/537.36 (KHTML, like Gecko) Chrome/90.0.4430.85 Safari/537.36"
27.147.191.110 - - [03/Jul/2026:06:30:06 +0330] "GET /wp-admin/ HTTP/1.1" 200 217480 "https://modoarpena.ir/wp-admin/" "Mozilla/5.0 (Windows NT 10.0; Win64; x64) AppleWebKit/537.36 (KHTML, like Gecko) Chrome/90.0.4430.85 Safari/537.36"
27.147.191.110 - - [03/Jul/2026:06:30:10 +0330] "GET /wp-admin/ HTTP/1.1" 200 184729 "https://www.google.com/" "Mozilla/5.0 (Windows NT 10.0; Win64; x64) AppleWebKit/537.36 (KHTML, like Gecko) Chrome/91.0.4472.124 Safari/537.36"
27.147.191.110 - - [03/Jul/2026:06:30:13 +0330] "GET /wp-admin/plugin-install.php?tab=upload HTTP/1.1" 200 170887 "https://www.google.com/" "Mozilla/5.0 (Windows NT 10.0; Win64; x64) AppleWebKit/537.36 (KHTML, like Gecko) Chrome/91.0.4472.124 Safari/537.36"
27.147.191.110 - - [03/Jul/2026:06:30:16 +0330] "POST /wp-admin/update.php?action=upload-plugin HTTP/1.1" 200 166196 "https://modoarpena.ir/wp-admin/plugin-install.php" "Mozilla/5.0 (Windows NT 10.0; Win64; x64) AppleWebKit/537.36 (KHTML, like Gecko) Chrome/132.0.0.0 Safari/537.36"
27.147.191.110 - - [03/Jul/2026:06:30:22 +0330] "GET /wp-admin/ HTTP/1.1" 200 185028 "-" "Mozilla/5.0 (Windows NT 10.0; Win64; x64) AppleWebKit/537.36 (KHTML, like Gecko) Chrome/133.0.0.0 Safari/537.36"
27.147.191.110 - - [03/Jul/2026:06:30:25 +0330] "POST /wp-admin/admin-ajax.php HTTP/1.1" 200 371 "-" "Mozilla/5.0 (Windows NT 10.0; Win64; x64) AppleWebKit/537.36 (KHTML, like Gecko) Chrome/133.0.0.0 Safari/537.36"
27.147.191.110 - - [03/Jul/2026:06:30:27 +0330] "POST /wp-admin/admin-ajax.php HTTP/1.1" 200 138 "-" "Mozilla/5.0 (Windows NT 10.0; Win64; x64) AppleWebKit/537.36 (KHTML, like Gecko) Chrome/133.0.0.0 Safari/537.36"
27.147.191.110 - - [03/Jul/2026:06:30:28 +0330] "GET /wp-admin/plugins.php HTTP/1.1" 200 274896 "-" "Mozilla/5.0 (Windows NT 10.0; Win64; x64) AppleWebKit/537.36 (KHTML, like Gecko) Chrome/133.0.0.0 Safari/537.36"
27.147.191.110 - - [03/Jul/2026:06:30:31 +0330] "GET /wp-admin/admin.php?page=wp_file_manager HTTP/1.1" 403 1096 "https://www.google.com/" "Mozilla/5.0 (Windows NT 10.0; Win64; x64) AppleWebKit/537.36 (KHTML, like Gecko) Chrome/91.0.4472.124 Safari/537.36"
27.147.191.110 - - [03/Jul/2026:06:30:33 +0330] "GET /wp-admin/theme-install.php?tab=upload HTTP/1.1" 200 174320 "https://www.google.com/" "Mozilla/5.0 (Windows NT 10.0; Win64; x64) AppleWebKit/537.36 (KHTML, like Gecko) Chrome/91.0.4472.124 Safari/537.36"
27.147.191.110 - - [03/Jul/2026:06:30:36 +0330] "POST /wp-admin/update.php?action=upload-theme HTTP/1.1" 200 166047 "https://modoarpena.ir/wp-admin/theme-install.php" "Mozilla/5.0 (Windows NT 10.0; Win64; x64) AppleWebKit/537.36 (KHTML, like Gecko) Chrome/132.0.0.0 Safari/537.36"
27.147.191.110 - - [03/Jul/2026:06:30:41 +0330] "GET /wp-admin/ HTTP/1.1" 200 185146 "-" "Mozilla/5.0 (Windows NT 10.0; Win64; x64) AppleWebKit/537.36 (KHTML, like Gecko) Chrome/133.0.0.0 Safari/537.36"
27.147.191.110 - - [03/Jul/2026:06:30:44 +0330] "GET /wp-admin/plugin-editor.php?plugin=wp-file-manager%2Ffile_folder_manager.php&Submit=Select HTTP/1.1" 500 1108 "-" "Mozilla/5.0 (Windows NT 10.0; Win64; x64) AppleWebKit/537.36 (KHTML, like Gecko) Chrome/133.0.0.0 Safari/537.36"
27.147.191.110 - - [03/Jul/2026:06:30:45 +0330] "POST /wp-admin/admin-ajax.php HTTP/1.1" 200 96 "-" "Mozilla/5.0 (Windows NT 10.0; Win64; x64) AppleWebKit/537.36 (KHTML, like Gecko) Chrome/133.0.0.0 Safari/537.36"
27.147.191.110 - - [03/Jul/2026:06:30:47 +0330] "POST /wp-admin/admin-ajax.php HTTP/1.1" 200 371 "-" "Mozilla/5.0 (Windows NT 10.0; Win64; x64) AppleWebKit/537.36 (KHTML, like Gecko) Chrome/133.0.0.0 Safari/537.36"
27.147.191.110 - - [03/Jul/2026:06:30:48 +0330] "POST /wp-admin/admin-ajax.php HTTP/1.1" 200 138 "-" "Mozilla/5.0 (Windows NT 10.0; Win64; x64) AppleWebKit/537.36 (KHTML, like Gecko) Chrome/133.0.0.0 Safari/537.36"
27.147.191.110 - - [03/Jul/2026:06:30:50 +0330] "GET /wp-admin/plugin-editor.php?plugin=wp-file-manager%2Ffile_folder_manager.php&Submit=Select HTTP/1.1" 500 1108 "-" "Mozilla/5.0 (Windows NT 10.0; Win64; x64) AppleWebKit/537.36 (KHTML, like Gecko) Chrome/133.0.0.0 Safari/537.36"
27.147.191.110 - - [03/Jul/2026:06:30:52 +0330] "POST /wp-admin/admin-ajax.php HTTP/1.1" 200 5 "https://modoarpena.ir/wp-admin/plugin-editor.php" "Mozilla/5.0 (Windows NT 10.0; Win64; x64) AppleWebKit/537.36 (KHTML, like Gecko) Chrome/138.0.0.0 Safari/537.36"
27.147.191.110 - - [03/Jul/2026:06:30:53 +0330] "GET /wp-admin/plugin-editor.php HTTP/1.1" 200 174658 "https://modoarpena.ir/wp-admin/plugin-editor.php" "Mozilla/5.0 (Windows NT 10.0; Win64; x64) AppleWebKit/537.36 (KHTML, like Gecko) Chrome/138.0.0.0 Safari/537.36"
27.147.191.110 - - [03/Jul/2026:06:30:56 +0330] "GET /wp-admin/plugin-editor.php?plugin=contact-form-7%2Fwp-contact-form-7.php&Submit=Select HTTP/1.1" 200 174867 "https://modoarpena.ir/wp-admin/plugin-editor.php" "Mozilla/5.0 (Windows NT 10.0; Win64; x64) AppleWebKit/537.36 (KHTML, like Gecko) Chrome/138.0.0.0 Safari/537.36"
27.147.191.110 - - [03/Jul/2026:06:30:59 +0330] "POST /wp-admin/admin-ajax.php HTTP/1.1" 200 98 "https://modoarpena.ir/wp-admin/plugin-editor.php" "Mozilla/5.0 (Windows NT 10.0; Win64; x64) AppleWebKit/537.36 (KHTML, like Gecko) Chrome/138.0.0.0 Safari/537.36"
27.147.191.110 - - [03/Jul/2026:06:30:40 +0330] "GET /wp-content/themes/jdpja/index.php HTTP/1.1" 403 787 "https://www.google.com/" "Mozilla/5.0 (Windows NT 10.0; Win64; x64) AppleWebKit/537.36 (KHTML, like Gecko) Chrome/91.0.4472.124 Safari/537.36"
27.147.191.110 - - [03/Jul/2026:06:31:01 +0330] "GET /wp-content/plugins/contact-form-7/wp-contact-form-7.php HTTP/1.1" 403 787 "https://modoarpena.ir/wp-admin/plugin-editor.php" "Mozilla/5.0 (Windows NT 10.0; Win64; x64) AppleWebKit/537.36 (KHTML, like Gecko) Chrome/138.0.0.0 Safari/537.36"
130.193.77.37 - - [03/Jul/2026:06:30:43 +0330] "POST /wp-cron.php?doing_wp_cron=1783047643.1666829586029052734375 HTTP/1.1" 200 0 "-" "WordPress/7.0; https://modoarpena.ir"
130.193.77.37 - - [03/Jul/2026:06:31:00 +0330] "GET /?wp_scrape_key=a55abf079d9ff22131bd482fb9766231&wp_scrape_nonce=1765693961 HTTP/1.1" 200 4728 "-" "WordPress/7.0; https://modoarpena.ir"
130.193.77.37 - - [03/Jul/2026:06:29:53 +0330] "POST /wp-cron.php?doing_wp_cron=1783047593.4073278903961181640625 HTTP/1.1" 200 0 "-" "WordPress/7.0; https://modoarpena.ir"
27.147.191.110 - - [03/Jul/2026:06:29:50 +0330] "HEAD / HTTP/1.1" 200 0 "https://modoarpena.ir/" "Mozilla/5.0 (Windows NT 10.0; Win64; x64) AppleWebKit/537.36 (KHTML, like Gecko) Chrome/91.0.4472.124 Safari/537.36"
27.147.191.110 - - [03/Jul/2026:06:30:22 +0330] "GET /wp-content/plugins/xyybg/index.php HTTP/1.1" 403 787 "-" "python-requests/2.32.3"
27.147.191.110 - - [03/Jul/2026:06:29:56 +0330] "HEAD / HTTP/1.1" 200 0 "https://modoarpena.ir/" "Mozilla/5.0 (Windows NT 10.0; Win64; x64) AppleWebKit/537.36 (KHTML, like Gecko) Chrome/91.0.4472.124 Safari/537.36"
130.193.77.37 - - [03/Jul/2026:06:30:09 +0330] "POST /wp-admin/admin-ajax.php?action=as_async_request_queue_runner&nonce=8773257dff HTTP/1.1" 200 0 "-" "WordPress/7.0; https://modoarpena.ir"
43.167.205.41 - - [03/Jul/2026:06:30:31 +0330] "GET /wp-login.php HTTP/2" 200 3914 "-" "Mozilla/5.0 (X11; Ubuntu; Linux x86_64) AppleWebKit/537.36 (KHTML, like Gecko) Chrome/133.0.0.0 Safari/537.36"
43.167.205.41 - - [03/Jul/2026:06:30:33 +0330] "POST /wp-login.php HTTP/2" 200 4084 "https://modoarpena.ir/wp-login.php" "Mozilla/5.0 (X11; Ubuntu; Linux x86_64) AppleWebKit/537.36 (KHTML, like Gecko) Chrome/133.0.0.0 Safari/537.36"
130.193.77.37 - - [03/Jul/2026:06:31:00 +0330] "GET /wp-admin/plugin-editor.php?plugin=contact-form-7%2Fwp-contact-form-7.php&file=contact-form-7%2Fwp-contact-form-7.php&wp_scrape_key=a55abf079d9ff22131bd482fb9766231&wp_scrape_nonce=1765693961 HTTP/1.1" 200 9316 "-" "WordPress/7.0; https://modoarpena.ir"
136.144.33.162 - - [03/Jul/2026:06:34:10 +0330] "POST /wp-login.php HTTP/1.1" 200 4793 "-" "Mozilla/5.0 (Windows NT 10.0; Win64; x64) AppleWebKit/537.36 Chrome/129.0.0.0 Safari/537.36"
52.167.144.143 - - [03/Jul/2026:06:39:47 +0330] "GET /product-category/bedding-set/elite-velvet/ HTTP/2" 200 3875 "-" "Mozilla/5.0 AppleWebKit/537.36 (KHTML, like Gecko; compatible; bingbot/2.0; +http://www.bing.com/bingbot.htm) Chrome/116.0.1938.76 Safari/537.36"
213.209.159.254 - - [03/Jul/2026:06:41:53 +0330] "GET /wp-login.php HTTP/2" 200 3875 "-" "Mozilla/5.0 (Windows NT 10.0; Win64; x64; rv:133.0) Gecko/20100101 Firefox/133.0"
87.192.224.131 - - [03/Jul/2026:06:40:16 +0330] "GET /wp-login.php HTTP/2" 200 3846 "-" "Mozilla/5.0 (X11; Linux i686) AppleWebKit/537.36 (KHTML, like Gecko) Chrome/133.0.0.0 Safari/537.36"
87.192.224.131 - - [03/Jul/2026:06:40:17 +0330] "POST /wp-login.php HTTP/2" 200 3791 "https://modoarpena.ir/wp-login.php" "Mozilla/5.0 (X11; Linux i686) AppleWebKit/537.36 (KHTML, like Gecko) Chrome/133.0.0.0 Safari/537.36"
213.209.159.254 - - [03/Jul/2026:06:41:55 +0330] "POST /xmlrpc.php HTTP/2" 200 3791 "-" "Mozilla/5.0 (Windows NT 10.0; Win64; x64; rv:133.0) Gecko/20100101 Firefox/133.0"
213.209.159.254 - - [03/Jul/2026:06:41:58 +0330] "POST /xmlrpc.php HTTP/2" 200 3871 "-" "Mozilla/5.0 (Windows NT 10.0; Win64; x64; rv:133.0) Gecko/20100101 Firefox/133.0"
213.209.159.254 - - [03/Jul/2026:06:42:53 +0330] "GET /wp-login.php HTTP/2" 200 3936 "-" "Mozilla/5.0 (Windows NT 10.0; Win64; x64) AppleWebKit/537.36 (KHTML, like Gecko) Chrome/124.0.0.0 Safari/537.36"
213.209.159.254 - - [03/Jul/2026:06:42:54 +0330] "GET /wp-login.php HTTP/2" 200 3973 "-" "Mozilla/5.0 (Windows NT 10.0; Win64; x64; rv:133.0) Gecko/20100101 Firefox/133.0"
23.254.151.98 - - [03/Jul/2026:06:44:34 +0330] "GET /wp-login.php HTTP/2" 200 3864 "-" "Mozilla/5.0 (Windows NT 10.0; Win64; x64; rv:133.0) Gecko/20100101 Firefox/133.0"
213.209.159.254 - - [03/Jul/2026:06:41:57 +0330] "POST /xmlrpc.php HTTP/2" 200 3875 "-" "Mozilla/5.0 (Windows NT 10.0; Win64; x64; rv:133.0) Gecko/20100101 Firefox/133.0"
23.254.151.98 - - [03/Jul/2026:06:42:49 +0330] "POST /xmlrpc.php HTTP/2" 200 3846 "-" "Mozilla/5.0 (Windows NT 10.0; Win64; x64; rv:133.0) Gecko/20100101 Firefox/133.0"
23.254.151.98 - - [03/Jul/2026:06:42:44 +0330] "POST /xmlrpc.php HTTP/2" 200 3875 "-" "Mozilla/5.0 (Windows NT 10.0; Win64; x64; rv:133.0) Gecko/20100101 Firefox/133.0"
23.254.151.98 - - [03/Jul/2026:06:42:51 +0330] "POST /xmlrpc.php HTTP/2" 200 3875 "-" "Mozilla/5.0 (Windows NT 10.0; Win64; x64) AppleWebKit/537.36 (KHTML, like Gecko) Chrome/124.0.0.0 Safari/537.36"
185.56.171.119 - - [03/Jul/2026:06:43:34 +0330] "GET /wp-login.php HTTP/2" 200 3852 "-" "Mozilla/5.0 (Windows NT 10.0; Win64; x64; rv:133.0) Gecko/20100101 Firefox/133.0"
157.173.101.89 - - [03/Jul/2026:06:42:09 +0330] "POST /xmlrpc.php HTTP/2" 200 3791 "-" "Mozilla/5.0 (Windows NT 10.0; Win64; x64) AppleWebKit/537.36 (KHTML, like Gecko) Chrome/124.0.0.0 Safari/537.36"
185.56.171.119 - - [03/Jul/2026:06:42:12 +0330] "POST /xmlrpc.php HTTP/2" 200 3973 "-" "Mozilla/5.0 (Windows NT 10.0; Win64; x64) AppleWebKit/537.36 (KHTML, like Gecko) Chrome/124.0.0.0 Safari/537.36"
185.56.171.119 - - [03/Jul/2026:06:42:15 +0330] "POST /xmlrpc.php HTTP/2" 200 3875 "-" "Mozilla/5.0 (Windows NT 10.0; Win64; x64; rv:133.0) Gecko/20100101 Firefox/133.0"
23.254.151.98 - - [03/Jul/2026:06:42:46 +0330] "POST /xmlrpc.php HTTP/2" 200 3875 "-" "Mozilla/5.0 (Windows NT 10.0; Win64; x64) AppleWebKit/537.36 (KHTML, like Gecko) Chrome/124.0.0.0 Safari/537.36"
185.56.171.119 - - [03/Jul/2026:06:42:55 +0330] "GET /wp-login.php HTTP/2" 200 3875 "-" "Mozilla/5.0 (Windows NT 10.0; Win64; x64; rv:133.0) Gecko/20100101 Firefox/133.0"
103.166.182.186 - - [03/Jul/2026:06:42:59 +0330] "GET /wp-login.php HTTP/2" 200 3875 "-" "Mozilla/5.0 (Windows NT 10.0; Win64; x64; rv:133.0) Gecko/20100101 Firefox/133.0"
185.56.171.119 - - [03/Jul/2026:06:44:05 +0330] "GET /wp-login.php HTTP/2" 200 3864 "-" "Mozilla/5.0 (Windows NT 10.0; Win64; x64; rv:133.0) Gecko/20100101 Firefox/133.0"
178.151.245.162 - - [03/Jul/2026:06:48:20 +0330] "GET /robots.txt HTTP/1.1" 200 23 "-" "Mozilla/5.0 (compatible; MJ12bot/v1.4.8; http://mj12bot.com/)"
178.151.245.162 - - [03/Jul/2026:06:48:22 +0330] "GET /product/%D8%A2%D8%A8%D8%A7%DA%98%D9%88%D8%B1-%D8%B1%D9%88%D9%85%DB%8C%D8%B2%DB%8C-%D9%85%D8%AF%D9%84-%D8%A7%DB%8C%D9%88%D9%88/ HTTP/1.1" 200 3875 "-" "Mozilla/5.0 (compatible; MJ12bot/v1.4.8; http://mj12bot.com/)"
178.151.245.162 - - [03/Jul/2026:06:48:24 +0330] "GET /product/%D8%A2%D8%A8%D8%A7%DA%98%D9%88%D8%B1-%D8%B1%D9%88%D9%85%DB%8C%D8%B2%DB%8C-%D9%85%D8%AF%D9%84-%D8%A7%DB%8C%D9%88%D9%88/feed/ HTTP/1.1" 200 3875 "-" "Mozilla/5.0 (compatible; MJ12bot/v1.4.8; http://mj12bot.com/)"
178.151.245.162 - - [03/Jul/2026:06:48:25 +0330] "GET /product/%D8%A8%D8%A7%D9%84%D8%B4-%DA%A9%D8%A7%D9%85%D9%81%D9%88%D8%B1%D8%AA/ HTTP/1.1" 200 3791 "-" "Mozilla/5.0 (compatible; MJ12bot/v1.4.8; http://mj12bot.com/)"
178.151.245.162 - - [03/Jul/2026:06:48:27 +0330] "GET /product/%D8%A8%D8%A7%D9%84%D8%B4-%DA%A9%D8%A7%D9%85%D9%81%D9%88%D8%B1%D8%AA/feed/ HTTP/1.1" 200 3825 "-" "Mozilla/5.0 (compatible; MJ12bot/v1.4.8; http://mj12bot.com/)"
178.151.245.162 - - [03/Jul/2026:06:48:28 +0330] "GET /product/%D8%B1%D9%88%D8%AA%D8%AE%D8%AA%DB%8C-%D8%B7%D8%B1%D8%AD-%D9%84%D9%86%D9%88%D8%B1%D8%A7-%D8%AE%D8%A7%DA%A9%D8%B3%D8%AA%D8%B1%DB%8C/ HTTP/1.1" 200 3791 "-" "Mozilla/5.0 (compatible; MJ12bot/v1.4.8; http://mj12bot.com/)"
178.151.245.162 - - [03/Jul/2026:06:48:30 +0330] "GET /product/%D8%B1%D9%88%D8%AA%D8%AE%D8%AA%DB%8C-%D8%B7%D8%B1%D8%AD-%D9%84%D9%86%D9%88%D8%B1%D8%A7-%D8%AE%D8%A7%DA%A9%D8%B3%D8%AA%D8%B1%DB%8C/feed/ HTTP/1.1" 200 3973 "-" "Mozilla/5.0 (compatible; MJ12bot/v1.4.8; http://mj12bot.com/)"
178.151.245.162 - - [03/Jul/2026:06:48:32 +0330] "GET /product/%D8%B3%D8%AA-%D8%B1%D9%88-%D8%AA%D8%AE%D8%AA%DB%8C-%D9%85%D8%AF%D9%84-%D8%A8%D8%A7%D8%B1%D8%A7%DB%8C/ HTTP/1.1" 200 3973 "-" "Mozilla/5.0 (compatible; MJ12bot/v1.4.8; http://mj12bot.com/)"
178.151.245.162 - - [03/Jul/2026:06:48:33 +0330] "GET /product/%D8%B3%D8%AA-%D8%B1%D9%88-%D8%AA%D8%AE%D8%AA%DB%8C-%D9%85%D8%AF%D9%84-%D8%B3%D8%A7%D8%B1%DB%8C%D9%86%D8%A7/ HTTP/1.1" 200 3875 "-" "Mozilla/5.0 (compatible; MJ12bot/v1.4.8; http://mj12bot.com/)"
178.151.245.162 - - [03/Jul/2026:06:48:35 +0330] "GET /product/%D8%B3%D8%AA-%D8%B1%D9%88-%D8%AA%D8%AE%D8%AA%DB%8C-%D9%85%D8%AF%D9%84-%D9%88%D9%86%D9%88%D8%B3/ HTTP/1.1" 200 3936 "-" "Mozilla/5.0 (compatible; MJ12bot/v1.4.8; http://mj12bot.com/)"
178.151.245.162 - - [03/Jul/2026:06:48:37 +0330] "GET /product/%D8%B3%D8%AA-%D9%85%D9%84%D8%AD%D9%81%D9%87-%D8%B3%D8%A7%D8%AF%D9%87/ HTTP/1.1" 200 3875 "-" "Mozilla/5.0 (compatible; MJ12bot/v1.4.8; http://mj12bot.com/)"
178.151.245.162 - - [03/Jul/2026:06:48:38 +0330] "GET /product/%D8%B3%D8%AA-%D9%85%D9%84%D8%AD%D9%81%D9%87-%D8%B3%D8%A7%D8%AF%D9%87/feed/ HTTP/1.1" 200 3875 "-" "Mozilla/5.0 (compatible; MJ12bot/v1.4.8; http://mj12bot.com/)"
178.151.245.162 - - [03/Jul/2026:06:48:40 +0330] "GET /product/%D9%84%D8%AD%D8%A7%D9%81-%D8%AF%D8%A7%D9%88%D9%86-%D9%BE%D8%B1%D9%88%D9%81-%D9%85%D9%88%D8%AF%D9%88/ HTTP/1.1" 200 3936 "-" "Mozilla/5.0 (compatible; MJ12bot/v1.4.8; http://mj12bot.com/)"
178.151.245.162 - - [03/Jul/2026:06:48:41 +0330] "GET /product/%D9%84%D8%AD%D8%A7%D9%81-%DA%86%D9%87%D8%A7%D8%B1-%D9%81%D8%B5%D9%84-%D9%87%D8%AA%D9%84%DA%A9%D8%B3/ HTTP/1.1" 200 3791 "-" "Mozilla/5.0 (compatible; MJ12bot/v1.4.8; http://mj12bot.com/)"
185.56.171.119 - - [03/Jul/2026:06:51:08 +0330] "GET /wp-login.php HTTP/2" 200 3875 "-" "Mozilla/5.0 (Windows NT 10.0; Win64; x64; rv:133.0) Gecko/20100101 Firefox/133.0"
23.254.151.98 - - [03/Jul/2026:06:51:10 +0330] "GET /wp-login.php HTTP/2" 200 3875 "-" "Mozilla/5.0 (Windows NT 10.0; Win64; x64; rv:133.0) Gecko/20100101 Firefox/133.0"
164.138.220.142 - - [03/Jul/2026:06:51:14 +0330] "GET /wp-login.php HTTP/2" 200 3973 "-" "Mozilla/5.0 (Windows NT 10.0; Win64; x64) AppleWebKit/537.36 (KHTML, like Gecko) Chrome/124.0.0.0 Safari/537.36"
43.167.205.41 - - [03/Jul/2026:06:44:40 +0330] "GET /wp-login.php HTTP/2" 200 3796 "-" "Mozilla/5.0 (Windows NT 10.0; Win64; x64; rv:133.0) Gecko/20100101 Firefox/133.0"
23.254.151.98 - - [03/Jul/2026:06:44:55 +0330] "GET /wp-login.php HTTP/2" 200 3846 "-" "Mozilla/5.0 (Windows NT 10.0; Win64; x64) AppleWebKit/537.36 (KHTML, like Gecko) Chrome/124.0.0.0 Safari/537.36"
194.163.131.55 - - [03/Jul/2026:06:45:06 +0330] "GET /wp-login.php HTTP/2" 200 3791 "-" "Mozilla/5.0 (Windows NT 10.0; Win64; x64; rv:133.0) Gecko/20100101 Firefox/133.0"
179.127.11.105 - - [03/Jul/2026:06:44:52 +0330] "GET /wp-login.php HTTP/2" 200 3791 "-" "Mozilla/5.0 (Windows NT 10.0; Win64; x64) AppleWebKit/537.36 (KHTML, like Gecko) Chrome/124.0.0.0 Safari/537.36"
52.167.144.143 - - [03/Jul/2026:06:47:38 +0330] "GET /blog/ HTTP/2" 200 3846 "-" "Mozilla/5.0 AppleWebKit/537.36 (KHTML, like Gecko; compatible; bingbot/2.0; +http://www.bing.com/bingbot.htm) Chrome/116.0.1938.76 Safari/537.36"
23.254.151.98 - - [03/Jul/2026:06:45:05 +0330] "GET /wp-login.php HTTP/2" 200 3791 "-" "Mozilla/5.0 (Windows NT 10.0; Win64; x64) AppleWebKit/537.36 (KHTML, like Gecko) Chrome/124.0.0.0 Safari/537.36"
113.160.142.119 - admin [03/Jul/2026:06:58:37 +0330] "GET /wp-json/wp/v2/users/me HTTP/2" 200 3846 "-" "Mozilla/5.0 (Windows NT 10.0; Win64; x64; rv:133.0) Gecko/20100101 Firefox/133.0"
23.254.151.98 - - [03/Jul/2026:06:44:49 +0330] "GET /wp-login.php HTTP/2" 200 3871 "-" "Mozilla/5.0 (Windows NT 10.0; Win64; x64) AppleWebKit/537.36 (KHTML, like Gecko) Chrome/124.0.0.0 Safari/537.36"
13.228.246.83 - - [03/Jul/2026:06:47:40 +0330] "GET /wp-login.php HTTP/2" 200 3936 "-" "Mozilla/5.0 (Windows NT 10.0; Win64; x64) AppleWebKit/537.36 (KHTML, like Gecko) Chrome/124.0.0.0 Safari/537.36"
139.59.184.99 - - [03/Jul/2026:06:48:28 +0330] "GET /wp-login.php HTTP/2" 200 3864 "-" "Mozilla/5.0 (Windows NT 10.0; Win64; x64) AppleWebKit/537.36 (KHTML, like Gecko) Chrome/124.0.0.0 Safari/537.36"
185.56.171.119 - - [03/Jul/2026:06:53:39 +0330] "GET /wp-login.php HTTP/2" 200 3871 "-" "Mozilla/5.0 (Windows NT 10.0; Win64; x64; rv:133.0) Gecko/20100101 Firefox/133.0"
185.56.171.119 - - [03/Jul/2026:06:45:10 +0330] "GET /wp-login.php HTTP/2" 200 3846 "-" "Mozilla/5.0 (Windows NT 10.0; Win64; x64; rv:133.0) Gecko/20100101 Firefox/133.0"
64.70.199.114 - - [03/Jul/2026:06:49:42 +0330] "GET /wp-login.php HTTP/2" 200 3826 "-" "Mozilla/5.0 (Windows NT 10.0; Win64; x64; rv:133.0) Gecko/20100101 Firefox/133.0"
103.101.58.128 - - [03/Jul/2026:06:49:48 +0330] "GET /wp-login.php HTTP/2" 200 3875 "-" "Mozilla/5.0 (Windows NT 10.0; Win64; x64) AppleWebKit/537.36 (KHTML, like Gecko) Chrome/124.0.0.0 Safari/537.36"
185.56.171.119 - - [03/Jul/2026:06:51:11 +0330] "GET /wp-login.php HTTP/2" 200 3875 "-" "Mozilla/5.0 (Windows NT 10.0; Win64; x64; rv:133.0) Gecko/20100101 Firefox/133.0"
23.254.151.98 - - [03/Jul/2026:06:48:27 +0330] "GET /wp-login.php HTTP/2" 200 3846 "-" "Mozilla/5.0 (Windows NT 10.0; Win64; x64) AppleWebKit/537.36 (KHTML, like Gecko) Chrome/124.0.0.0 Safari/537.36"
179.127.11.105 - - [03/Jul/2026:06:50:42 +0330] "GET /wp-login.php HTTP/2" 200 3875 "-" "Mozilla/5.0 (Windows NT 10.0; Win64; x64; rv:133.0) Gecko/20100101 Firefox/133.0"
23.254.151.98 - - [03/Jul/2026:06:44:45 +0330] "GET /wp-login.php HTTP/2" 200 3864 "-" "Mozilla/5.0 (Windows NT 10.0; Win64; x64) AppleWebKit/537.36 (KHTML, like Gecko) Chrome/124.0.0.0 Safari/537.36"
144.16.144.93 - - [03/Jul/2026:06:44:59 +0330] "GET /wp-login.php HTTP/2" 200 3791 "-" "Mozilla/5.0 (Windows NT 10.0; Win64; x64; rv:133.0) Gecko/20100101 Firefox/133.0"
23.254.151.98 - - [03/Jul/2026:06:47:31 +0330] "GET /wp-login.php HTTP/2" 200 3825 "-" "Mozilla/5.0 (Windows NT 10.0; Win64; x64; rv:133.0) Gecko/20100101 Firefox/133.0"
94.20.25.28 - - [03/Jul/2026:06:49:10 +0330] "GET /wp-login.php HTTP/2" 200 3846 "-" "Mozilla/5.0 (Windows NT 10.0; Win64; x64) AppleWebKit/537.36 (KHTML, like Gecko) Chrome/124.0.0.0 Safari/537.36"
23.254.151.98 - - [03/Jul/2026:06:49:16 +0330] "GET /wp-login.php HTTP/2" 200 3936 "-" "Mozilla/5.0 (Windows NT 10.0; Win64; x64; rv:133.0) Gecko/20100101 Firefox/133.0"
194.164.192.228 - - [03/Jul/2026:06:54:15 +0330] "GET /wp-login.php HTTP/2" 200 3875 "-" "Mozilla/5.0 (Windows NT 10.0; Win64; x64; rv:133.0) Gecko/20100101 Firefox/133.0"
194.164.192.228 - - [03/Jul/2026:06:45:09 +0330] "GET /wp-login.php HTTP/2" 200 3791 "-" "Mozilla/5.0 (Windows NT 10.0; Win64; x64) AppleWebKit/537.36 (KHTML, like Gecko) Chrome/124.0.0.0 Safari/537.36"
23.254.151.98 - - [03/Jul/2026:06:47:44 +0330] "GET /wp-login.php HTTP/2" 200 3864 "-" "Mozilla/5.0 (Windows NT 10.0; Win64; x64; rv:133.0) Gecko/20100101 Firefox/133.0"
23.254.151.98 - - [03/Jul/2026:06:49:01 +0330] "GET /wp-login.php HTTP/2" 200 3791 "-" "Mozilla/5.0 (Windows NT 10.0; Win64; x64; rv:133.0) Gecko/20100101 Firefox/133.0"
185.56.171.119 - - [03/Jul/2026:06:49:07 +0330] "GET /wp-login.php HTTP/2" 200 3846 "-" "Mozilla/5.0 (Windows NT 10.0; Win64; x64; rv:133.0) Gecko/20100101 Firefox/133.0"
194.164.192.228 - - [03/Jul/2026:06:49:13 +0330] "GET /wp-login.php HTTP/2" 200 3825 "-" "Mozilla/5.0 (Windows NT 10.0; Win64; x64; rv:133.0) Gecko/20100101 Firefox/133.0"
23.254.151.98 - - [03/Jul/2026:06:50:38 +0330] "GET /wp-login.php HTTP/2" 200 3973 "-" "Mozilla/5.0 (Windows NT 10.0; Win64; x64) AppleWebKit/537.36 (KHTML, like Gecko) Chrome/124.0.0.0 Safari/537.36"
185.56.171.119 - - [03/Jul/2026:06:51:19 +0330] "GET /wp-login.php HTTP/2" 200 3875 "-" "Mozilla/5.0 (Windows NT 10.0; Win64; x64; rv:133.0) Gecko/20100101 Firefox/133.0"
185.56.171.119 - - [03/Jul/2026:06:53:38 +0330] "GET /wp-login.php HTTP/2" 200 3831 "-" "Mozilla/5.0 (Windows NT 10.0; Win64; x64) AppleWebKit/537.36 (KHTML, like Gecko) Chrome/124.0.0.0 Safari/537.36"
216.73.216.103 - - [03/Jul/2026:06:55:35 +0330] "GET /robots.txt HTTP/2" 200 23 "-" "Mozilla/5.0 AppleWebKit/537.36 (KHTML, like Gecko; compatible; ClaudeBot/1.0; +claudebot@anthropic.com)"
216.73.216.103 - - [03/Jul/2026:06:55:35 +0330] "GET /sitemap.xml HTTP/2" 200 3871 "-" "Mozilla/5.0 AppleWebKit/537.36 (KHTML, like Gecko; compatible; ClaudeBot/1.0; +claudebot@anthropic.com)"
136.144.33.160 - - [03/Jul/2026:06:48:34 +0330] "POST /wp-login.php HTTP/1.1" 200 4793 "-" "Mozilla/5.0 (Windows NT 10.0; Win64; rv:143.0) Gecko/20100101 Firefox/143.0"
185.56.171.119 - - [03/Jul/2026:06:48:59 +0330] "GET /wp-login.php HTTP/2" 200 3905 "-" "Mozilla/5.0 (Windows NT 10.0; Win64; x64) AppleWebKit/537.36 (KHTML, like Gecko) Chrome/124.0.0.0 Safari/537.36"
23.254.151.98 - - [03/Jul/2026:06:50:21 +0330] "GET /wp-login.php HTTP/2" 200 3791 "-" "Mozilla/5.0 (Windows NT 10.0; Win64; x64) AppleWebKit/537.36 (KHTML, like Gecko) Chrome/124.0.0.0 Safari/537.36"
185.56.171.119 - - [03/Jul/2026:06:53:34 +0330] "GET /wp-login.php HTTP/2" 200 3864 "-" "Mozilla/5.0 (Windows NT 10.0; Win64; x64; rv:133.0) Gecko/20100101 Firefox/133.0"
198.46.211.159 - - [03/Jul/2026:07:08:55 +0330] "GET /wp-login.php HTTP/2" 200 3846 "-" "Mozilla/5.0 (Windows NT 10.0; Win64; x64) AppleWebKit/537.36 (KHTML, like Gecko) Chrome/120.0.0.0 Safari/537.36"
94.23.188.216 - - [03/Jul/2026:07:13:46 +0330] "GET /product/asanoha-tencel-bedspread/feed/ HTTP/2" 200 3871 "-" "Mozilla/5.0 (compatible; AhrefsBot/7.0; +http://ahrefs.com/robot/)"
136.144.33.157 - - [03/Jul/2026:07:03:04 +0330] "POST /wp-login.php HTTP/1.1" 200 4662 "-" "Mozilla/5.0 (Windows NT 10.0; Win64; x64) AppleWebKit/537.36 Chrome/129.0.0.0 Safari/537.36"
74.125.217.160 - - [03/Jul/2026:07:09:20 +0330] "GET /items/V381877390/ HTTP/1.1" 200 3791 "-" "Mozilla/5.0 (X11; Linux x86_64) AppleWebKit/537.36 (KHTML, like Gecko) Chrome/149.0.7827.200 Safari/537.36"
136.144.33.158 - - [03/Jul/2026:07:17:33 +0330] "POST /wp-login.php HTTP/1.1" 200 4793 "-" "Mozilla/5.0 (Windows NT 10.0; Win64; x64) AppleWebKit/537.36 Chrome/129.0.0.0 Safari/537.36"
66.249.74.162 - - [03/Jul/2026:07:34:40 +0330] "GET /feed/ HTTP/1.1" 200 3875 "-" "Mozilla/5.0 (Linux; Android 6.0.1; Nexus 5X Build/MMB29P) AppleWebKit/537.36 (KHTML, like Gecko) Chrome/150.0.7871.46 Mobile Safari/537.36 (compatible; Googlebot/2.1; +http://www.google.com/bot.html)"
136.144.33.243 - - [03/Jul/2026:07:32:09 +0330] "POST /wp-login.php HTTP/1.1" 200 4793 "-" "Mozilla/5.0 (Windows NT 10.0; Win64; x64) AppleWebKit/537.36 Chrome/129.0.0.0 Safari/537.36"
66.249.74.160 - - [03/Jul/2026:07:35:54 +0330] "GET /comments/feed/ HTTP/1.1" 200 3875 "-" "Mozilla/5.0 (Linux; Android 6.0.1; Nexus 5X Build/MMB29P) AppleWebKit/537.36 (KHTML, like Gecko) Chrome/150.0.7871.46 Mobile Safari/537.36 (compatible; Googlebot/2.1; +http://www.google.com/bot.html)"
216.73.216.103 - - [03/Jul/2026:07:47:25 +0330] "GET /sitemap.xml?path=%2Fhome%2Fpelakir%2Fpublic_html%2F.well-known HTTP/2" 200 2830 "-" "Mozilla/5.0 AppleWebKit/537.36 (KHTML, like Gecko; compatible; ClaudeBot/1.0; +claudebot@anthropic.com)"
216.73.216.103 - - [03/Jul/2026:07:47:25 +0330] "GET /sitemap.xml?fileloc=%2Fhome%2Fpelakir%2Fpublic_html%2Fwp-comments-post.php&path=%2Fhome%2Fpelakir%2Fpublic_html HTTP/2" 200 3633 "-" "Mozilla/5.0 AppleWebKit/537.36 (KHTML, like Gecko; compatible; ClaudeBot/1.0; +claudebot@anthropic.com)"
216.73.216.103 - - [03/Jul/2026:07:48:35 +0330] "GET /sitemap.xml?fileloc=%2Fhome%2Fpelakir%2Fpublic_html%2Fwp-cron.php&path=%2Fhome%2Fpelakir%2Fpublic_html HTTP/2" 200 4655 "-" "Mozilla/5.0 AppleWebKit/537.36 (KHTML, like Gecko; compatible; ClaudeBot/1.0; +claudebot@anthropic.com)"
216.73.216.103 - - [03/Jul/2026:07:48:35 +0330] "GET /sitemap.xml?fileloc=%2Fhome%2Fpelakir%2Fpublic_html%2Fabout.php&path=%2Fhome%2Fpelakir%2Fpublic_html HTTP/2" 200 3287 "-" "Mozilla/5.0 AppleWebKit/537.36 (KHTML, like Gecko; compatible; ClaudeBot/1.0; +claudebot@anthropic.com)"
216.73.216.103 - - [03/Jul/2026:07:46:25 +0330] "GET /sitemap.xml?path=%2Fhome HTTP/2" 200 2833 "-" "Mozilla/5.0 AppleWebKit/537.36 (KHTML, like Gecko; compatible; ClaudeBot/1.0; +claudebot@anthropic.com)"
216.73.216.103 - - [03/Jul/2026:07:46:25 +0330] "GET /sitemap.xml?path=%2F HTTP/2" 200 3251 "-" "Mozilla/5.0 AppleWebKit/537.36 (KHTML, like Gecko; compatible; ClaudeBot/1.0; +claudebot@anthropic.com)"
216.73.216.103 - - [03/Jul/2026:07:46:51 +0330] "GET /sitemap.xml?path=%2Fhome%2Fpelakir%2Fpublic_html HTTP/2" 200 3875 "-" "Mozilla/5.0 AppleWebKit/537.36 (KHTML, like Gecko; compatible; ClaudeBot/1.0; +claudebot@anthropic.com)"
216.73.216.103 - - [03/Jul/2026:07:46:51 +0330] "GET /sitemap.xml?path=%2Fhome%2Fpelakir%2Fpublic_html%2Fwp-includes HTTP/2" 200 13569 "-" "Mozilla/5.0 AppleWebKit/537.36 (KHTML, like Gecko; compatible; ClaudeBot/1.0; +claudebot@anthropic.com)"
216.73.216.103 - - [03/Jul/2026:07:46:42 +0330] "GET /sitemap.xml?path=%2Fhome%2Fpelakir HTTP/2" 200 4031 "-" "Mozilla/5.0 AppleWebKit/537.36 (KHTML, like Gecko; compatible; ClaudeBot/1.0; +claudebot@anthropic.com)"
216.73.216.103 - - [03/Jul/2026:07:46:42 +0330] "GET /sitemap.xml?path=%2Fhome%2Fpelakir%2Fpublic_html%2Fwp-admin HTTP/2" 200 6779 "-" "Mozilla/5.0 AppleWebKit/537.36 (KHTML, like Gecko; compatible; ClaudeBot/1.0; +claudebot@anthropic.com)"
216.73.216.103 - - [03/Jul/2026:07:47:15 +0330] "GET /sitemap.xml?path=%2Fhome%2Fpelakir%2Fpublic_html%2Fwp-content HTTP/2" 200 3357 "-" "Mozilla/5.0 AppleWebKit/537.36 (KHTML, like Gecko; compatible; ClaudeBot/1.0; +claudebot@anthropic.com)"
216.73.216.103 - - [03/Jul/2026:07:47:15 +0330] "GET /sitemap.xml?path=%2Fhome%2Fpelakir%2Fpublic_html%2F.tmb HTTP/2" 200 2887 "-" "Mozilla/5.0 AppleWebKit/537.36 (KHTML, like Gecko; compatible; ClaudeBot/1.0; +claudebot@anthropic.com)"
216.73.216.103 - - [03/Jul/2026:07:47:41 +0330] "GET /sitemap.xml?fileloc=%2Fhome%2Fpelakir%2Fpublic_html%2Fwp-config-sample.php&path=%2Fhome%2Fpelakir%2Fpublic_html HTTP/2" 200 3848 "-" "Mozilla/5.0 AppleWebKit/537.36 (KHTML, like Gecko; compatible; ClaudeBot/1.0; +claudebot@anthropic.com)"
216.73.216.103 - - [03/Jul/2026:07:47:41 +0330] "GET /sitemap.xml?fileloc=%2Fhome%2Fpelakir%2Fpublic_html%2Fxmlrpc.php&path=%2Fhome%2Fpelakir%2Fpublic_html HTTP/2" 200 4005 "-" "Mozilla/5.0 AppleWebKit/537.36 (KHTML, like Gecko; compatible; ClaudeBot/1.0; +claudebot@anthropic.com)"
216.73.216.103 - - [03/Jul/2026:07:48:46 +0330] "GET /sitemap.xml?fileloc=%2Fhome%2Fpelakir%2Fpublic_html%2Fwp-config.php&path=%2Fhome%2Fpelakir%2Fpublic_html HTTP/2" 200 3791 "-" "Mozilla/5.0 AppleWebKit/537.36 (KHTML, like Gecko; compatible; ClaudeBot/1.0; +claudebot@anthropic.com)"
216.73.216.103 - - [03/Jul/2026:07:48:46 +0330] "GET /sitemap.xml?fileloc=%2Fhome%2Fpelakir%2Fpublic_html%2Fwp-mail.php&path=%2Fhome%2Fpelakir%2Fpublic_html HTTP/2" 200 5752 "-" "Mozilla/5.0 AppleWebKit/537.36 (KHTML, like Gecko; compatible; ClaudeBot/1.0; +claudebot@anthropic.com)"
51.68.247.205 - - [03/Jul/2026:07:47:21 +0330] "GET /product/bagh-bahar-austrian-tencel-bedding/ HTTP/2" 200 3875 "-" "Mozilla/5.0 (compatible; AhrefsBot/7.0; +http://ahrefs.com/robot/)"
216.73.216.103 - - [03/Jul/2026:07:48:09 +0330] "GET /sitemap.xml?fileloc=%2Fhome%2Fpelakir%2Fpublic_html%2Fwp-trackback.php&path=%2Fhome%2Fpelakir%2Fpublic_html HTTP/2" 200 4531 "-" "Mozilla/5.0 AppleWebKit/537.36 (KHTML, like Gecko; compatible; ClaudeBot/1.0; +claudebot@anthropic.com)"
216.73.216.103 - - [03/Jul/2026:07:48:09 +0330] "GET /sitemap.xml?fileloc=%2Fhome%2Fpelakir%2Fpublic_html%2Fwp-settings.php&path=%2Fhome%2Fpelakir%2Fpublic_html HTTP/2" 200 9189 "-" "Mozilla/5.0 AppleWebKit/537.36 (KHTML, like Gecko; compatible; ClaudeBot/1.0; +claudebot@anthropic.com)"
216.73.216.103 - - [03/Jul/2026:07:47:55 +0330] "GET /sitemap.xml?fileloc=%2Fhome%2Fpelakir%2Fpublic_html%2Fwp-activate.php&path=%2Fhome%2Fpelakir%2Fpublic_html HTTP/2" 200 5144 "-" "Mozilla/5.0 AppleWebKit/537.36 (KHTML, like Gecko; compatible; ClaudeBot/1.0; +claudebot@anthropic.com)"
216.73.216.103 - - [03/Jul/2026:07:47:55 +0330] "GET /sitemap.xml?fileloc=%2Fhome%2Fpelakir%2Fpublic_html%2Fwp-load.php&path=%2Fhome%2Fpelakir%2Fpublic_html HTTP/2" 200 4174 "-" "Mozilla/5.0 AppleWebKit/537.36 (KHTML, like Gecko; compatible; ClaudeBot/1.0; +claudebot@anthropic.com)"
216.73.216.103 - - [03/Jul/2026:07:49:30 +0330] "GET /sitemap.xml?fileloc=%2Fhome%2Fpelakir%2Fpublic_html%2Findex.php&path=%2Fhome%2Fpelakir%2Fpublic_html HTTP/2" 200 2760 "-" "Mozilla/5.0 AppleWebKit/537.36 (KHTML, like Gecko; compatible; ClaudeBot/1.0; +claudebot@anthropic.com)"
216.73.216.103 - - [03/Jul/2026:07:52:00 +0330] "GET /sitemap.xml?fileloc=%2Fhome%2Fpelakir%2Fpublic_html%2Fllms.txt&path=%2Fhome%2Fpelakir%2Fpublic_html HTTP/2" 200 4366 "-" "Mozilla/5.0 AppleWebKit/537.36 (KHTML, like Gecko; compatible; ClaudeBot/1.0; +claudebot@anthropic.com)"
216.73.216.103 - - [03/Jul/2026:07:52:13 +0330] "GET /sitemap.xml?fileloc=%2Fhome%2Fpelakir%2Fpublic_html%2Frobots.txt&path=%2Fhome%2Fpelakir%2Fpublic_html HTTP/2" 200 2513 "-" "Mozilla/5.0 AppleWebKit/537.36 (KHTML, like Gecko; compatible; ClaudeBot/1.0; +claudebot@anthropic.com)"
52.167.144.24 - - [03/Jul/2026:07:55:27 +0330] "GET /shop/page/2/?opts=hover_icons_cart HTTP/2" 200 3846 "-" "Mozilla/5.0 AppleWebKit/537.36 (KHTML, like Gecko; compatible; bingbot/2.0; +http://www.bing.com/bingbot.htm) Chrome/116.0.1938.76 Safari/537.36"
