205.169.39.85 - - [03/Jul/2026:02:41:50 +0330] "GET /wp-content/themes/woodmart/css/parts/footer-base.min.css?ver=8.4.0 HTTP/2" 200 302 "https://modoarpena.ir/" "Mozilla/5.0 (Windows NT 10.0; Win64; x64) AppleWebKit/537.36 (KHTML, like Gecko) Chrome/79.0.3945.79 Safari/537.36"
205.169.39.85 - - [03/Jul/2026:02:41:50 +0330] "GET /wp-content/themes/woodmart/css/parts/el-text-block.min.css?ver=8.4.0 HTTP/2" 200 110 "https://modoarpena.ir/" "Mozilla/5.0 (Windows NT 10.0; Win64; x64) AppleWebKit/537.36 (KHTML, like Gecko) Chrome/79.0.3945.79 Safari/537.36"
205.169.39.85 - - [03/Jul/2026:02:41:50 +0330] "GET /wp-content/themes/woodmart/css/parts/el-list-rtl.min.css?ver=8.4.0 HTTP/2" 200 579 "https://modoarpena.ir/" "Mozilla/5.0 (Windows NT 10.0; Win64; x64) AppleWebKit/537.36 (KHTML, like Gecko) Chrome/79.0.3945.79 Safari/537.36"
205.169.39.85 - - [03/Jul/2026:02:41:50 +0330] "GET /wp-content/themes/woodmart/css/parts/el-list-wpb-elem.min.css?ver=8.4.0 HTTP/2" 200 151 "https://modoarpena.ir/" "Mozilla/5.0 (Windows NT 10.0; Win64; x64) AppleWebKit/537.36 (KHTML, like Gecko) Chrome/79.0.3945.79 Safari/537.36"
205.169.39.85 - - [03/Jul/2026:02:41:50 +0330] "GET /wp-content/themes/woodmart/css/parts/el-section-title-style-simple-and-brd-rtl.min.css?ver=8.4.0 HTTP/2" 200 343 "https://modoarpena.ir/" "Mozilla/5.0 (Windows NT 10.0; Win64; x64) AppleWebKit/537.36 (KHTML, like Gecko) Chrome/79.0.3945.79 Safari/537.36"
205.169.39.85 - - [03/Jul/2026:02:41:50 +0330] "GET /wp-content/themes/woodmart/css/parts/opt-scrolltotop-rtl.min.css?ver=8.4.0 HTTP/2" 200 355 "https://modoarpena.ir/" "Mozilla/5.0 (Windows NT 10.0; Win64; x64) AppleWebKit/537.36 (KHTML, like Gecko) Chrome/79.0.3945.79 Safari/537.36"
205.169.39.85 - - [03/Jul/2026:02:41:50 +0330] "GET /wp-content/themes/woodmart/css/parts/header-el-search-fullscreen-general.min.css?ver=8.4.0 HTTP/2" 200 609 "https://modoarpena.ir/" "Mozilla/5.0 (Windows NT 10.0; Win64; x64) AppleWebKit/537.36 (KHTML, like Gecko) Chrome/79.0.3945.79 Safari/537.36"
205.169.39.85 - - [03/Jul/2026:02:41:50 +0330] "GET /wp-content/themes/woodmart/css/parts/header-el-search-fullscreen-1.min.css?ver=8.4.0 HTTP/2" 200 827 "https://modoarpena.ir/" "Mozilla/5.0 (Windows NT 10.0; Win64; x64) AppleWebKit/537.36 (KHTML, like Gecko) Chrome/79.0.3945.79 Safari/537.36"
205.169.39.85 - - [03/Jul/2026:02:41:50 +0330] "GET /wp-content/themes/woodmart/css/parts/wd-search-form.min.css?ver=8.4.0 HTTP/2" 200 640 "https://modoarpena.ir/" "Mozilla/5.0 (Windows NT 10.0; Win64; x64) AppleWebKit/537.36 (KHTML, like Gecko) Chrome/79.0.3945.79 Safari/537.36"
205.169.39.85 - - [03/Jul/2026:02:41:50 +0330] "GET /wp-content/themes/woodmart/css/parts/wd-search-results.min.css?ver=8.4.0 HTTP/2" 200 819 "https://modoarpena.ir/" "Mozilla/5.0 (Windows NT 10.0; Win64; x64) AppleWebKit/537.36 (KHTML, like Gecko) Chrome/79.0.3945.79 Safari/537.36"
205.169.39.85 - - [03/Jul/2026:02:41:50 +0330] "GET /wp-content/themes/woodmart/css/parts/wd-search-dropdown-rtl.min.css?ver=8.4.0 HTTP/2" 200 581 "https://modoarpena.ir/" "Mozilla/5.0 (Windows NT 10.0; Win64; x64) AppleWebKit/537.36 (KHTML, like Gecko) Chrome/79.0.3945.79 Safari/537.36"
205.169.39.85 - - [03/Jul/2026:02:41:50 +0330] "GET /wp-content/themes/woodmart/css/parts/header-el-my-account-sidebar.min.css?ver=8.4.0 HTTP/2" 200 314 "https://modoarpena.ir/" "Mozilla/5.0 (Windows NT 10.0; Win64; x64) AppleWebKit/537.36 (KHTML, like Gecko) Chrome/79.0.3945.79 Safari/537.36"
205.169.39.85 - - [03/Jul/2026:02:41:50 +0330] "GET /wp-content/uploads/2026/06/xts-header_153799-1781420084.css?ver=8.4.0 HTTP/2" 200 365 "https://modoarpena.ir/" "Mozilla/5.0 (Windows NT 10.0; Win64; x64) AppleWebKit/537.36 (KHTML, like Gecko) Chrome/79.0.3945.79 Safari/537.36"
205.169.39.85 - - [03/Jul/2026:02:41:50 +0330] "GET /wp-content/themes/woodmart/rtl.css HTTP/2" 200 4104 "https://modoarpena.ir/" "Mozilla/5.0 (Windows NT 10.0; Win64; x64) AppleWebKit/537.36 (KHTML, like Gecko) Chrome/79.0.3945.79 Safari/537.36"
205.169.39.85 - - [03/Jul/2026:02:41:50 +0330] "GET /wp-content/themes/woodmart/js/libs/device.min.js?ver=8.4.0 HTTP/2" 200 1164 "https://modoarpena.ir/" "Mozilla/5.0 (Windows NT 10.0; Win64; x64) AppleWebKit/537.36 (KHTML, like Gecko) Chrome/79.0.3945.79 Safari/537.36"
205.169.39.85 - - [03/Jul/2026:02:41:50 +0330] "GET /wp-content/themes/woodmart/js/scripts/global/scrollBar.min.js?ver=8.4.0 HTTP/2" 200 143 "https://modoarpena.ir/" "Mozilla/5.0 (Windows NT 10.0; Win64; x64) AppleWebKit/537.36 (KHTML, like Gecko) Chrome/79.0.3945.79 Safari/537.36"
205.169.39.85 - - [03/Jul/2026:02:41:50 +0330] "GET /wp-includes/js/jquery/jquery.min.js?ver=3.7.1 HTTP/2" 200 29744 "https://modoarpena.ir/" "Mozilla/5.0 (Windows NT 10.0; Win64; x64) AppleWebKit/537.36 (KHTML, like Gecko) Chrome/79.0.3945.79 Safari/537.36"
205.169.39.85 - - [03/Jul/2026:02:41:50 +0330] "GET /wp-content/plugins/elementor/assets/lib/swiper/v8/swiper.min.js?ver=7.0 HTTP/2" 200 38152 "https://modoarpena.ir/" "Mozilla/5.0 (Windows NT 10.0; Win64; x64) AppleWebKit/537.36 (KHTML, like Gecko) Chrome/79.0.3945.79 Safari/537.36"
205.169.39.85 - - [03/Jul/2026:02:41:50 +0330] "GET /wp-content/themes/woodmart/css/parts/woo-mod-block-notices-rtl.min.css?ver=8.4.0 HTTP/2" 200 639 "https://modoarpena.ir/" "Mozilla/5.0 (Windows NT 10.0; Win64; x64) AppleWebKit/537.36 (KHTML, like Gecko) Chrome/79.0.3945.79 Safari/537.36"
205.169.39.85 - - [03/Jul/2026:02:41:50 +0330] "GET /wp-content/uploads/2026/06/xts-theme_settings_default-1781590861.css?ver=8.4.0 HTTP/2" 200 1381 "https://modoarpena.ir/" "Mozilla/5.0 (Windows NT 10.0; Win64; x64) AppleWebKit/537.36 (KHTML, like Gecko) Chrome/79.0.3945.79 Safari/537.36"
205.169.39.85 - - [03/Jul/2026:02:41:50 +0330] "GET /wp-content/themes/woodmart/css/parts/mod-nav-menu-label.min.css?ver=8.4.0 HTTP/2" 200 360 "https://modoarpena.ir/" "Mozilla/5.0 (Windows NT 10.0; Win64; x64) AppleWebKit/537.36 (KHTML, like Gecko) Chrome/79.0.3945.79 Safari/537.36"
205.169.39.85 - - [03/Jul/2026:02:41:50 +0330] "GET /wp-content/themes/woodmart/css/parts/blog-loop-design-masonry.min.css?ver=8.4.0 HTTP/2" 200 281 "https://modoarpena.ir/" "Mozilla/5.0 (Windows NT 10.0; Win64; x64) AppleWebKit/537.36 (KHTML, like Gecko) Chrome/79.0.3945.79 Safari/537.36"
205.169.39.85 - - [03/Jul/2026:02:41:50 +0330] "GET /wp-content/plugins/elementor/assets/css/widget-video-rtl.min.css?ver=4.0.1 HTTP/2" 200 328 "https://modoarpena.ir/" "Mozilla/5.0 (Windows NT 10.0; Win64; x64) AppleWebKit/537.36 (KHTML, like Gecko) Chrome/79.0.3945.79 Safari/537.36"
205.169.39.85 - - [03/Jul/2026:02:41:51 +0330] "GET /wp-content/uploads/elementor/css/post-728.css?ver=1782108744 HTTP/2" 200 972 "https://modoarpena.ir/" "Mozilla/5.0 (Windows NT 10.0; Win64; x64) AppleWebKit/537.36 (KHTML, like Gecko) Chrome/79.0.3945.79 Safari/537.36"
205.169.39.85 - - [03/Jul/2026:02:41:51 +0330] "GET /wp-content/uploads/elementor/css/post-29383.css?ver=1782108744 HTTP/2" 200 244 "https://modoarpena.ir/" "Mozilla/5.0 (Windows NT 10.0; Win64; x64) AppleWebKit/537.36 (KHTML, like Gecko) Chrome/79.0.3945.79 Safari/537.36"
205.169.39.85 - - [03/Jul/2026:02:41:51 +0330] "GET /wp-content/themes/woodmart/css/parts/el-toggle-rtl.min.css?ver=8.4.0 HTTP/2" 200 403 "https://modoarpena.ir/" "Mozilla/5.0 (Windows NT 10.0; Win64; x64) AppleWebKit/537.36 (KHTML, like Gecko) Chrome/79.0.3945.79 Safari/537.36"
205.169.39.85 - - [03/Jul/2026:02:41:51 +0330] "GET /wp-content/themes/woodmart/js/scripts/wc/updateCartFragmentsFix.js?ver=8.4.0 HTTP/2" 200 539 "https://modoarpena.ir/" "Mozilla/5.0 (Windows NT 10.0; Win64; x64) AppleWebKit/537.36 (KHTML, like Gecko) Chrome/79.0.3945.79 Safari/537.36"
205.169.39.85 - - [03/Jul/2026:02:41:51 +0330] "GET /wp-includes/js/dist/hooks.min.js?ver=7496969728ca0f95732d HTTP/2" 200 1712 "https://modoarpena.ir/" "Mozilla/5.0 (Windows NT 10.0; Win64; x64) AppleWebKit/537.36 (KHTML, like Gecko) Chrome/79.0.3945.79 Safari/537.36"
205.169.39.85 - - [03/Jul/2026:02:41:51 +0330] "GET /wp-includes/js/dist/i18n.min.js?ver=781d11515ad3d91786ec HTTP/2" 200 2330 "https://modoarpena.ir/" "Mozilla/5.0 (Windows NT 10.0; Win64; x64) AppleWebKit/537.36 (KHTML, like Gecko) Chrome/79.0.3945.79 Safari/537.36"
205.169.39.85 - - [03/Jul/2026:02:41:51 +0330] "GET /wp-content/plugins/contact-form-7/includes/swv/js/index.js?ver=6.1.4 HTTP/2" 200 3369 "https://modoarpena.ir/" "Mozilla/5.0 (Windows NT 10.0; Win64; x64) AppleWebKit/537.36 (KHTML, like Gecko) Chrome/79.0.3945.79 Safari/537.36"
205.169.39.85 - - [03/Jul/2026:02:41:51 +0330] "GET /wp-content/plugins/contact-form-7/includes/js/index.js?ver=6.1.4 HTTP/2" 200 4008 "https://modoarpena.ir/" "Mozilla/5.0 (Windows NT 10.0; Win64; x64) AppleWebKit/537.36 (KHTML, like Gecko) Chrome/79.0.3945.79 Safari/537.36"
205.169.39.85 - - [03/Jul/2026:02:41:51 +0330] "GET /wp-content/themes/woodmart/vc_templates/product-amazing/assets/js/master.js?ver=1.0 HTTP/2" 200 789 "https://modoarpena.ir/" "Mozilla/5.0 (Windows NT 10.0; Win64; x64) AppleWebKit/537.36 (KHTML, like Gecko) Chrome/79.0.3945.79 Safari/537.36"
205.169.39.85 - - [03/Jul/2026:02:41:51 +0330] "GET /wp-content/plugins/woocommerce/assets/js/sourcebuster/sourcebuster.min.js?ver=10.6.2 HTTP/2" 200 4609 "https://modoarpena.ir/" "Mozilla/5.0 (Windows NT 10.0; Win64; x64) AppleWebKit/537.36 (KHTML, like Gecko) Chrome/79.0.3945.79 Safari/537.36"
205.169.39.85 - - [03/Jul/2026:02:41:51 +0330] "GET /wp-content/plugins/woocommerce/assets/js/frontend/order-attribution.min.js?ver=10.6.2 HTTP/2" 200 1020 "https://modoarpena.ir/" "Mozilla/5.0 (Windows NT 10.0; Win64; x64) AppleWebKit/537.36 (KHTML, like Gecko) Chrome/79.0.3945.79 Safari/537.36"
205.169.39.85 - - [03/Jul/2026:02:41:51 +0330] "GET /wp-content/plugins/elementor/assets/js/webpack.runtime.min.js?ver=4.0.1 HTTP/2" 200 2280 "https://modoarpena.ir/" "Mozilla/5.0 (Windows NT 10.0; Win64; x64) AppleWebKit/537.36 (KHTML, like Gecko) Chrome/79.0.3945.79 Safari/537.36"
205.169.39.85 - - [03/Jul/2026:02:41:51 +0330] "GET /wp-content/plugins/elementor/assets/js/frontend-modules.min.js?ver=4.0.1 HTTP/2" 200 15445 "https://modoarpena.ir/" "Mozilla/5.0 (Windows NT 10.0; Win64; x64) AppleWebKit/537.36 (KHTML, like Gecko) Chrome/79.0.3945.79 Safari/537.36"
205.169.39.85 - - [03/Jul/2026:02:41:51 +0330] "GET /wp-includes/js/jquery/ui/core.min.js?ver=1.13.3 HTTP/2" 200 6812 "https://modoarpena.ir/" "Mozilla/5.0 (Windows NT 10.0; Win64; x64) AppleWebKit/537.36 (KHTML, like Gecko) Chrome/79.0.3945.79 Safari/537.36"
205.169.39.85 - - [03/Jul/2026:02:41:51 +0330] "GET /wp-content/plugins/elementor/assets/js/frontend.min.js?ver=4.0.1 HTTP/2" 200 10050 "https://modoarpena.ir/" "Mozilla/5.0 (Windows NT 10.0; Win64; x64) AppleWebKit/537.36 (KHTML, like Gecko) Chrome/79.0.3945.79 Safari/537.36"
205.169.39.85 - - [03/Jul/2026:02:41:51 +0330] "GET /wp-content/themes/woodmart/js/scripts/global/helpers.min.js?ver=8.4.0 HTTP/2" 200 1945 "https://modoarpena.ir/" "Mozilla/5.0 (Windows NT 10.0; Win64; x64) AppleWebKit/537.36 (KHTML, like Gecko) Chrome/79.0.3945.79 Safari/537.36"
205.169.39.85 - - [03/Jul/2026:02:41:51 +0330] "GET /wp-content/uploads/2026/05/DSC8883.jpg HTTP/2" 200 113684 "https://modoarpena.ir/" "Mozilla/5.0 (Windows NT 10.0; Win64; x64) AppleWebKit/537.36 (KHTML, like Gecko) Chrome/79.0.3945.79 Safari/537.36"
205.169.39.85 - - [03/Jul/2026:02:41:51 +0330] "GET /wp-content/uploads/2026/04/logo-modo.svg HTTP/2" 200 3567 "https://modoarpena.ir/" "Mozilla/5.0 (Windows NT 10.0; Win64; x64) AppleWebKit/537.36 (KHTML, like Gecko) Chrome/79.0.3945.79 Safari/537.36"
205.169.39.85 - - [03/Jul/2026:02:41:51 +0330] "GET /wp-content/plugins/woocommerce/assets/images/placeholder.webp HTTP/2" 200 6000 "https://modoarpena.ir/" "Mozilla/5.0 (Windows NT 10.0; Win64; x64) AppleWebKit/537.36 (KHTML, like Gecko) Chrome/79.0.3945.79 Safari/537.36"
205.169.39.85 - - [03/Jul/2026:02:41:51 +0330] "GET /wp-content/themes/woodmart/images/lazy.svg HTTP/2" 200 85 "https://modoarpena.ir/" "Mozilla/5.0 (Windows NT 10.0; Win64; x64) AppleWebKit/537.36 (KHTML, like Gecko) Chrome/79.0.3945.79 Safari/537.36"
205.169.39.85 - - [03/Jul/2026:02:41:52 +0330] "GET /wp-content/uploads/2026/04/ModamWeb-SemiBold.woff2 HTTP/2" 200 34188 "https://modoarpena.ir/wp-content/uploads/2026/06/xts-theme_settings_default-1781590861.css?ver=8.4.0" "Mozilla/5.0 (Windows NT 10.0; Win64; x64) AppleWebKit/537.36 (KHTML, like Gecko) Chrome/79.0.3945.79 Safari/537.36"
205.169.39.85 - - [03/Jul/2026:02:41:52 +0330] "GET /wp-content/themes/woodmart/fonts/woodmart-font-3-400.woff2?v=8.4.0 HTTP/2" 200 13696 "https://modoarpena.ir/wp-content/uploads/2026/06/xts-theme_settings_default-1781590861.css?ver=8.4.0" "Mozilla/5.0 (Windows NT 10.0; Win64; x64) AppleWebKit/537.36 (KHTML, like Gecko) Chrome/79.0.3945.79 Safari/537.36"
205.169.39.85 - - [03/Jul/2026:02:41:52 +0330] "GET /wp-content/uploads/2026/04/ModamWeb-Medium.woff2 HTTP/2" 200 31972 "https://modoarpena.ir/wp-content/uploads/2026/06/xts-theme_settings_default-1781590861.css?ver=8.4.0" "Mozilla/5.0 (Windows NT 10.0; Win64; x64) AppleWebKit/537.36 (KHTML, like Gecko) Chrome/79.0.3945.79 Safari/537.36"
205.169.39.85 - - [03/Jul/2026:02:41:52 +0330] "GET /wp-content/uploads/2026/04/ModamWeb-Regular.woff2 HTTP/2" 200 33452 "https://modoarpena.ir/wp-content/uploads/2026/06/xts-theme_settings_default-1781590861.css?ver=8.4.0" "Mozilla/5.0 (Windows NT 10.0; Win64; x64) AppleWebKit/537.36 (KHTML, like Gecko) Chrome/79.0.3945.79 Safari/537.36"
205.169.39.85 - - [03/Jul/2026:02:41:52 +0330] "GET /wp-content/themes/woodmart/js/scripts/wc/woocommerceNotices.min.js?ver=8.4.0 HTTP/2" 200 232 "https://modoarpena.ir/" "Mozilla/5.0 (Windows NT 10.0; Win64; x64) AppleWebKit/537.36 (KHTML, like Gecko) Chrome/79.0.3945.79 Safari/537.36"
205.169.39.85 - - [03/Jul/2026:02:41:52 +0330] "GET /wp-content/plugins/woocommerce-product-variations-swatches/assets/js/frontend-script.min.js?ver=1.1.9 HTTP/2" 200 5586 "https://modoarpena.ir/" "Mozilla/5.0 (Windows NT 10.0; Win64; x64) AppleWebKit/537.36 (KHTML, like Gecko) Chrome/79.0.3945.79 Safari/537.36"
205.169.39.85 - - [03/Jul/2026:02:41:52 +0330] "GET /wp-content/plugins/woodmart-plus/assets/js/w-plus.js?ver=7.0 HTTP/2" 200 7254 "https://modoarpena.ir/" "Mozilla/5.0 (Windows NT 10.0; Win64; x64) AppleWebKit/537.36 (KHTML, like Gecko) Chrome/79.0.3945.79 Safari/537.36"
205.169.39.85 - - [03/Jul/2026:02:41:52 +0330] "GET /wp-content/plugins/digits/assets/js/scrollTo.js?ver=9.1.0.5 HTTP/2" 200 1211 "https://modoarpena.ir/" "Mozilla/5.0 (Windows NT 10.0; Win64; x64) AppleWebKit/537.36 (KHTML, like Gecko) Chrome/79.0.3945.79 Safari/537.36"
205.169.39.85 - - [03/Jul/2026:02:41:52 +0330] "GET /wp-content/plugins/digits/assets/js/script.min.js?ver=9.1.0.5 HTTP/2" 200 8980 "https://modoarpena.ir/" "Mozilla/5.0 (Windows NT 10.0; Win64; x64) AppleWebKit/537.36 (KHTML, like Gecko) Chrome/79.0.3945.79 Safari/537.36"
205.169.39.85 - - [03/Jul/2026:02:41:52 +0330] "GET /wp-content/plugins/digits/assets/js/main.min.js?ver=9.1.0.5 HTTP/2" 200 15734 "https://modoarpena.ir/" "Mozilla/5.0 (Windows NT 10.0; Win64; x64) AppleWebKit/537.36 (KHTML, like Gecko) Chrome/79.0.3945.79 Safari/537.36"
205.169.39.85 - - [03/Jul/2026:02:41:52 +0330] "GET /wp-content/plugins/digits/admin/assets/js/libphonenumber-max.js HTTP/2" 200 61395 "https://modoarpena.ir/" "Mozilla/5.0 (Windows NT 10.0; Win64; x64) AppleWebKit/537.36 (KHTML, like Gecko) Chrome/79.0.3945.79 Safari/537.36"
205.169.39.85 - - [03/Jul/2026:02:41:52 +0330] "GET /wp-content/plugins/digits/assets/js/login.min.js?ver=9.1.0.5 HTTP/2" 200 19469 "https://modoarpena.ir/" "Mozilla/5.0 (Windows NT 10.0; Win64; x64) AppleWebKit/537.36 (KHTML, like Gecko) Chrome/79.0.3945.79 Safari/537.36"
205.169.39.85 - - [03/Jul/2026:02:41:52 +0330] "GET /wp-content/themes/woodmart/js/scripts/header/headerBuilder.min.js?ver=8.4.0 HTTP/2" 200 963 "https://modoarpena.ir/" "Mozilla/5.0 (Windows NT 10.0; Win64; x64) AppleWebKit/537.36 (KHTML, like Gecko) Chrome/79.0.3945.79 Safari/537.36"
205.169.39.85 - - [03/Jul/2026:02:41:52 +0330] "GET /wp-content/themes/woodmart/js/scripts/menu/menuOffsets.min.js?ver=8.4.0 HTTP/2" 200 930 "https://modoarpena.ir/" "Mozilla/5.0 (Windows NT 10.0; Win64; x64) AppleWebKit/537.36 (KHTML, like Gecko) Chrome/79.0.3945.79 Safari/537.36"
205.169.39.85 - - [03/Jul/2026:02:41:52 +0330] "GET /wp-content/themes/woodmart/js/scripts/menu/menuSetUp.min.js?ver=8.4.0 HTTP/2" 200 623 "https://modoarpena.ir/" "Mozilla/5.0 (Windows NT 10.0; Win64; x64) AppleWebKit/537.36 (KHTML, like Gecko) Chrome/79.0.3945.79 Safari/537.36"
205.169.39.85 - - [03/Jul/2026:02:41:52 +0330] "GET /wp-content/themes/woodmart/js/scripts/wc/onRemoveFromCart.min.js?ver=8.4.0 HTTP/2" 200 179 "https://modoarpena.ir/" "Mozilla/5.0 (Windows NT 10.0; Win64; x64) AppleWebKit/537.36 (KHTML, like Gecko) Chrome/79.0.3945.79 Safari/537.36"
205.169.39.85 - - [03/Jul/2026:02:41:52 +0330] "GET /wp-content/themes/woodmart/js/scripts/global/lazyLoading.min.js?ver=8.4.0 HTTP/2" 200 1083 "https://modoarpena.ir/" "Mozilla/5.0 (Windows NT 10.0; Win64; x64) AppleWebKit/537.36 (KHTML, like Gecko) Chrome/79.0.3945.79 Safari/537.36"
205.169.39.85 - - [03/Jul/2026:02:41:52 +0330] "GET /wp-content/themes/woodmart/js/scripts/wc/loginSidebar.min.js?ver=8.4.0 HTTP/2" 200 366 "https://modoarpena.ir/" "Mozilla/5.0 (Windows NT 10.0; Win64; x64) AppleWebKit/537.36 (KHTML, like Gecko) Chrome/79.0.3945.79 Safari/537.36"
205.169.39.85 - - [03/Jul/2026:02:41:52 +0330] "GET /wp-content/themes/woodmart/js/scripts/menu/menuDropdownsAJAX.min.js?ver=8.4.0 HTTP/2" 200 666 "https://modoarpena.ir/" "Mozilla/5.0 (Windows NT 10.0; Win64; x64) AppleWebKit/537.36 (KHTML, like Gecko) Chrome/79.0.3945.79 Safari/537.36"
205.169.39.85 - - [03/Jul/2026:02:41:52 +0330] "GET /wp-content/themes/woodmart/js/scripts/elements/videoElement.min.js?ver=8.4.0 HTTP/2" 200 356 "https://modoarpena.ir/" "Mozilla/5.0 (Windows NT 10.0; Win64; x64) AppleWebKit/537.36 (KHTML, like Gecko) Chrome/79.0.3945.79 Safari/537.36"
205.169.39.85 - - [03/Jul/2026:02:41:52 +0330] "GET /wp-content/themes/woodmart/js/libs/swiper.min.js?ver=8.4.0 HTTP/2" 200 29257 "https://modoarpena.ir/" "Mozilla/5.0 (Windows NT 10.0; Win64; x64) AppleWebKit/537.36 (KHTML, like Gecko) Chrome/79.0.3945.79 Safari/537.36"
205.169.39.85 - - [03/Jul/2026:02:41:52 +0330] "GET /wp-content/themes/woodmart/js/scripts/global/swiperInit.min.js?ver=8.4.0 HTTP/2" 200 2117 "https://modoarpena.ir/" "Mozilla/5.0 (Windows NT 10.0; Win64; x64) AppleWebKit/537.36 (KHTML, like Gecko) Chrome/79.0.3945.79 Safari/537.36"
205.169.39.85 - - [03/Jul/2026:02:41:52 +0330] "GET /wp-content/themes/woodmart/js/scripts/elements/slider.min.js?ver=8.4.0 HTTP/2" 200 844 "https://modoarpena.ir/" "Mozilla/5.0 (Windows NT 10.0; Win64; x64) AppleWebKit/537.36 (KHTML, like Gecko) Chrome/79.0.3945.79 Safari/537.36"
205.169.39.85 - - [03/Jul/2026:02:41:52 +0330] "GET /wp-includes/js/imagesloaded.min.js?ver=5.0.0 HTTP/2" 200 1687 "https://modoarpena.ir/" "Mozilla/5.0 (Windows NT 10.0; Win64; x64) AppleWebKit/537.36 (KHTML, like Gecko) Chrome/79.0.3945.79 Safari/537.36"
205.169.39.85 - - [03/Jul/2026:02:41:52 +0330] "GET /wp-content/themes/woodmart/js/scripts/wc/quickShop.min.js?ver=8.4.0 HTTP/2" 200 535 "https://modoarpena.ir/" "Mozilla/5.0 (Windows NT 10.0; Win64; x64) AppleWebKit/537.36 (KHTML, like Gecko) Chrome/79.0.3945.79 Safari/537.36"
205.169.39.85 - - [03/Jul/2026:02:41:52 +0330] "GET /wp-content/themes/woodmart/js/scripts/wc/swatchesVariations.min.js?ver=8.4.0 HTTP/2" 200 2948 "https://modoarpena.ir/" "Mozilla/5.0 (Windows NT 10.0; Win64; x64) AppleWebKit/537.36 (KHTML, like Gecko) Chrome/79.0.3945.79 Safari/537.36"
205.169.39.85 - - [03/Jul/2026:02:41:52 +0330] "GET /wp-content/themes/woodmart/js/scripts/wc/addToCartAllTypes.min.js?ver=8.4.0 HTTP/2" 200 833 "https://modoarpena.ir/" "Mozilla/5.0 (Windows NT 10.0; Win64; x64) AppleWebKit/537.36 (KHTML, like Gecko) Chrome/79.0.3945.79 Safari/537.36"
205.169.39.85 - - [03/Jul/2026:02:41:52 +0330] "GET /wp-includes/js/underscore.min.js?ver=1.13.8 HTTP/2" 200 7228 "https://modoarpena.ir/" "Mozilla/5.0 (Windows NT 10.0; Win64; x64) AppleWebKit/537.36 (KHTML, like Gecko) Chrome/79.0.3945.79 Safari/537.36"
205.169.39.85 - - [03/Jul/2026:02:41:53 +0330] "GET /wp-includes/js/wp-util.min.js?ver=7.0 HTTP/2" 200 693 "https://modoarpena.ir/" "Mozilla/5.0 (Windows NT 10.0; Win64; x64) AppleWebKit/537.36 (KHTML, like Gecko) Chrome/79.0.3945.79 Safari/537.36"
205.169.39.85 - - [03/Jul/2026:02:41:53 +0330] "GET /wp-content/themes/woodmart/js/scripts/wc/actionAfterAddToCart.min.js?ver=8.4.0 HTTP/2" 200 725 "https://modoarpena.ir/" "Mozilla/5.0 (Windows NT 10.0; Win64; x64) AppleWebKit/537.36 (KHTML, like Gecko) Chrome/79.0.3945.79 Safari/537.36"
205.169.39.85 - - [03/Jul/2026:02:41:53 +0330] "GET /wp-content/themes/woodmart/js/libs/tooltips.min.js?ver=8.4.0 HTTP/2" 200 4079 "https://modoarpena.ir/" "Mozilla/5.0 (Windows NT 10.0; Win64; x64) AppleWebKit/537.36 (KHTML, like Gecko) Chrome/79.0.3945.79 Safari/537.36"
205.169.39.85 - - [03/Jul/2026:02:41:53 +0330] "GET /wp-content/themes/woodmart/js/scripts/global/btnsToolTips.min.js?ver=8.4.0 HTTP/2" 200 948 "https://modoarpena.ir/" "Mozilla/5.0 (Windows NT 10.0; Win64; x64) AppleWebKit/537.36 (KHTML, like Gecko) Chrome/79.0.3945.79 Safari/537.36"
205.169.39.85 - - [03/Jul/2026:02:41:53 +0330] "GET /wp-content/themes/woodmart/js/scripts/elements/accordion.min.js?ver=8.4.0 HTTP/2" 200 879 "https://modoarpena.ir/" "Mozilla/5.0 (Windows NT 10.0; Win64; x64) AppleWebKit/537.36 (KHTML, like Gecko) Chrome/79.0.3945.79 Safari/537.36"
205.169.39.85 - - [03/Jul/2026:02:41:53 +0330] "GET /wp-content/themes/woodmart/js/scripts/elements/toggle.min.js?ver=8.4.0 HTTP/2" 200 481 "https://modoarpena.ir/" "Mozilla/5.0 (Windows NT 10.0; Win64; x64) AppleWebKit/537.36 (KHTML, like Gecko) Chrome/79.0.3945.79 Safari/537.36"
205.169.39.85 - - [03/Jul/2026:02:41:53 +0330] "GET /wp-content/themes/woodmart/js/scripts/global/scrollTop.min.js?ver=8.4.0 HTTP/2" 200 171 "https://modoarpena.ir/" "Mozilla/5.0 (Windows NT 10.0; Win64; x64) AppleWebKit/537.36 (KHTML, like Gecko) Chrome/79.0.3945.79 Safari/537.36"
205.169.39.85 - - [03/Jul/2026:02:41:53 +0330] "GET /wp-content/themes/woodmart/js/scripts/global/searchFullScreen.min.js?ver=8.4.0 HTTP/2" 200 598 "https://modoarpena.ir/" "Mozilla/5.0 (Windows NT 10.0; Win64; x64) AppleWebKit/537.36 (KHTML, like Gecko) Chrome/79.0.3945.79 Safari/537.36"
205.169.39.85 - - [03/Jul/2026:02:41:53 +0330] "GET /wp-content/themes/woodmart/js/libs/autocomplete.min.js?ver=8.4.0 HTTP/2" 200 4384 "https://modoarpena.ir/" "Mozilla/5.0 (Windows NT 10.0; Win64; x64) AppleWebKit/537.36 (KHTML, like Gecko) Chrome/79.0.3945.79 Safari/537.36"
205.169.39.85 - - [03/Jul/2026:02:41:53 +0330] "GET /wp-content/themes/woodmart/js/scripts/global/ajaxSearch.min.js?ver=8.4.0 HTTP/2" 200 1671 "https://modoarpena.ir/" "Mozilla/5.0 (Windows NT 10.0; Win64; x64) AppleWebKit/537.36 (KHTML, like Gecko) Chrome/79.0.3945.79 Safari/537.36"
205.169.39.85 - - [03/Jul/2026:02:41:53 +0330] "GET /wp-content/themes/woodmart/js/scripts/menu/mobileNavigation.min.js?ver=8.4.0 HTTP/2" 200 1551 "https://modoarpena.ir/" "Mozilla/5.0 (Windows NT 10.0; Win64; x64) AppleWebKit/537.36 (KHTML, like Gecko) Chrome/79.0.3945.79 Safari/537.36"
205.169.39.85 - - [03/Jul/2026:02:41:53 +0330] "GET /wp-content/themes/woodmart/js/scripts/global/clearSearch.min.js?ver=8.4.0 HTTP/2" 200 483 "https://modoarpena.ir/" "Mozilla/5.0 (Windows NT 10.0; Win64; x64) AppleWebKit/537.36 (KHTML, like Gecko) Chrome/79.0.3945.79 Safari/537.36"
205.169.39.85 - - [03/Jul/2026:02:41:53 +0330] "GET /wp-content/themes/woodmart/js/scripts/wc/cartWidget.min.js?ver=8.4.0 HTTP/2" 200 372 "https://modoarpena.ir/" "Mozilla/5.0 (Windows NT 10.0; Win64; x64) AppleWebKit/537.36 (KHTML, like Gecko) Chrome/79.0.3945.79 Safari/537.36"
205.169.39.85 - - [03/Jul/2026:02:41:53 +0330] "GET /wp-content/plugins/woocommerce/assets/js/jquery-blockui/jquery.blockUI.min.js?ver=2.7.0-wc.10.6.2 HTTP/2" 200 3277 "https://modoarpena.ir/" "Mozilla/5.0 (Windows NT 10.0; Win64; x64) AppleWebKit/537.36 (KHTML, like Gecko) Chrome/79.0.3945.79 Safari/537.36"
205.169.39.85 - - [03/Jul/2026:02:41:53 +0330] "GET /wp-content/plugins/woocommerce/assets/js/frontend/add-to-cart.min.js?ver=10.6.2 HTTP/2" 200 1296 "https://modoarpena.ir/" "Mozilla/5.0 (Windows NT 10.0; Win64; x64) AppleWebKit/537.36 (KHTML, like Gecko) Chrome/79.0.3945.79 Safari/537.36"
205.169.39.85 - - [03/Jul/2026:02:41:53 +0330] "GET /wp-content/plugins/woocommerce/assets/js/js-cookie/js.cookie.min.js?ver=2.1.4-wc.10.6.2 HTTP/2" 200 760 "https://modoarpena.ir/" "Mozilla/5.0 (Windows NT 10.0; Win64; x64) AppleWebKit/537.36 (KHTML, like Gecko) Chrome/79.0.3945.79 Safari/537.36"
205.169.39.85 - - [03/Jul/2026:02:41:53 +0330] "GET /wp-content/plugins/woocommerce/assets/js/frontend/woocommerce.min.js?ver=10.6.2 HTTP/2" 200 1332 "https://modoarpena.ir/" "Mozilla/5.0 (Windows NT 10.0; Win64; x64) AppleWebKit/537.36 (KHTML, like Gecko) Chrome/79.0.3945.79 Safari/537.36"
205.169.39.85 - - [03/Jul/2026:02:41:53 +0330] "GET /wp-content/plugins/woocommerce/assets/js/frontend/add-to-cart-variation.min.js?ver=10.6.2 HTTP/2" 200 3712 "https://modoarpena.ir/" "Mozilla/5.0 (Windows NT 10.0; Win64; x64) AppleWebKit/537.36 (KHTML, like Gecko) Chrome/79.0.3945.79 Safari/537.36"
205.169.39.85 - - [03/Jul/2026:02:41:53 +0330] "GET /wp-content/plugins/woocommerce/assets/js/frontend/cart-fragments.min.js?ver=10.6.2 HTTP/2" 200 943 "https://modoarpena.ir/" "Mozilla/5.0 (Windows NT 10.0; Win64; x64) AppleWebKit/537.36 (KHTML, like Gecko) Chrome/79.0.3945.79 Safari/537.36"
205.169.39.85 - - [03/Jul/2026:02:41:54 +0330] "GET /wp-content/uploads/2026/06/snap-pay-digi-pay-copy.webp HTTP/2" 200 11674 "https://modoarpena.ir/" "Mozilla/5.0 (Windows NT 10.0; Win64; x64) AppleWebKit/537.36 (KHTML, like Gecko) Chrome/79.0.3945.79 Safari/537.36"
205.169.39.85 - - [03/Jul/2026:02:41:54 +0330] "GET /wp-content/uploads/2026/04/istockphoto_1515372802-Converted-02.svg HTTP/2" 200 599 "https://modoarpena.ir/" "Mozilla/5.0 (Windows NT 10.0; Win64; x64) AppleWebKit/537.36 (KHTML, like Gecko) Chrome/79.0.3945.79 Safari/537.36"
205.169.39.85 - - [03/Jul/2026:02:41:54 +0330] "GET /wp-content/uploads/2026/04/istockphoto_1515372802-Converted-06.svg HTTP/2" 200 474 "https://modoarpena.ir/" "Mozilla/5.0 (Windows NT 10.0; Win64; x64) AppleWebKit/537.36 (KHTML, like Gecko) Chrome/79.0.3945.79 Safari/537.36"
205.169.39.85 - - [03/Jul/2026:02:41:54 +0330] "GET /wp-content/uploads/2026/04/istockphoto_1515372802-Converted-07.svg HTTP/2" 200 459 "https://modoarpena.ir/" "Mozilla/5.0 (Windows NT 10.0; Win64; x64) AppleWebKit/537.36 (KHTML, like Gecko) Chrome/79.0.3945.79 Safari/537.36"
205.169.39.85 - - [03/Jul/2026:02:41:54 +0330] "GET /wp-content/plugins/digits/assets/images/flags-sprite.png HTTP/2" 200 47847 "https://modoarpena.ir/" "Mozilla/5.0 (Windows NT 10.0; Win64; x64) AppleWebKit/537.36 (KHTML, like Gecko) Chrome/79.0.3945.79 Safari/537.36"
205.169.39.85 - - [03/Jul/2026:02:41:55 +0330] "GET /wp-content/uploads/2026/04/istockphoto_1515372802-Converted-05.svg HTTP/2" 200 510 "https://modoarpena.ir/" "Mozilla/5.0 (Windows NT 10.0; Win64; x64) AppleWebKit/537.36 (KHTML, like Gecko) Chrome/79.0.3945.79 Safari/537.36"
205.169.39.85 - - [03/Jul/2026:02:41:55 +0330] "GET /wp-content/uploads/2026/04/istockphoto_1515372802-Converted-04.svg HTTP/2" 200 646 "https://modoarpena.ir/" "Mozilla/5.0 (Windows NT 10.0; Win64; x64) AppleWebKit/537.36 (KHTML, like Gecko) Chrome/79.0.3945.79 Safari/537.36"
205.169.39.85 - - [03/Jul/2026:02:41:41 +0330] "GET /wp-content/themes/woodmart/js/scripts/global/ajaxSearch.min.js?ver=8.4.0 HTTP/1.1" 200 1671 "https://modoarpena.ir/" "Mozilla/5.0 (Windows NT 6.1; Win64; x64) AppleWebKit/537.36 (KHTML, like Gecko) Chrome/83.0.4103.61 Safari/537.36"
205.169.39.85 - - [03/Jul/2026:02:41:41 +0330] "GET /wp-content/themes/woodmart/js/scripts/menu/mobileNavigation.min.js?ver=8.4.0 HTTP/1.1" 200 1551 "https://modoarpena.ir/" "Mozilla/5.0 (Windows NT 6.1; Win64; x64) AppleWebKit/537.36 (KHTML, like Gecko) Chrome/83.0.4103.61 Safari/537.36"
205.169.39.85 - - [03/Jul/2026:02:41:42 +0330] "GET /wp-content/themes/woodmart/js/scripts/global/clearSearch.min.js?ver=8.4.0 HTTP/1.1" 200 483 "https://modoarpena.ir/" "Mozilla/5.0 (Windows NT 6.1; Win64; x64) AppleWebKit/537.36 (KHTML, like Gecko) Chrome/83.0.4103.61 Safari/537.36"
205.169.39.85 - - [03/Jul/2026:02:41:42 +0330] "GET /wp-content/themes/woodmart/js/scripts/wc/cartWidget.min.js?ver=8.4.0 HTTP/1.1" 200 372 "https://modoarpena.ir/" "Mozilla/5.0 (Windows NT 6.1; Win64; x64) AppleWebKit/537.36 (KHTML, like Gecko) Chrome/83.0.4103.61 Safari/537.36"
205.169.39.85 - - [03/Jul/2026:02:41:42 +0330] "GET /wp-content/plugins/woocommerce/assets/js/frontend/cart-fragments.min.js?ver=10.6.2 HTTP/1.1" 200 943 "https://modoarpena.ir/" "Mozilla/5.0 (Windows NT 6.1; Win64; x64) AppleWebKit/537.36 (KHTML, like Gecko) Chrome/83.0.4103.61 Safari/537.36"
205.169.39.85 - - [03/Jul/2026:02:41:43 +0330] "POST /?wc-ajax=get_refreshed_fragments HTTP/1.1" 200 481 "https://modoarpena.ir/" "Mozilla/5.0 (Windows NT 6.1; Win64; x64) AppleWebKit/537.36 (KHTML, like Gecko) Chrome/83.0.4103.61 Safari/537.36"
154.72.194.114 - admin [03/Jul/2026:02:40:38 +0330] "GET /wp-json/wp/v2/users/me HTTP/2" 401 129 "-" "Mozilla/5.0 (Windows NT 10.0; WOW64) AppleWebKit/537.36 (KHTML, like Gecko) Chrome/133.0.0.0 Safari/537.36"
205.169.39.85 - - [03/Jul/2026:02:41:55 +0330] "GET /wp-content/uploads/2026/04/istockphoto_1515372802-Converted-03.svg HTTP/2" 200 1024 "https://modoarpena.ir/" "Mozilla/5.0 (Windows NT 10.0; Win64; x64) AppleWebKit/537.36 (KHTML, like Gecko) Chrome/79.0.3945.79 Safari/537.36"
205.169.39.85 - - [03/Jul/2026:02:41:55 +0330] "GET /wp-content/uploads/2026/06/badrig-lyocell-10-640x800.webp HTTP/2" 200 57594 "https://modoarpena.ir/" "Mozilla/5.0 (Windows NT 10.0; Win64; x64) AppleWebKit/537.36 (KHTML, like Gecko) Chrome/79.0.3945.79 Safari/537.36"
205.169.39.85 - - [03/Jul/2026:02:41:55 +0330] "GET /wp-content/uploads/2026/06/tarvand-lyocell-1-640x800.webp HTTP/2" 200 42584 "https://modoarpena.ir/" "Mozilla/5.0 (Windows NT 10.0; Win64; x64) AppleWebKit/537.36 (KHTML, like Gecko) Chrome/79.0.3945.79 Safari/537.36"
205.169.39.85 - - [03/Jul/2026:02:41:55 +0330] "GET /wp-content/uploads/2026/05/c9aafc46-ac80-47d4-836c-d09557c10348-800x800.jpg HTTP/2" 200 106335 "https://modoarpena.ir/" "Mozilla/5.0 (Windows NT 10.0; Win64; x64) AppleWebKit/537.36 (KHTML, like Gecko) Chrome/79.0.3945.79 Safari/537.36"
205.169.39.85 - - [03/Jul/2026:02:41:55 +0330] "GET /wp-content/uploads/2026/04/istockphoto_1515372802-Converted-02-1.svg HTTP/2" 200 729 "https://modoarpena.ir/" "Mozilla/5.0 (Windows NT 10.0; Win64; x64) AppleWebKit/537.36 (KHTML, like Gecko) Chrome/79.0.3945.79 Safari/537.36"
205.169.39.85 - - [03/Jul/2026:02:41:54 +0330] "POST /?wc-ajax=get_refreshed_fragments HTTP/2" 200 481 "https://modoarpena.ir/" "Mozilla/5.0 (Windows NT 10.0; Win64; x64) AppleWebKit/537.36 (KHTML, like Gecko) Chrome/79.0.3945.79 Safari/537.36"
205.169.39.85 - - [03/Jul/2026:02:41:56 +0330] "GET /wp-content/uploads/2026/04/istockphoto_1515372802-Converted-06-1.svg HTTP/2" 200 583 "https://modoarpena.ir/" "Mozilla/5.0 (Windows NT 10.0; Win64; x64) AppleWebKit/537.36 (KHTML, like Gecko) Chrome/79.0.3945.79 Safari/537.36"
205.169.39.85 - - [03/Jul/2026:02:41:56 +0330] "GET /wp-content/uploads/2026/04/istockphoto_1515372802-Converted-05-1.svg HTTP/2" 200 616 "https://modoarpena.ir/" "Mozilla/5.0 (Windows NT 10.0; Win64; x64) AppleWebKit/537.36 (KHTML, like Gecko) Chrome/79.0.3945.79 Safari/537.36"
205.169.39.85 - - [03/Jul/2026:02:41:56 +0330] "GET /wp-content/uploads/2026/04/istockphoto_1515372802-Converted-07-1.svg HTTP/2" 200 562 "https://modoarpena.ir/" "Mozilla/5.0 (Windows NT 10.0; Win64; x64) AppleWebKit/537.36 (KHTML, like Gecko) Chrome/79.0.3945.79 Safari/537.36"
205.169.39.85 - - [03/Jul/2026:02:41:56 +0330] "GET /wp-content/uploads/2026/04/istockphoto_1515372802-Converted-04-1.svg HTTP/2" 200 750 "https://modoarpena.ir/" "Mozilla/5.0 (Windows NT 10.0; Win64; x64) AppleWebKit/537.36 (KHTML, like Gecko) Chrome/79.0.3945.79 Safari/537.36"
205.169.39.85 - - [03/Jul/2026:02:41:56 +0330] "GET /wp-content/uploads/2026/04/istockphoto_1515372802-Converted-03-1.svg HTTP/2" 200 1198 "https://modoarpena.ir/" "Mozilla/5.0 (Windows NT 10.0; Win64; x64) AppleWebKit/537.36 (KHTML, like Gecko) Chrome/79.0.3945.79 Safari/537.36"
205.169.39.85 - - [03/Jul/2026:02:41:56 +0330] "GET /wp-content/plugins/elementor/assets/js/shared-frontend-handlers.03caa53373b56d3bab67.bundle.min.js HTTP/2" 200 2511 "https://modoarpena.ir/" "Mozilla/5.0 (Windows NT 10.0; Win64; x64) AppleWebKit/537.36 (KHTML, like Gecko) Chrome/79.0.3945.79 Safari/537.36"
205.169.39.85 - - [03/Jul/2026:02:41:56 +0330] "GET /wp-content/plugins/elementor/assets/js/video.86d44e46e43d0807e708.bundle.min.js HTTP/2" 200 1186 "https://modoarpena.ir/" "Mozilla/5.0 (Windows NT 10.0; Win64; x64) AppleWebKit/537.36 (KHTML, like Gecko) Chrome/79.0.3945.79 Safari/537.36"
136.144.33.177 - - [03/Jul/2026:02:50:48 +0330] "POST /wp-login.php HTTP/1.1" 200 4520 "-" "Mozilla/5.0 (Windows NT 10.0; Win64; x64) AppleWebKit/537.36 Chrome/129.0.0.0 Safari/537.36"
130.193.77.37 - - [03/Jul/2026:02:50:52 +0330] "POST /wp-cron.php?doing_wp_cron=1783034452.2413139343261718750000 HTTP/1.1" 200 0 "-" "WordPress/7.0; https://modoarpena.ir"
216.73.217.22 - - [03/Jul/2026:02:53:02 +0330] "GET /robots.txt HTTP/2" 200 23 "-" "Mozilla/5.0 AppleWebKit/537.36 (KHTML, like Gecko; compatible; ClaudeBot/1.0; +claudebot@anthropic.com)"
216.73.217.22 - - [03/Jul/2026:02:53:02 +0330] "GET /sitemap.xml HTTP/2" 301 0 "-" "Mozilla/5.0 AppleWebKit/537.36 (KHTML, like Gecko; compatible; ClaudeBot/1.0; +claudebot@anthropic.com)"
216.73.217.22 - - [03/Jul/2026:02:53:06 +0330] "GET /sitemap_index.xml HTTP/2" 200 385 "https://modoarpena.ir/sitemap.xml" "Mozilla/5.0 AppleWebKit/537.36 (KHTML, like Gecko; compatible; ClaudeBot/1.0; +claudebot@anthropic.com)"
130.193.77.37 - - [03/Jul/2026:02:50:52 +0330] "POST /wp-cron.php?doing_wp_cron=1783034452.2413089275360107421875 HTTP/1.1" 200 0 "-" "WordPress/7.0; https://modoarpena.ir"
136.144.33.190 - - [03/Jul/2026:02:50:48 +0330] "POST /wp-login.php HTTP/1.1" 200 4521 "-" "Mozilla/5.0 (Windows NT 10.0; Win64; x64) AppleWebKit/537.36 Chrome/129.0.0.0 Safari/537.36"
130.193.77.37 - - [03/Jul/2026:02:53:06 +0330] "POST /wp-cron.php?doing_wp_cron=1783034586.7843871116638183593750 HTTP/1.1" 200 0 "-" "WordPress/7.0; https://modoarpena.ir"
136.144.33.159 - - [03/Jul/2026:03:05:31 +0330] "POST /wp-login.php HTTP/1.1" 200 4521 "-" "Mozilla/5.0 (Macintosh; Intel Mac OS X 10_15_7) AppleWebKit/605.1.15 Version/17.0 Safari/605.1.15"
172.245.102.54 - - [03/Jul/2026:03:05:31 +0330] "POST /wp-login.php HTTP/1.1" 200 4520 "-" "Mozilla/5.0 (Windows NT 10.0; Win64; x64) AppleWebKit/537.36 Chrome/129.0.0.0 Safari/537.36"
130.193.77.37 - - [03/Jul/2026:03:12:40 +0330] "POST /wp-cron.php?doing_wp_cron=1783035760.0955219268798828125000 HTTP/1.1" 200 0 "-" "WordPress/7.0; https://modoarpena.ir"
130.193.77.37 - - [03/Jul/2026:03:05:35 +0330] "POST /wp-cron.php?doing_wp_cron=1783035335.0292320251464843750000 HTTP/1.1" 200 0 "-" "WordPress/7.0; https://modoarpena.ir"
176.31.139.11 - - [03/Jul/2026:03:12:35 +0330] "GET /shop/page/3/ HTTP/2" 200 60168 "-" "Mozilla/5.0 (compatible; AhrefsBot/7.0; +http://ahrefs.com/robot/)"
136.144.33.178 - - [03/Jul/2026:03:20:08 +0330] "POST /wp-login.php HTTP/1.1" 200 4520 "-" "Mozilla/5.0 (Windows NT 10.0; Win64; rv:143.0) Gecko/20100101 Firefox/143.0"
136.144.33.180 - - [03/Jul/2026:03:34:46 +0330] "POST /wp-login.php HTTP/1.1" 200 4521 "-" "Mozilla/5.0 (Macintosh; Intel Mac OS X 10_15_7) AppleWebKit/605.1.15 Version/17.0 Safari/605.1.15"
130.193.77.37 - - [03/Jul/2026:03:34:50 +0330] "POST /wp-cron.php?doing_wp_cron=1783037090.2004671096801757812500 HTTP/1.1" 200 0 "-" "WordPress/7.0; https://modoarpena.ir"
130.193.77.37 - - [03/Jul/2026:03:34:50 +0330] "POST /wp-cron.php?doing_wp_cron=1783037090.2002100944519042968750 HTTP/1.1" 200 0 "-" "WordPress/7.0; https://modoarpena.ir"
136.144.33.180 - - [03/Jul/2026:03:20:08 +0330] "POST /wp-login.php HTTP/1.1" 200 4521 "-" "Mozilla/5.0 (Windows NT 10.0; Win64; x64) AppleWebKit/537.36 Chrome/129.0.0.0 Safari/537.36"
130.193.77.37 - - [03/Jul/2026:03:20:11 +0330] "POST /wp-cron.php?doing_wp_cron=1783036211.8786969184875488281250 HTTP/1.1" 200 0 "-" "WordPress/7.0; https://modoarpena.ir"
136.144.33.189 - - [03/Jul/2026:03:34:46 +0330] "POST /wp-login.php HTTP/1.1" 200 4520 "-" "Mozilla/5.0 (Windows NT 10.0; Win64; x64) AppleWebKit/537.36 Chrome/129.0.0.0 Safari/537.36"
107.189.14.87 - - [03/Jul/2026:03:45:55 +0330] "GET /plugins/editors/jce/jce.xml HTTP/1.1" 404 63899 "-" "Mozilla/5.0 (X11; Linux x86_64) AppleWebKit/537.36 (KHTML, like Gecko) Chrome/120.0.0.0 Safari/537.36"
107.189.14.87 - - [03/Jul/2026:03:45:57 +0330] "GET /administrator/components/com_jce/ HTTP/1.1" 404 63901 "-" "Mozilla/5.0 (Windows NT 10.0; Win64; x64; rv:120.0) Gecko/20100101 Firefox/120.0"
107.189.14.87 - - [03/Jul/2026:03:46:00 +0330] "GET /media/system/js/core.js HTTP/1.1" 404 63914 "-" "Mozilla/5.0 (Windows NT 10.0; Win64; x64; rv:120.0) Gecko/20100101 Firefox/120.0"
107.189.14.87 - - [03/Jul/2026:03:46:02 +0330] "GET /media/jui/js/bootstrap.min.js HTTP/1.1" 404 63911 "-" "Mozilla/5.0 (Windows NT 10.0; Win64; x64) AppleWebKit/537.36 (KHTML, like Gecko) Chrome/120.0.0.0 Safari/537.36"
107.189.14.87 - - [03/Jul/2026:03:46:05 +0330] "GET /media/vendor/jquery/js/jquery.min.js?3.6.0 HTTP/1.1" 404 63953 "-" "Mozilla/5.0 (Windows NT 10.0; Win64; x64) AppleWebKit/537.36 (KHTML, like Gecko) Chrome/120.0.0.0 Safari/537.36"
107.189.14.87 - - [03/Jul/2026:03:46:07 +0330] "GET / HTTP/1.1" 200 84998 "-" "Mozilla/5.0 (X11; Linux x86_64) AppleWebKit/537.36 (KHTML, like Gecko) Chrome/120.0.0.0 Safari/537.36"
74.125.217.162 - - [03/Jul/2026:03:46:58 +0330] "GET /wp-content/plugins/digits/assets/css/main.min.css?ver=9.1.0.5 HTTP/1.1" 200 1596 "https://modoarpena.ir/items/V381877390/" "Mozilla/5.0 (X11; Linux x86_64) AppleWebKit/537.36 (KHTML, like Gecko) Chrome/149.0.7827.200 Safari/537.36"
74.125.217.160 - - [03/Jul/2026:03:47:12 +0330] "GET /wp-content/themes/woodmart/css/parts/mod-star-rating.min.css?ver=8.4.0 HTTP/1.1" 200 220 "https://modoarpena.ir/items/V381877390/" "Mozilla/5.0 (X11; Linux x86_64) AppleWebKit/537.36 (KHTML, like Gecko) Chrome/149.0.7827.200 Safari/537.36"
130.193.77.37 - - [03/Jul/2026:03:49:29 +0330] "POST /wp-cron.php?doing_wp_cron=1783037969.1370649337768554687500 HTTP/1.1" 200 0 "-" "WordPress/7.0; https://modoarpena.ir"
74.125.217.161 - - [03/Jul/2026:03:45:55 +0330] "GET /items/V381877390/ HTTP/1.1" 404 53940 "-" "Mozilla/5.0 (X11; Linux x86_64) AppleWebKit/537.36 (KHTML, like Gecko) Chrome/149.0.7827.200 Safari/537.36"
107.189.14.87 - - [03/Jul/2026:03:46:10 +0330] "POST /wp-admin/admin-ajax.php?action=updraft_central_ajaxcallback HTTP/1.1" 400 21 "-" "python-requests/2.34.2"
107.189.14.87 - - [03/Jul/2026:03:46:14 +0330] "GET /wp-content/plugins/wp_wfihwhl/wp_wfihwhl.php HTTP/1.1" 404 796 "-" "python-requests/2.34.2"
107.189.14.87 - - [03/Jul/2026:03:46:15 +0330] "GET /wp-content/plugins/wp_wfihwhl/wp_wfihwhl.php HTTP/1.1" 404 796 "-" "python-requests/2.34.2"
107.189.14.87 - - [03/Jul/2026:03:46:16 +0330] "GET /wp-content/plugins/wp_wfihwhl/wp_wfihwhl.php HTTP/1.1" 404 796 "-" "python-requests/2.34.2"
107.189.14.87 - - [03/Jul/2026:03:46:16 +0330] "GET /wp-content/plugins/wp_wfihwhl/wp_wfihwhl.php HTTP/1.1" 404 796 "-" "python-requests/2.34.2"
74.125.217.162 - - [03/Jul/2026:03:47:05 +0330] "GET /wp-content/themes/woodmart/css/parts/opt-lazy-load.min.css?ver=8.4.0 HTTP/1.1" 200 107 "https://modoarpena.ir/items/V381877390/" "Mozilla/5.0 (X11; Linux x86_64) AppleWebKit/537.36 (KHTML, like Gecko) Chrome/149.0.7827.200 Safari/537.36"
107.189.14.87 - - [03/Jul/2026:03:45:49 +0330] "GET / HTTP/1.1" 200 67656 "-" "Mozilla/5.0 (iPhone; CPU iPhone OS 17_2 like Mac OS X) AppleWebKit/605.1.15 (KHTML, like Gecko) Version/17.2 Mobile/15E148 Safari/604.1"
136.144.33.186 - - [03/Jul/2026:03:49:25 +0330] "POST /wp-login.php HTTP/1.1" 200 4521 "-" "Mozilla/5.0 (Macintosh; Intel Mac OS X 10_15_7) AppleWebKit/605.1.15 Version/17.0 Safari/605.1.15"
130.193.77.37 - - [03/Jul/2026:03:45:54 +0330] "POST /wp-cron.php?doing_wp_cron=1783037754.9575910568237304687500 HTTP/1.1" 200 0 "-" "WordPress/7.0; https://modoarpena.ir"
130.193.77.37 - - [03/Jul/2026:03:46:12 +0330] "POST /wp-admin/admin-ajax.php?action=as_async_request_queue_runner&nonce=6db0574048 HTTP/1.1" 200 0 "-" "WordPress/7.0; https://modoarpena.ir"
136.144.33.189 - - [03/Jul/2026:03:49:25 +0330] "POST /wp-login.php HTTP/1.1" 200 4520 "-" "Mozilla/5.0 (Windows NT 10.0; Win64; x64) AppleWebKit/537.36 Chrome/129.0.0.0 Safari/537.36"
130.193.77.37 - - [03/Jul/2026:03:53:01 +0330] "POST /wp-cron.php?doing_wp_cron=1783038181.6518089771270751953125 HTTP/1.1" 200 0 "-" "WordPress/7.0; https://modoarpena.ir"
52.167.144.25 - - [03/Jul/2026:03:52:56 +0330] "GET /shop/?opts=image_button HTTP/2" 200 61488 "-" "Mozilla/5.0 AppleWebKit/537.36 (KHTML, like Gecko; compatible; bingbot/2.0; +http://www.bing.com/bingbot.htm) Chrome/116.0.1938.76 Safari/537.36"
130.193.77.37 - - [03/Jul/2026:03:54:26 +0330] "POST /wp-cron.php?doing_wp_cron=1783038266.1270790100097656250000 HTTP/1.1" 200 0 "-" "WordPress/7.0; https://modoarpena.ir"
136.144.33.32 - - [03/Jul/2026:04:03:55 +0330] "POST /wp-login.php HTTP/1.1" 200 4520 "-" "Mozilla/5.0 (Macintosh; Intel Mac OS X 10_15_7) AppleWebKit/605.1.15 Version/17.0 Safari/605.1.15"
130.193.77.37 - - [03/Jul/2026:04:03:58 +0330] "POST /wp-cron.php?doing_wp_cron=1783038838.8550429344177246093750 HTTP/1.1" 200 0 "-" "WordPress/7.0; https://modoarpena.ir"
136.144.33.160 - - [03/Jul/2026:04:03:55 +0330] "POST /wp-login.php HTTP/1.1" 200 4521 "-" "Mozilla/5.0 (Windows NT 10.0; Win64; rv:143.0) Gecko/20100101 Firefox/143.0"
92.222.108.122 - - [03/Jul/2026:04:09:04 +0330] "GET /product/%D8%B1%D9%88%D8%AA%D8%AE%D8%AA%DB%8C-%D8%B7%D8%B1%D8%AD-%D9%84%D9%86%D9%88%D8%B1%D8%A7-%D8%AE%D8%A7%DA%A9%D8%B3%D8%AA%D8%B1%DB%8C/feed/ HTTP/2" 200 642 "-" "Mozilla/5.0 (compatible; AhrefsBot/7.0; +http://ahrefs.com/robot/)"
103.170.123.175 - - [03/Jul/2026:03:54:22 +0330] "GET /wp-login.php HTTP/2" 200 3914 "-" "Mozilla/5.0 (Windows NT 10.0) AppleWebKit/537.36 (KHTML, like Gecko) Chrome/133.0.0.0 Safari/537.36"
103.170.123.175 - - [03/Jul/2026:03:54:26 +0330] "POST /wp-login.php HTTP/2" 200 4084 "https://modoarpena.ir/wp-login.php" "Mozilla/5.0 (Windows NT 10.0) AppleWebKit/537.36 (KHTML, like Gecko) Chrome/133.0.0.0 Safari/537.36"
130.193.77.37 - - [03/Jul/2026:04:09:08 +0330] "POST /wp-cron.php?doing_wp_cron=1783039148.8538780212402343750000 HTTP/1.1" 200 0 "-" "WordPress/7.0; https://modoarpena.ir"
130.193.77.37 - - [03/Jul/2026:04:18:45 +0330] "POST /wp-cron.php?doing_wp_cron=1783039725.6676390171051025390625 HTTP/1.1" 200 0 "-" "WordPress/7.0; https://modoarpena.ir"
130.193.77.37 - - [03/Jul/2026:04:25:41 +0330] "POST /wp-cron.php?doing_wp_cron=1783040141.3366370201110839843750 HTTP/1.1" 200 0 "-" "WordPress/7.0; https://modoarpena.ir"
130.193.77.37 - - [03/Jul/2026:04:18:32 +0330] "POST /wp-cron.php?doing_wp_cron=1783039712.1299190521240234375000 HTTP/1.1" 200 0 "-" "WordPress/7.0; https://modoarpena.ir"
37.140.223.89 - - [03/Jul/2026:04:18:28 +0330] "POST /wp-login.php HTTP/1.1" 200 4521 "-" "Mozilla/5.0 (Windows NT 10.0; Win64; rv:143.0) Gecko/20100101 Firefox/143.0"
172.245.102.54 - - [03/Jul/2026:04:18:28 +0330] "POST /wp-login.php HTTP/1.1" 200 4520 "-" "Mozilla/5.0 (Windows NT 10.0; Win64; rv:143.0) Gecko/20100101 Firefox/143.0"
52.167.144.169 - - [03/Jul/2026:04:18:35 +0330] "GET /product-category/pillows/memory-foam/ HTTP/2" 200 56283 "-" "Mozilla/5.0 AppleWebKit/537.36 (KHTML, like Gecko; compatible; bingbot/2.0; +http://www.bing.com/bingbot.htm) Chrome/116.0.1938.76 Safari/537.36"
130.193.77.37 - - [03/Jul/2026:04:25:39 +0330] "POST /wp-cron.php?doing_wp_cron=1783040139.9095909595489501953125 HTTP/1.1" 200 0 "-" "WordPress/7.0; https://modoarpena.ir"
94.27.164.133 - - [03/Jul/2026:04:25:36 +0330] "GET /wp-login.php HTTP/2" 200 3914 "-" "Mozilla/5.0 (X11; Linux i686) AppleWebKit/537.36 (KHTML, like Gecko) Chrome/133.0.0.0 Safari/537.36"
52.167.144.197 - - [03/Jul/2026:04:25:36 +0330] "GET /shop/page/3/?opts=filters_area HTTP/2" 200 59797 "-" "Mozilla/5.0 AppleWebKit/537.36 (KHTML, like Gecko; compatible; bingbot/2.0; +http://www.bing.com/bingbot.htm) Chrome/116.0.1938.76 Safari/537.36"
94.27.164.133 - - [03/Jul/2026:04:25:40 +0330] "POST /wp-login.php HTTP/2" 200 4084 "https://modoarpena.ir/wp-login.php" "Mozilla/5.0 (X11; Linux i686) AppleWebKit/537.36 (KHTML, like Gecko) Chrome/133.0.0.0 Safari/537.36"
130.193.77.37 - - [03/Jul/2026:04:18:32 +0330] "POST /wp-cron.php?doing_wp_cron=1783039712.1292829513549804687500 HTTP/1.1" 200 0 "-" "WordPress/7.0; https://modoarpena.ir"
40.77.167.156 - - [03/Jul/2026:04:18:42 +0330] "GET /shop/page/2/?opts=show_star_rating HTTP/2" 200 59713 "-" "Mozilla/5.0 AppleWebKit/537.36 (KHTML, like Gecko; compatible; bingbot/2.0; +http://www.bing.com/bingbot.htm) Chrome/116.0.1938.76 Safari/537.36"
157.66.26.183 - - [03/Jul/2026:04:25:39 +0330] "GET /wp-login.php HTTP/2" 200 3914 "-" "Mozilla/5.0 (X11; Ubuntu; Linux x86_64) AppleWebKit/537.36 (KHTML, like Gecko) Chrome/133.0.0.0 Safari/537.36"
157.66.26.183 - - [03/Jul/2026:04:25:41 +0330] "POST /wp-login.php HTTP/2" 200 4084 "https://modoarpena.ir/wp-login.php" "Mozilla/5.0 (X11; Ubuntu; Linux x86_64) AppleWebKit/537.36 (KHTML, like Gecko) Chrome/133.0.0.0 Safari/537.36"
136.144.33.32 - - [03/Jul/2026:04:33:04 +0330] "POST /wp-login.php HTTP/1.1" 200 4521 "-" "Mozilla/5.0 (Windows NT 10.0; Win64; rv:143.0) Gecko/20100101 Firefox/143.0"
130.193.77.37 - - [03/Jul/2026:04:33:07 +0330] "POST /wp-cron.php?doing_wp_cron=1783040587.7129809856414794921875 HTTP/1.1" 200 0 "-" "WordPress/7.0; https://modoarpena.ir"
172.245.102.53 - - [03/Jul/2026:04:33:04 +0330] "POST /wp-login.php HTTP/1.1" 302 0 "-" "Mozilla/5.0 (Macintosh; Intel Mac OS X 10_15_7) AppleWebKit/605.1.15 Version/17.0 Safari/605.1.15"
130.193.77.37 - - [03/Jul/2026:04:33:07 +0330] "POST /wp-cron.php?doing_wp_cron=1783040587.7082779407501220703125 HTTP/1.1" 200 0 "-" "WordPress/7.0; https://modoarpena.ir"
5.39.1.233 - - [03/Jul/2026:04:40:52 +0330] "GET /product/andalus-austrian-tencel-bedding/ HTTP/2" 200 67846 "-" "Mozilla/5.0 (compatible; AhrefsBot/7.0; +http://ahrefs.com/robot/)"
130.193.77.37 - - [03/Jul/2026:04:40:57 +0330] "POST /wp-cron.php?doing_wp_cron=1783041057.5907049179077148437500 HTTP/1.1" 200 0 "-" "WordPress/7.0; https://modoarpena.ir"
164.138.220.142 - - [03/Jul/2026:04:56:30 +0330] "GET /wp-login.php HTTP/2" 200 3914 "-" "Mozilla/5.0 (Windows NT 10.0) AppleWebKit/537.36 (KHTML, like Gecko) Chrome/133.0.0.0 Safari/537.36"
164.138.220.142 - - [03/Jul/2026:04:56:33 +0330] "POST /wp-login.php HTTP/2" 200 4084 "https://modoarpena.ir/wp-login.php" "Mozilla/5.0 (Windows NT 10.0) AppleWebKit/537.36 (KHTML, like Gecko) Chrome/133.0.0.0 Safari/537.36"
87.192.224.131 - - [03/Jul/2026:04:57:32 +0330] "GET /wp-login.php HTTP/2" 200 3914 "-" "Mozilla/5.0 (X11; Fedora; Linux x86_64) AppleWebKit/537.36 (KHTML, like Gecko) Chrome/133.0.0.0 Safari/537.36"
87.192.224.131 - - [03/Jul/2026:04:57:34 +0330] "POST /wp-login.php HTTP/2" 200 4075 "https://modoarpena.ir/wp-login.php" "Mozilla/5.0 (X11; Fedora; Linux x86_64) AppleWebKit/537.36 (KHTML, like Gecko) Chrome/133.0.0.0 Safari/537.36"
136.144.33.174 - - [03/Jul/2026:04:47:43 +0330] "POST /wp-login.php HTTP/1.1" 200 4521 "-" "Mozilla/5.0 (Windows NT 10.0; Win64; x64) AppleWebKit/537.36 Chrome/129.0.0.0 Safari/537.36"
43.134.56.214 - - [03/Jul/2026:04:47:23 +0330] "GET / HTTP/1.1" 200 81650 "http://modoarpena.ir" "Mozilla/5.0 (iPhone; CPU iPhone OS 13_2_3 like Mac OS X) AppleWebKit/605.1.15 (KHTML, like Gecko) Version/13.0.3 Mobile/15E148 Safari/604.1"
130.193.77.37 - - [03/Jul/2026:04:47:45 +0330] "POST /wp-cron.php?doing_wp_cron=1783041465.2382080554962158203125 HTTP/1.1" 200 0 "-" "WordPress/7.0; https://modoarpena.ir"
130.193.77.37 - - [03/Jul/2026:04:57:34 +0330] "POST /wp-cron.php?doing_wp_cron=1783042054.1273279190063476562500 HTTP/1.1" 200 0 "-" "WordPress/7.0; https://modoarpena.ir"
130.193.77.37 - - [03/Jul/2026:04:56:28 +0330] "POST /wp-cron.php?doing_wp_cron=1783041988.7313730716705322265625 HTTP/1.1" 200 0 "-" "WordPress/7.0; https://modoarpena.ir"
62.171.168.173 - - [03/Jul/2026:04:56:25 +0330] "GET /wp-login.php HTTP/2" 200 3914 "-" "Mozilla/5.0 (Windows NT 10.0; Win64; x64; rv:133.0) Gecko/20100101 Firefox/133.0"
62.171.168.173 - - [03/Jul/2026:04:56:28 +0330] "POST /wp-login.php HTTP/2" 200 4084 "https://modoarpena.ir/wp-login.php" "Mozilla/5.0 (Windows NT 10.0; Win64; x64; rv:133.0) Gecko/20100101 Firefox/133.0"
136.144.33.33 - - [03/Jul/2026:05:02:20 +0330] "POST /wp-login.php HTTP/1.1" 200 4521 "-" "Mozilla/5.0 (Windows NT 10.0; Win64; x64) AppleWebKit/537.36 Chrome/129.0.0.0 Safari/537.36"
136.144.33.157 - - [03/Jul/2026:05:16:51 +0330] "POST /wp-login.php HTTP/1.1" 200 4521 "-" "Mozilla/5.0 (Windows NT 10.0; Win64; rv:143.0) Gecko/20100101 Firefox/143.0"
74.125.217.160 - - [03/Jul/2026:05:06:49 +0330] "GET /wp-content/plugins/digbuilder/css/page.min.css?ver=0.9.8 HTTP/1.1" 200 229 "https://modoarpena.ir/items/V381877390/" "Mozilla/5.0 (X11; Linux x86_64) AppleWebKit/537.36 (KHTML, like Gecko) Chrome/149.0.7827.200 Safari/537.36"
74.125.217.160 - - [03/Jul/2026:05:06:50 +0330] "GET /wp-content/plugins/digbuilder/css/animate.min.css?ver=3.7.2 HTTP/1.1" 200 3967 "https://modoarpena.ir/items/V381877390/" "Mozilla/5.0 (X11; Linux x86_64) AppleWebKit/537.36 (KHTML, like Gecko) Chrome/149.0.7827.200 Safari/537.36"
