2.180.150.185 - - [02/Jul/2026:17:40:29 +0330] "GET /wp-content/uploads/2026/06/haleh-lyocell-7-430x537.webp HTTP/2" 200 18830 "https://modoarpena.ir/product/florence-lyocell-bedding/" "Mozilla/5.0 (Windows NT 10.0; Win64; x64) AppleWebKit/537.36 (KHTML, like Gecko) Chrome/149.0.0.0 Safari/537.36"
2.180.150.185 - - [02/Jul/2026:17:40:29 +0330] "GET /wp-content/uploads/2026/06/memory-lyocell-1-430x538.webp HTTP/2" 200 24136 "https://modoarpena.ir/product/florence-lyocell-bedding/" "Mozilla/5.0 (Windows NT 10.0; Win64; x64) AppleWebKit/537.36 (KHTML, like Gecko) Chrome/149.0.0.0 Safari/537.36"
2.180.150.185 - - [02/Jul/2026:17:40:29 +0330] "GET /wp-content/uploads/2026/06/hezarbarg-lyocell-1-430x538.webp HTTP/2" 200 20554 "https://modoarpena.ir/product/florence-lyocell-bedding/" "Mozilla/5.0 (Windows NT 10.0; Win64; x64) AppleWebKit/537.36 (KHTML, like Gecko) Chrome/149.0.0.0 Safari/537.36"
2.180.150.185 - - [02/Jul/2026:17:40:29 +0330] "GET /wp-content/uploads/2026/06/hezarbarg-lyocell-4-430x538.webp HTTP/2" 200 30062 "https://modoarpena.ir/product/florence-lyocell-bedding/" "Mozilla/5.0 (Windows NT 10.0; Win64; x64) AppleWebKit/537.36 (KHTML, like Gecko) Chrome/149.0.0.0 Safari/537.36"
2.180.150.185 - - [02/Jul/2026:17:40:29 +0330] "GET /wp-content/uploads/2026/06/tarvand-lyocell-1-430x538.webp HTTP/2" 200 23192 "https://modoarpena.ir/product/florence-lyocell-bedding/" "Mozilla/5.0 (Windows NT 10.0; Win64; x64) AppleWebKit/537.36 (KHTML, like Gecko) Chrome/149.0.0.0 Safari/537.36"
2.180.150.185 - - [02/Jul/2026:17:40:29 +0330] "GET /wp-content/uploads/2026/06/tarvand-lyocell-3-430x538.webp HTTP/2" 200 43216 "https://modoarpena.ir/product/florence-lyocell-bedding/" "Mozilla/5.0 (Windows NT 10.0; Win64; x64) AppleWebKit/537.36 (KHTML, like Gecko) Chrome/149.0.0.0 Safari/537.36"
2.180.150.185 - - [02/Jul/2026:17:40:35 +0330] "GET / HTTP/2" 200 97711 "https://modoarpena.ir/product/florence-lyocell-bedding/" "Mozilla/5.0 (Windows NT 10.0; Win64; x64) AppleWebKit/537.36 (KHTML, like Gecko) Chrome/149.0.0.0 Safari/537.36"
2.180.150.185 - - [02/Jul/2026:17:40:40 +0330] "GET /wp-content/uploads/2026/04/4b466663-f9fa-4d40-b25e-05f3792e8f431-400x281.webp HTTP/2" 200 6930 "https://modoarpena.ir/" "Mozilla/5.0 (Windows NT 10.0; Win64; x64) AppleWebKit/537.36 (KHTML, like Gecko) Chrome/149.0.0.0 Safari/537.36"
2.180.150.185 - - [02/Jul/2026:17:40:40 +0330] "GET /wp-content/uploads/2026/06/duvet-copy.webp HTTP/2" 200 7626 "https://modoarpena.ir/" "Mozilla/5.0 (Windows NT 10.0; Win64; x64) AppleWebKit/537.36 (KHTML, like Gecko) Chrome/149.0.0.0 Safari/537.36"
2.180.150.185 - - [02/Jul/2026:17:40:40 +0330] "GET /wp-content/uploads/2026/06/Egyptian-linen-copy.webp HTTP/2" 200 6650 "https://modoarpena.ir/" "Mozilla/5.0 (Windows NT 10.0; Win64; x64) AppleWebKit/537.36 (KHTML, like Gecko) Chrome/149.0.0.0 Safari/537.36"
2.180.150.185 - - [02/Jul/2026:17:40:40 +0330] "GET /wp-content/uploads/2026/06/2-copy.webp HTTP/2" 200 6288 "https://modoarpena.ir/" "Mozilla/5.0 (Windows NT 10.0; Win64; x64) AppleWebKit/537.36 (KHTML, like Gecko) Chrome/149.0.0.0 Safari/537.36"
2.180.150.185 - - [02/Jul/2026:17:40:40 +0330] "GET /wp-content/uploads/2026/06/lyosel.webp HTTP/2" 200 9818 "https://modoarpena.ir/" "Mozilla/5.0 (Windows NT 10.0; Win64; x64) AppleWebKit/537.36 (KHTML, like Gecko) Chrome/149.0.0.0 Safari/537.36"
2.180.150.185 - - [02/Jul/2026:17:40:40 +0330] "GET /wp-content/uploads/2026/04/76df831b925867132efb5da409d6a6858ff967be_1666011325-300x300.webp HTTP/2" 200 5858 "https://modoarpena.ir/" "Mozilla/5.0 (Windows NT 10.0; Win64; x64) AppleWebKit/537.36 (KHTML, like Gecko) Chrome/149.0.0.0 Safari/537.36"
2.180.150.185 - - [02/Jul/2026:17:40:40 +0330] "GET /wp-content/uploads/2026/04/3-2-300x300.webp HTTP/2" 200 25990 "https://modoarpena.ir/" "Mozilla/5.0 (Windows NT 10.0; Win64; x64) AppleWebKit/537.36 (KHTML, like Gecko) Chrome/149.0.0.0 Safari/537.36"
2.180.150.185 - - [02/Jul/2026:17:40:41 +0330] "GET /wp-content/uploads/2026/06/%D8%A8%D9%86%D8%B1-%D8%AA%D9%86%D8%B3%D9%84-copy-700x280.webp HTTP/2" 200 15522 "https://modoarpena.ir/" "Mozilla/5.0 (Windows NT 10.0; Win64; x64) AppleWebKit/537.36 (KHTML, like Gecko) Chrome/149.0.0.0 Safari/537.36"
2.180.150.185 - - [02/Jul/2026:17:40:41 +0330] "GET /wp-content/uploads/2026/06/%D8%A8%D9%86%D8%B1-%D8%AA%D8%A7%D8%A8%D9%84%D9%88-copy-700x280.webp HTTP/2" 200 12754 "https://modoarpena.ir/" "Mozilla/5.0 (Windows NT 10.0; Win64; x64) AppleWebKit/537.36 (KHTML, like Gecko) Chrome/149.0.0.0 Safari/537.36"
2.180.150.185 - - [02/Jul/2026:17:40:41 +0330] "GET /wp-content/uploads/2026/05/%D8%AA%D8%A7%DB%8C%D9%88%DA%AF-%D9%87%D8%A72-Recovered-44.svg HTTP/2" 200 5627 "https://modoarpena.ir/" "Mozilla/5.0 (Windows NT 10.0; Win64; x64) AppleWebKit/537.36 (KHTML, like Gecko) Chrome/149.0.0.0 Safari/537.36"
2.180.150.185 - - [02/Jul/2026:17:40:41 +0330] "GET /wp-content/uploads/2026/05/%D8%AA%D8%A7%DB%8C%D9%88%DA%AF-%D9%87%D8%A72-Recovered-45.svg HTTP/2" 200 3669 "https://modoarpena.ir/" "Mozilla/5.0 (Windows NT 10.0; Win64; x64) AppleWebKit/537.36 (KHTML, like Gecko) Chrome/149.0.0.0 Safari/537.36"
2.180.150.185 - - [02/Jul/2026:17:40:41 +0330] "GET /wp-content/uploads/2026/05/%D8%AA%D8%A7%DB%8C%D9%88%DA%AF-%D9%87%D8%A72-Recovered-46.svg HTTP/2" 200 4590 "https://modoarpena.ir/" "Mozilla/5.0 (Windows NT 10.0; Win64; x64) AppleWebKit/537.36 (KHTML, like Gecko) Chrome/149.0.0.0 Safari/537.36"
2.180.150.185 - - [02/Jul/2026:17:40:41 +0330] "GET /wp-content/uploads/2026/04/e7a00d0a-56b2-4426-b3f9-442d6c37d1f8-400x281.webp HTTP/2" 200 6524 "https://modoarpena.ir/" "Mozilla/5.0 (Windows NT 10.0; Win64; x64) AppleWebKit/537.36 (KHTML, like Gecko) Chrome/149.0.0.0 Safari/537.36"
2.180.150.185 - - [02/Jul/2026:17:40:41 +0330] "GET /wp-content/uploads/2026/04/eb2710ce-dcaa-4d4e-a527-eec828c430e71-400x281.webp HTTP/2" 200 18704 "https://modoarpena.ir/" "Mozilla/5.0 (Windows NT 10.0; Win64; x64) AppleWebKit/537.36 (KHTML, like Gecko) Chrome/149.0.0.0 Safari/537.36"
2.180.150.185 - - [02/Jul/2026:17:40:48 +0330] "POST /wp-admin/admin-ajax.php HTTP/2" 200 51 "https://modoarpena.ir/wp-admin/edit.php?post_type=product" "Mozilla/5.0 (Windows NT 10.0; Win64; x64) AppleWebKit/537.36 (KHTML, like Gecko) Chrome/149.0.0.0 Safari/537.36"
2.180.150.185 - - [02/Jul/2026:17:40:52 +0330] "POST /wp-admin/admin-ajax.php HTTP/2" 200 0 "https://modoarpena.ir/wp-admin/post.php?post=30488&action=edit" "Mozilla/5.0 (Windows NT 10.0; Win64; x64) AppleWebKit/537.36 (KHTML, like Gecko) Chrome/149.0.0.0 Safari/537.36"
2.180.150.185 - - [02/Jul/2026:17:40:53 +0330] "POST /wp-admin/admin-ajax.php HTTP/2" 200 5 "https://modoarpena.ir/wp-admin/post.php?post=30488&action=edit" "Mozilla/5.0 (Windows NT 10.0; Win64; x64) AppleWebKit/537.36 (KHTML, like Gecko) Chrome/149.0.0.0 Safari/537.36"
2.180.150.185 - - [02/Jul/2026:17:40:59 +0330] "POST /wp-admin/admin-ajax.php HTTP/2" 200 51 "https://modoarpena.ir/wp-admin/edit.php?post_type=product" "Mozilla/5.0 (Windows NT 10.0; Win64; x64) AppleWebKit/537.36 (KHTML, like Gecko) Chrome/149.0.0.0 Safari/537.36"
2.180.150.185 - - [02/Jul/2026:17:41:11 +0330] "POST /wp-admin/admin-ajax.php HTTP/2" 200 0 "https://modoarpena.ir/wp-admin/post.php?post=30648&action=edit" "Mozilla/5.0 (Windows NT 10.0; Win64; x64) AppleWebKit/537.36 (KHTML, like Gecko) Chrome/149.0.0.0 Safari/537.36"
130.193.77.37 - - [02/Jul/2026:17:31:46 +0330] "POST /wp-cron.php?doing_wp_cron=1783000906.6075999736785888671875 HTTP/1.1" 200 0 "-" "WordPress/7.0; https://modoarpena.ir"
130.193.77.37 - - [02/Jul/2026:17:31:48 +0330] "POST /wp-cron.php?doing_wp_cron=1783000908.7135879993438720703125 HTTP/1.1" 200 0 "-" "WordPress/7.0; https://modoarpena.ir"
130.193.77.37 - - [02/Jul/2026:17:33:00 +0330] "POST /wp-cron.php?doing_wp_cron=1783000980.3585638999938964843750 HTTP/1.1" 200 0 "-" "WordPress/7.0; https://modoarpena.ir"
130.193.77.37 - - [02/Jul/2026:17:35:40 +0330] "POST /wp-cron.php?doing_wp_cron=1783001140.2817111015319824218750 HTTP/1.1" 200 0 "-" "WordPress/7.0; https://modoarpena.ir"
130.193.77.37 - - [02/Jul/2026:17:36:48 +0330] "POST /wp-cron.php?doing_wp_cron=1783001208.6409909725189208984375 HTTP/1.1" 200 0 "-" "WordPress/7.0; https://modoarpena.ir"
130.193.77.37 - - [02/Jul/2026:17:37:47 +0330] "POST /wp-admin/admin-ajax.php?action=as_async_request_queue_runner&nonce=7d4d7dde35 HTTP/1.1" 200 0 "-" "WordPress/7.0; https://modoarpena.ir"
130.193.77.37 - - [02/Jul/2026:17:40:49 +0330] "POST /wp-admin/admin-ajax.php?action=as_async_request_queue_runner&nonce=7d4d7dde35 HTTP/1.1" 200 0 "-" "WordPress/7.0; https://modoarpena.ir"
2.180.150.185 - - [02/Jul/2026:17:41:16 +0330] "POST /wp-admin/admin-ajax.php HTTP/2" 200 5 "https://modoarpena.ir/wp-admin/post.php?post=30648&action=edit" "Mozilla/5.0 (Windows NT 10.0; Win64; x64) AppleWebKit/537.36 (KHTML, like Gecko) Chrome/149.0.0.0 Safari/537.36"
130.193.77.37 - - [02/Jul/2026:17:31:43 +0330] "POST /wp-cron.php?doing_wp_cron=1783000903.3902089595794677734375 HTTP/1.1" 200 0 "-" "WordPress/7.0; https://modoarpena.ir"
130.193.77.37 - - [02/Jul/2026:17:37:49 +0330] "POST /wp-cron.php?doing_wp_cron=1783001269.8905930519104003906250 HTTP/1.1" 200 0 "-" "WordPress/7.0; https://modoarpena.ir"
130.193.77.37 - - [02/Jul/2026:17:40:38 +0330] "POST /wp-cron.php?doing_wp_cron=1783001438.7489070892333984375000 HTTP/1.1" 200 0 "-" "WordPress/7.0; https://modoarpena.ir"
130.193.77.37 - - [02/Jul/2026:17:30:40 +0330] "POST /wp-cron.php?doing_wp_cron=1783000840.3367669582366943359375 HTTP/1.1" 200 0 "-" "WordPress/7.0; https://modoarpena.ir"
130.193.77.37 - - [02/Jul/2026:17:30:41 +0330] "POST /wp-cron.php?doing_wp_cron=1783000841.5045619010925292968750 HTTP/1.1" 200 0 "-" "WordPress/7.0; https://modoarpena.ir"
130.193.77.37 - - [02/Jul/2026:17:31:47 +0330] "POST /wp-cron.php?doing_wp_cron=1783000907.4174890518188476562500 HTTP/1.1" 200 0 "-" "WordPress/7.0; https://modoarpena.ir"
130.193.77.37 - - [02/Jul/2026:17:33:00 +0330] "POST /wp-cron.php?doing_wp_cron=1783000980.0088310241699218750000 HTTP/1.1" 200 0 "-" "WordPress/7.0; https://modoarpena.ir"
130.193.77.37 - - [02/Jul/2026:17:35:23 +0330] "POST /wp-admin/admin-ajax.php?action=as_async_request_queue_runner&nonce=7d4d7dde35 HTTP/1.1" 200 0 "-" "WordPress/7.0; https://modoarpena.ir"
130.193.77.37 - - [02/Jul/2026:17:38:52 +0330] "POST /wp-cron.php?doing_wp_cron=1783001332.3803269863128662109375 HTTP/1.1" 200 0 "-" "WordPress/7.0; https://modoarpena.ir"
130.193.77.37 - - [02/Jul/2026:17:38:56 +0330] "POST /wp-cron.php?doing_wp_cron=1783001336.0100049972534179687500 HTTP/1.1" 200 0 "-" "WordPress/7.0; https://modoarpena.ir"
5.161.144.108 - - [02/Jul/2026:17:39:19 +0330] "GET /product-category/bedding-set/lyocell/ HTTP/2" 200 60858 "https://modoarpena.ir/product/sayehsar-lyocell-bedding/" "Mozilla/5.0 (Windows NT 10.0; Win64; x64) AppleWebKit/537.36 (KHTML, like Gecko) Chrome/149.0.0.0 Safari/537.36"
5.161.144.108 - - [02/Jul/2026:17:39:22 +0330] "GET /wp-content/uploads/2026/06/lyocell-nastaran-2-240x300.webp HTTP/2" 200 9518 "https://modoarpena.ir/product-category/bedding-set/lyocell/" "Mozilla/5.0 (Windows NT 10.0; Win64; x64) AppleWebKit/537.36 (KHTML, like Gecko) Chrome/149.0.0.0 Safari/537.36"
5.161.144.108 - - [02/Jul/2026:17:39:22 +0330] "GET /wp-content/uploads/2026/06/lyocell-nastaran-2-copy-240x300.webp HTTP/2" 200 5306 "https://modoarpena.ir/product-category/bedding-set/lyocell/" "Mozilla/5.0 (Windows NT 10.0; Win64; x64) AppleWebKit/537.36 (KHTML, like Gecko) Chrome/149.0.0.0 Safari/537.36"
5.161.144.108 - - [02/Jul/2026:17:39:22 +0330] "GET /wp-content/uploads/2026/06/hezarbarg-lyocell-1-240x300.webp HTTP/2" 200 9726 "https://modoarpena.ir/product-category/bedding-set/lyocell/" "Mozilla/5.0 (Windows NT 10.0; Win64; x64) AppleWebKit/537.36 (KHTML, like Gecko) Chrome/149.0.0.0 Safari/537.36"
5.161.144.108 - - [02/Jul/2026:17:39:22 +0330] "GET /wp-content/uploads/2026/06/hezarbarg-lyocell-4-240x300.webp HTTP/2" 200 10250 "https://modoarpena.ir/product-category/bedding-set/lyocell/" "Mozilla/5.0 (Windows NT 10.0; Win64; x64) AppleWebKit/537.36 (KHTML, like Gecko) Chrome/149.0.0.0 Safari/537.36"
5.161.144.108 - - [02/Jul/2026:17:39:22 +0330] "GET /wp-content/uploads/2026/06/tarvand-lyocell-1-240x300.webp HTTP/2" 200 10236 "https://modoarpena.ir/product-category/bedding-set/lyocell/" "Mozilla/5.0 (Windows NT 10.0; Win64; x64) AppleWebKit/537.36 (KHTML, like Gecko) Chrome/149.0.0.0 Safari/537.36"
5.161.144.108 - - [02/Jul/2026:17:39:22 +0330] "GET /wp-content/uploads/2026/06/tarvand-lyocell-3-240x300.webp HTTP/2" 200 12658 "https://modoarpena.ir/product-category/bedding-set/lyocell/" "Mozilla/5.0 (Windows NT 10.0; Win64; x64) AppleWebKit/537.36 (KHTML, like Gecko) Chrome/149.0.0.0 Safari/537.36"
5.161.144.108 - - [02/Jul/2026:17:39:26 +0330] "GET / HTTP/2" 200 70230 "https://modoarpena.ir/product-category/bedding-set/lyocell/" "Mozilla/5.0 (Windows NT 10.0; Win64; x64) AppleWebKit/537.36 (KHTML, like Gecko) Chrome/149.0.0.0 Safari/537.36"
130.193.77.37 - - [02/Jul/2026:17:31:45 +0330] "POST /wp-cron.php?doing_wp_cron=1783000905.8087790012359619140625 HTTP/1.1" 200 0 "-" "WordPress/7.0; https://modoarpena.ir"
2.180.150.185 - - [02/Jul/2026:17:39:46 +0330] "GET /wp-content/plugins/elementor/assets/lib/backbone/backbone.marionette.min.js?ver=2.4.5.e1 HTTP/1.1" 200 11272 "-" "Mozilla/5.0 (Windows NT 10.0; Win64; x64) AppleWebKit/537.36 (KHTML, like Gecko) Chrome/149.0.0.0 Safari/537.36"
2.180.150.185 - - [02/Jul/2026:17:39:45 +0330] "GET /wp-content/plugins/elementor/assets/js/app-loader.min.js?ver=4.0.1 HTTP/1.1" 200 23494 "-" "Mozilla/5.0 (Windows NT 10.0; Win64; x64) AppleWebKit/537.36 (KHTML, like Gecko) Chrome/149.0.0.0 Safari/537.36"
2.180.150.185 - - [02/Jul/2026:17:39:46 +0330] "GET /wp-content/plugins/elementor/assets/js/common-modules.min.js?ver=4.0.1 HTTP/1.1" 200 27281 "-" "Mozilla/5.0 (Windows NT 10.0; Win64; x64) AppleWebKit/537.36 (KHTML, like Gecko) Chrome/149.0.0.0 Safari/537.36"
2.180.150.185 - - [02/Jul/2026:17:39:46 +0330] "GET /wp-content/plugins/elementor/assets/js/web-cli.min.js?ver=4.0.1 HTTP/1.1" 200 38942 "-" "Mozilla/5.0 (Windows NT 10.0; Win64; x64) AppleWebKit/537.36 (KHTML, like Gecko) Chrome/149.0.0.0 Safari/537.36"
2.180.150.185 - - [02/Jul/2026:17:39:45 +0330] "GET /wp-content/plugins/elementor/assets/js/common.min.js?ver=4.0.1 HTTP/1.1" 200 124700 "-" "Mozilla/5.0 (Windows NT 10.0; Win64; x64) AppleWebKit/537.36 (KHTML, like Gecko) Chrome/149.0.0.0 Safari/537.36"
103.166.182.186 - - [02/Jul/2026:17:45:57 +0330] "GET /wp-login.php HTTP/2" 200 3915 "-" "Mozilla/5.0 (Macintosh; Intel Mac OS X 14_7_4) AppleWebKit/537.36 (KHTML, like Gecko) Chrome/133.0.0.0 Safari/537.36"
103.166.182.186 - - [02/Jul/2026:17:46:02 +0330] "POST /wp-login.php HTTP/2" 200 4076 "https://modoarpena.ir/wp-login.php" "Mozilla/5.0 (Macintosh; Intel Mac OS X 14_7_4) AppleWebKit/537.36 (KHTML, like Gecko) Chrome/133.0.0.0 Safari/537.36"
130.193.77.37 - - [02/Jul/2026:17:38:52 +0330] "POST /wp-admin/admin-ajax.php?action=as_async_request_queue_runner&nonce=7d4d7dde35 HTTP/1.1" 200 0 "-" "WordPress/7.0; https://modoarpena.ir"
5.161.144.108 - - [02/Jul/2026:17:31:58 +0330] "GET /wp-content/uploads/2026/06/golbon-lyocell-4-640x800.webp HTTP/1.1" 200 141424 "https://modoarpena.ir/product/golbon-lyocell-bedding/" "Mozilla/5.0 (Windows NT 10.0; Win64; x64) AppleWebKit/537.36 (KHTML, like Gecko) Chrome/149.0.0.0 Safari/537.36"
5.161.144.108 - - [02/Jul/2026:17:31:58 +0330] "GET /wp-content/uploads/2026/06/golbon-lyocell-2-640x800.webp HTTP/1.1" 200 132494 "https://modoarpena.ir/product/golbon-lyocell-bedding/" "Mozilla/5.0 (Windows NT 10.0; Win64; x64) AppleWebKit/537.36 (KHTML, like Gecko) Chrome/149.0.0.0 Safari/537.36"
5.161.144.108 - - [02/Jul/2026:17:31:58 +0330] "GET /wp-content/uploads/2026/06/golbon-lyocell-6-700x875.webp HTTP/1.1" 200 136554 "https://modoarpena.ir/product/golbon-lyocell-bedding/" "Mozilla/5.0 (Windows NT 10.0; Win64; x64) AppleWebKit/537.36 (KHTML, like Gecko) Chrome/149.0.0.0 Safari/537.36"
5.161.144.108 - - [02/Jul/2026:17:32:03 +0330] "GET /wp-content/uploads/2026/06/golbon-lyocell-5-700x875.webp HTTP/1.1" 200 128290 "https://modoarpena.ir/product/golbon-lyocell-bedding/" "Mozilla/5.0 (Windows NT 10.0; Win64; x64) AppleWebKit/537.36 (KHTML, like Gecko) Chrome/149.0.0.0 Safari/537.36"
5.161.144.108 - - [02/Jul/2026:17:32:05 +0330] "GET /wp-content/uploads/2026/06/golbon-lyocell-4-700x875.webp HTTP/1.1" 200 165386 "https://modoarpena.ir/product/golbon-lyocell-bedding/" "Mozilla/5.0 (Windows NT 10.0; Win64; x64) AppleWebKit/537.36 (KHTML, like Gecko) Chrome/149.0.0.0 Safari/537.36"
5.161.144.108 - - [02/Jul/2026:17:32:07 +0330] "GET /wp-content/uploads/2026/06/golbon-lyocell-2-700x875.webp HTTP/1.1" 200 156642 "https://modoarpena.ir/product/golbon-lyocell-bedding/" "Mozilla/5.0 (Windows NT 10.0; Win64; x64) AppleWebKit/537.36 (KHTML, like Gecko) Chrome/149.0.0.0 Safari/537.36"
5.161.144.108 - - [02/Jul/2026:17:32:10 +0330] "GET /wp-content/uploads/2026/06/badrig-lyocell-1-1-700x875.webp HTTP/1.1" 200 87216 "https://modoarpena.ir/product/golbon-lyocell-bedding/" "Mozilla/5.0 (Windows NT 10.0; Win64; x64) AppleWebKit/537.36 (KHTML, like Gecko) Chrome/149.0.0.0 Safari/537.36"
5.161.144.108 - - [02/Jul/2026:17:32:32 +0330] "GET /product-category/bedding-set/lyocell/ HTTP/1.1" 200 60373 "https://modoarpena.ir/" "Mozilla/5.0 (Windows NT 10.0; Win64; x64) AppleWebKit/537.36 (KHTML, like Gecko) Chrome/149.0.0.0 Safari/537.36"
5.161.144.108 - - [02/Jul/2026:17:32:36 +0330] "GET /wp-content/uploads/2026/06/memory-lyocell-1-240x300.webp HTTP/1.1" 200 10574 "https://modoarpena.ir/product-category/bedding-set/lyocell/" "Mozilla/5.0 (Windows NT 10.0; Win64; x64) AppleWebKit/537.36 (KHTML, like Gecko) Chrome/149.0.0.0 Safari/537.36"
5.161.144.108 - - [02/Jul/2026:17:32:37 +0330] "GET /wp-content/uploads/2026/06/memory-lyocell-2-copy-240x300.webp HTTP/1.1" 200 5630 "https://modoarpena.ir/product-category/bedding-set/lyocell/" "Mozilla/5.0 (Windows NT 10.0; Win64; x64) AppleWebKit/537.36 (KHTML, like Gecko) Chrome/149.0.0.0 Safari/537.36"
5.161.144.108 - - [02/Jul/2026:17:32:37 +0330] "GET /product/sayehsar-lyocell-bedding/ HTTP/1.1" 200 71502 "https://modoarpena.ir/product-category/bedding-set/lyocell/" "Mozilla/5.0 (Windows NT 10.0; Win64; x64) AppleWebKit/537.36 (KHTML, like Gecko) Chrome/149.0.0.0 Safari/537.36"
5.161.144.108 - - [02/Jul/2026:17:33:00 +0330] "GET /wp-content/uploads/2026/06/36-700x875.webp HTTP/1.1" 200 19580 "https://modoarpena.ir/product/sayehsar-lyocell-bedding/" "Mozilla/5.0 (Windows NT 10.0; Win64; x64) AppleWebKit/537.36 (KHTML, like Gecko) Chrome/149.0.0.0 Safari/537.36"
130.193.77.37 - - [02/Jul/2026:17:33:41 +0330] "POST /wp-cron.php?doing_wp_cron=1783001021.7174990177154541015625 HTTP/1.1" 200 0 "-" "WordPress/7.0; https://modoarpena.ir"
130.193.77.37 - - [02/Jul/2026:17:36:45 +0330] "POST /wp-cron.php?doing_wp_cron=1783001205.9725999832153320312500 HTTP/1.1" 200 0 "-" "WordPress/7.0; https://modoarpena.ir"
130.193.77.37 - - [02/Jul/2026:17:34:41 +0330] "POST /wp-cron.php?doing_wp_cron=1783001081.9274330139160156250000 HTTP/1.1" 200 0 "-" "WordPress/7.0; https://modoarpena.ir"
130.193.77.37 - - [02/Jul/2026:17:46:01 +0330] "POST /wp-cron.php?doing_wp_cron=1783001761.8271319866180419921875 HTTP/1.1" 200 0 "-" "WordPress/7.0; https://modoarpena.ir"
130.193.77.37 - - [02/Jul/2026:17:53:44 +0330] "POST /wp-cron.php?doing_wp_cron=1783002224.9070949554443359375000 HTTP/1.1" 200 0 "-" "WordPress/7.0; https://modoarpena.ir"
66.249.74.162 - - [02/Jul/2026:17:53:40 +0330] "GET /items/V381207105/ HTTP/1.1" 404 51411 "-" "Mozilla/5.0 (Linux; Android 6.0.1; Nexus 5X Build/MMB29P) AppleWebKit/537.36 (KHTML, like Gecko) Chrome/149.0.7827.200 Mobile Safari/537.36 (compatible; Googlebot/2.1; +http://www.google.com/bot.html)"
66.249.74.162 - - [02/Jul/2026:17:52:14 +0330] "GET /?add-to-cart=27935 HTTP/1.1" 200 67680 "-" "Mozilla/5.0 (Linux; Android 6.0.1; Nexus 5X Build/MMB29P) AppleWebKit/537.36 (KHTML, like Gecko) Chrome/149.0.7827.200 Mobile Safari/537.36 (compatible; Googlebot/2.1; +http://www.google.com/bot.html)"
130.193.77.37 - - [02/Jul/2026:17:52:19 +0330] "POST /wp-cron.php?doing_wp_cron=1783002139.4655609130859375000000 HTTP/1.1" 200 0 "-" "WordPress/7.0; https://modoarpena.ir"
66.249.74.160 - - [02/Jul/2026:17:58:46 +0330] "GET /wp-content/themes/woodmart/css/parts/el-section-title-style-simple-and-brd-rtl.min.css?ver=8.4.0 HTTP/1.1" 200 343 "https://modoarpena.ir/?add-to-cart=27935" "Mozilla/5.0 (Linux; Android 6.0.1; Nexus 5X Build/MMB29P) AppleWebKit/537.36 (KHTML, like Gecko) Chrome/149.0.7827.200 Mobile Safari/537.36 (compatible; Googlebot/2.1; +http://www.google.com/bot.html)"
66.249.74.160 - - [02/Jul/2026:17:59:03 +0330] "GET /wp-content/themes/woodmart/css/parts/opt-carousel-disable-rtl.min.css?ver=8.4.0 HTTP/1.1" 200 168 "https://modoarpena.ir/?add-to-cart=27935" "Mozilla/5.0 (Linux; Android 6.0.1; Nexus 5X Build/MMB29P) AppleWebKit/537.36 (KHTML, like Gecko) Chrome/149.0.7827.200 Mobile Safari/537.36 (compatible; Googlebot/2.1; +http://www.google.com/bot.html)"
66.249.74.160 - - [02/Jul/2026:17:59:03 +0330] "GET /wp-content/themes/woodmart/css/parts/mod-dropdown-aside-rtl.min.css?ver=8.4.0 HTTP/1.1" 200 1239 "https://modoarpena.ir/?add-to-cart=27935" "Mozilla/5.0 (Linux; Android 6.0.1; Nexus 5X Build/MMB29P) AppleWebKit/537.36 (KHTML, like Gecko) Chrome/149.0.7827.200 Mobile Safari/537.36 (compatible; Googlebot/2.1; +http://www.google.com/bot.html)"
66.249.74.160 - - [02/Jul/2026:17:59:05 +0330] "GET /wp-content/themes/woodmart/css/parts/wd-search-form.min.css?ver=8.4.0 HTTP/1.1" 200 640 "https://modoarpena.ir/?add-to-cart=27935" "Mozilla/5.0 (Linux; Android 6.0.1; Nexus 5X Build/MMB29P) AppleWebKit/537.36 (KHTML, like Gecko) Chrome/149.0.7827.200 Mobile Safari/537.36 (compatible; Googlebot/2.1; +http://www.google.com/bot.html)"
43.165.167.72 - - [02/Jul/2026:17:55:27 +0330] "GET / HTTP/1.1" 200 81666 "http://modoarpena.ir" "Mozilla/5.0 (iPhone; CPU iPhone OS 13_2_3 like Mac OS X) AppleWebKit/605.1.15 (KHTML, like Gecko) Version/13.0.3 Mobile/15E148 Safari/604.1"
130.193.77.37 - - [02/Jul/2026:18:03:13 +0330] "POST /wp-cron.php?doing_wp_cron=1783002793.9199268817901611328125 HTTP/1.1" 200 0 "-" "WordPress/7.0; https://modoarpena.ir"
66.249.74.161 - - [02/Jul/2026:17:58:35 +0330] "GET /wp-content/themes/woodmart/css/parts/woo-opt-products-shadow.min.css?ver=8.4.0 HTTP/1.1" 200 117 "https://modoarpena.ir/?add-to-cart=27935" "Mozilla/5.0 (Linux; Android 6.0.1; Nexus 5X Build/MMB29P) AppleWebKit/537.36 (KHTML, like Gecko) Chrome/149.0.7827.200 Mobile Safari/537.36 (compatible; Googlebot/2.1; +http://www.google.com/bot.html)"
66.249.74.161 - - [02/Jul/2026:17:58:50 +0330] "GET /wp-includes/js/jquery/ui/core.min.js?ver=1.13.3 HTTP/1.1" 200 6812 "https://modoarpena.ir/?add-to-cart=27935" "Mozilla/5.0 (Linux; Android 6.0.1; Nexus 5X Build/MMB29P) AppleWebKit/537.36 (KHTML, like Gecko) Chrome/149.0.7827.200 Mobile Safari/537.36 (compatible; Googlebot/2.1; +http://www.google.com/bot.html)"
130.193.77.37 - - [02/Jul/2026:17:58:50 +0330] "POST /wp-cron.php?doing_wp_cron=1783002530.4358220100402832031250 HTTP/1.1" 200 0 "-" "WordPress/7.0; https://modoarpena.ir"
130.193.77.37 - - [02/Jul/2026:17:57:53 +0330] "POST /wp-cron.php?doing_wp_cron=1783002473.5797009468078613281250 HTTP/1.1" 200 0 "-" "WordPress/7.0; https://modoarpena.ir"
103.101.58.128 - - [02/Jul/2026:17:57:50 +0330] "GET /wp-login.php HTTP/2" 200 3915 "-" "Mozilla/5.0 (Macintosh; Intel Mac OS X 10_15_7) AppleWebKit/537.36 (KHTML, like Gecko) Chrome/133.0.0.0 Safari/537.36"
103.101.58.128 - - [02/Jul/2026:17:58:00 +0330] "POST /wp-login.php HTTP/2" 200 4086 "https://modoarpena.ir/wp-login.php" "Mozilla/5.0 (Macintosh; Intel Mac OS X 10_15_7) AppleWebKit/537.36 (KHTML, like Gecko) Chrome/133.0.0.0 Safari/537.36"
52.167.144.198 - - [02/Jul/2026:17:58:47 +0330] "GET /shop/page/3/?opts=cookies_law HTTP/2" 200 60299 "-" "Mozilla/5.0 AppleWebKit/537.36 (KHTML, like Gecko; compatible; bingbot/2.0; +http://www.bing.com/bingbot.htm) Chrome/116.0.1938.76 Safari/537.36"
66.249.74.160 - - [02/Jul/2026:17:58:51 +0330] "GET /wp-content/plugins/woocommerce/assets/js/js-cookie/js.cookie.min.js?ver=2.1.4-wc.10.6.2 HTTP/1.1" 200 760 "https://modoarpena.ir/?add-to-cart=27935" "Mozilla/5.0 (Linux; Android 6.0.1; Nexus 5X Build/MMB29P) AppleWebKit/537.36 (KHTML, like Gecko) Chrome/149.0.7827.200 Mobile Safari/537.36 (compatible; Googlebot/2.1; +http://www.google.com/bot.html)"
66.249.74.160 - - [02/Jul/2026:17:58:57 +0330] "GET /wp-content/plugins/digits/assets/js/main.min.js?ver=9.1.0.5 HTTP/1.1" 200 15734 "https://modoarpena.ir/?add-to-cart=27935" "Mozilla/5.0 (Linux; Android 6.0.1; Nexus 5X Build/MMB29P) AppleWebKit/537.36 (KHTML, like Gecko) Chrome/149.0.7827.200 Mobile Safari/537.36 (compatible; Googlebot/2.1; +http://www.google.com/bot.html)"
66.249.74.160 - - [02/Jul/2026:17:59:13 +0330] "GET /wp-content/themes/woodmart/js/scripts/wc/woocommerceNotices.min.js?ver=8.4.0 HTTP/1.1" 200 232 "https://modoarpena.ir/?add-to-cart=27935" "Mozilla/5.0 (Linux; Android 6.0.1; Nexus 5X Build/MMB29P) AppleWebKit/537.36 (KHTML, like Gecko) Chrome/149.0.7827.200 Mobile Safari/537.36 (compatible; Googlebot/2.1; +http://www.google.com/bot.html)"
103.28.36.122 - - [02/Jul/2026:18:03:09 +0330] "GET /wp-login.php HTTP/2" 200 3915 "-" "Mozilla/5.0 (X11; Ubuntu; Linux x86_64; rv:133.0) Gecko/20100101 Firefox/133.0"
103.28.36.122 - - [02/Jul/2026:18:03:14 +0330] "POST /wp-login.php HTTP/2" 200 4076 "https://modoarpena.ir/wp-login.php" "Mozilla/5.0 (X11; Ubuntu; Linux x86_64; rv:133.0) Gecko/20100101 Firefox/133.0"
130.193.77.37 - - [02/Jul/2026:18:04:35 +0330] "POST /wp-cron.php?doing_wp_cron=1783002875.5859029293060302734375 HTTP/1.1" 200 0 "-" "WordPress/7.0; https://modoarpena.ir"
3.92.62.91 - - [02/Jul/2026:18:08:39 +0330] "GET / HTTP/1.1" 200 84989 "-" "Mozilla/5.0 (Macintosh; Intel Mac OS X 10_15_7) AppleWebKit/537.36 (KHTML, like Gecko) Chrome/100.0.4896.60 Safari/537.36"
130.193.77.37 - - [02/Jul/2026:18:08:44 +0330] "POST /wp-cron.php?doing_wp_cron=1783003124.1695480346679687500000 HTTP/1.1" 200 0 "-" "WordPress/7.0; https://modoarpena.ir"
52.167.144.198 - - [02/Jul/2026:18:04:31 +0330] "GET /shop/page/3/?orderby=price HTTP/2" 200 59772 "-" "Mozilla/5.0 AppleWebKit/537.36 (KHTML, like Gecko; compatible; bingbot/2.0; +http://www.bing.com/bingbot.htm) Chrome/116.0.1938.76 Safari/537.36"
66.249.74.160 - - [02/Jul/2026:18:22:53 +0330] "GET /wp-content/plugins/kamangir-smart-gateway-wc-all-in-one/vendor/kamangir/sdk-gateway/src/HelpLinks/Assets/css/help.css?ver=7.0 HTTP/1.1" 200 116 "https://modoarpena.ir/?add-to-cart=29904" "Mozilla/5.0 (Linux; Android 6.0.1; Nexus 5X Build/MMB29P) AppleWebKit/537.36 (KHTML, like Gecko) Chrome/149.0.7827.200 Mobile Safari/537.36 (compatible; Googlebot/2.1; +http://www.google.com/bot.html)"
66.249.74.160 - - [02/Jul/2026:18:22:54 +0330] "GET /wp-content/plugins/digbuilder/css/page.min.css?ver=0.9.8 HTTP/1.1" 200 229 "https://modoarpena.ir/?add-to-cart=29904" "Mozilla/5.0 (Linux; Android 6.0.1; Nexus 5X Build/MMB29P) AppleWebKit/537.36 (KHTML, like Gecko) Chrome/149.0.7827.200 Mobile Safari/537.36 (compatible; Googlebot/2.1; +http://www.google.com/bot.html)"
66.249.74.160 - - [02/Jul/2026:18:22:55 +0330] "GET /wp-content/plugins/elementor/assets/css/widget-video-rtl.min.css?ver=4.0.1 HTTP/1.1" 200 328 "https://modoarpena.ir/?add-to-cart=29904" "Mozilla/5.0 (Linux; Android 6.0.1; Nexus 5X Build/MMB29P) AppleWebKit/537.36 (KHTML, like Gecko) Chrome/149.0.7827.200 Mobile Safari/537.36 (compatible; Googlebot/2.1; +http://www.google.com/bot.html)"
66.249.74.160 - - [02/Jul/2026:18:22:57 +0330] "GET /wp-content/plugins/digbuilder/css/animate.min.css?ver=3.7.2 HTTP/1.1" 200 3967 "https://modoarpena.ir/?add-to-cart=29904" "Mozilla/5.0 (Linux; Android 6.0.1; Nexus 5X Build/MMB29P) AppleWebKit/537.36 (KHTML, like Gecko) Chrome/149.0.7827.200 Mobile Safari/537.36 (compatible; Googlebot/2.1; +http://www.google.com/bot.html)"
66.249.74.160 - - [02/Jul/2026:18:22:58 +0330] "GET /wp-content/themes/woodmart/css/parts/post-types-mod-categories-style-bg.min.css?ver=8.4.0 HTTP/1.1" 200 201 "https://modoarpena.ir/?add-to-cart=29904" "Mozilla/5.0 (Linux; Android 6.0.1; Nexus 5X Build/MMB29P) AppleWebKit/537.36 (KHTML, like Gecko) Chrome/149.0.7827.200 Mobile Safari/537.36 (compatible; Googlebot/2.1; +http://www.google.com/bot.html)"
66.249.74.160 - - [02/Jul/2026:18:22:59 +0330] "GET /wp-content/themes/woodmart/css/parts/opt-lazy-load.min.css?ver=8.4.0 HTTP/1.1" 200 107 "https://modoarpena.ir/?add-to-cart=29904" "Mozilla/5.0 (Linux; Android 6.0.1; Nexus 5X Build/MMB29P) AppleWebKit/537.36 (KHTML, like Gecko) Chrome/149.0.7827.200 Mobile Safari/537.36 (compatible; Googlebot/2.1; +http://www.google.com/bot.html)"
66.249.74.160 - - [02/Jul/2026:18:23:00 +0330] "GET /wp-content/themes/woodmart/css/parts/woo-widget-shopping-cart.min.css?ver=8.4.0 HTTP/1.1" 200 1219 "https://modoarpena.ir/?add-to-cart=29904" "Mozilla/5.0 (Linux; Android 6.0.1; Nexus 5X Build/MMB29P) AppleWebKit/537.36 (KHTML, like Gecko) Chrome/149.0.7827.200 Mobile Safari/537.36 (compatible; Googlebot/2.1; +http://www.google.com/bot.html)"
66.249.74.160 - - [02/Jul/2026:18:23:01 +0330] "GET /wp-content/uploads/2026/06/xts-theme_settings_default-1781590861.css?ver=8.4.0 HTTP/1.1" 200 1381 "https://modoarpena.ir/?add-to-cart=29904" "Mozilla/5.0 (Linux; Android 6.0.1; Nexus 5X Build/MMB29P) AppleWebKit/537.36 (KHTML, like Gecko) Chrome/149.0.7827.200 Mobile Safari/537.36 (compatible; Googlebot/2.1; +http://www.google.com/bot.html)"
66.249.74.160 - - [02/Jul/2026:18:23:03 +0330] "GET /wp-content/themes/woodmart/css/parts/opt-widget-collapse.min.css?ver=8.4.0 HTTP/1.1" 200 393 "https://modoarpena.ir/?add-to-cart=29904" "Mozilla/5.0 (Linux; Android 6.0.1; Nexus 5X Build/MMB29P) AppleWebKit/537.36 (KHTML, like Gecko) Chrome/149.0.7827.200 Mobile Safari/537.36 (compatible; Googlebot/2.1; +http://www.google.com/bot.html)"
173.236.254.75 - - [02/Jul/2026:18:27:05 +0330] "GET /wp-login.php HTTP/2" 200 3915 "-" "Mozilla/5.0 (X11; Fedora; Linux x86_64) AppleWebKit/537.36 (KHTML, like Gecko) Chrome/133.0.0.0 Safari/537.36"
173.236.254.75 - - [02/Jul/2026:18:27:10 +0330] "POST /wp-login.php HTTP/2" 200 4086 "https://modoarpena.ir/wp-login.php" "Mozilla/5.0 (X11; Fedora; Linux x86_64) AppleWebKit/537.36 (KHTML, like Gecko) Chrome/133.0.0.0 Safari/537.36"
216.73.216.209 - - [02/Jul/2026:18:36:35 +0330] "GET /robots.txt HTTP/2" 200 23 "-" "Mozilla/5.0 AppleWebKit/537.36 (KHTML, like Gecko; compatible; ClaudeBot/1.0; +claudebot@anthropic.com)"
216.73.216.209 - - [02/Jul/2026:18:36:35 +0330] "GET /sitemap.xml HTTP/2" 301 0 "-" "Mozilla/5.0 AppleWebKit/537.36 (KHTML, like Gecko; compatible; ClaudeBot/1.0; +claudebot@anthropic.com)"
216.73.216.209 - - [02/Jul/2026:18:36:37 +0330] "GET /sitemap_index.xml HTTP/2" 200 385 "https://modoarpena.ir/sitemap.xml" "Mozilla/5.0 AppleWebKit/537.36 (KHTML, like Gecko; compatible; ClaudeBot/1.0; +claudebot@anthropic.com)"
217.154.185.101 - - [02/Jul/2026:18:28:25 +0330] "GET /wp-login.php HTTP/2" 200 3915 "-" "Mozilla/5.0 (X11; Linux i686) AppleWebKit/537.36 (KHTML, like Gecko) Chrome/133.0.0.0 Safari/537.36"
217.154.185.101 - - [02/Jul/2026:18:28:26 +0330] "POST /wp-login.php HTTP/2" 200 4076 "https://modoarpena.ir/wp-login.php" "Mozilla/5.0 (X11; Linux i686) AppleWebKit/537.36 (KHTML, like Gecko) Chrome/133.0.0.0 Safari/537.36"
40.77.167.123 - - [02/Jul/2026:18:28:31 +0330] "GET /product-category/pillows/ HTTP/2" 200 61807 "-" "Mozilla/5.0 AppleWebKit/537.36 (KHTML, like Gecko; compatible; bingbot/2.0; +http://www.bing.com/bingbot.htm) Chrome/116.0.1938.76 Safari/537.36"
130.193.77.37 - - [02/Jul/2026:18:27:09 +0330] "POST /wp-cron.php?doing_wp_cron=1783004229.4867289066314697265625 HTTP/1.1" 200 0 "-" "WordPress/7.0; https://modoarpena.ir"
130.193.77.37 - - [02/Jul/2026:18:27:09 +0330] "POST /wp-cron.php?doing_wp_cron=1783004229.4862198829650878906250 HTTP/1.1" 200 0 "-" "WordPress/7.0; https://modoarpena.ir"
87.106.217.70 - - [02/Jul/2026:18:27:05 +0330] "GET /wp-login.php HTTP/2" 200 3915 "-" "Mozilla/5.0 (X11; Ubuntu; Linux x86_64) AppleWebKit/537.36 (KHTML, like Gecko) Chrome/133.0.0.0 Safari/537.36"
87.106.217.70 - admina [02/Jul/2026:18:27:25 +0330] "GET /wp-json/wp/v2/users/me HTTP/2" 401 129 "-" "Mozilla/5.0 (X11; Ubuntu; Linux x86_64) AppleWebKit/537.36 (KHTML, like Gecko) Chrome/133.0.0.0 Safari/537.36"
130.193.77.37 - - [02/Jul/2026:18:28:26 +0330] "POST /wp-cron.php?doing_wp_cron=1783004306.4182059764862060546875 HTTP/1.1" 200 0 "-" "WordPress/7.0; https://modoarpena.ir"
66.249.74.160 - - [02/Jul/2026:18:22:30 +0330] "GET /?add-to-cart=29904 HTTP/1.1" 200 67790 "-" "Mozilla/5.0 (Linux; Android 6.0.1; Nexus 5X Build/MMB29P) AppleWebKit/537.36 (KHTML, like Gecko) Chrome/149.0.7827.200 Mobile Safari/537.36 (compatible; Googlebot/2.1; +http://www.google.com/bot.html)"
43.135.36.201 - - [02/Jul/2026:18:35:42 +0330] "GET / HTTP/1.1" 200 81657 "http://www.modoarpena.ir" "Mozilla/5.0 (iPhone; CPU iPhone OS 13_2_3 like Mac OS X) AppleWebKit/605.1.15 (KHTML, like Gecko) Version/13.0.3 Mobile/15E148 Safari/604.1"
43.165.7.135 - - [02/Jul/2026:18:39:40 +0330] "GET / HTTP/1.1" 200 81776 "http://www.modoarpena.ir" "Mozilla/5.0 (iPhone; CPU iPhone OS 13_2_3 like Mac OS X) AppleWebKit/605.1.15 (KHTML, like Gecko) Version/13.0.3 Mobile/15E148 Safari/604.1"
176.31.139.26 - - [02/Jul/2026:18:40:13 +0330] "GET /product/tajbarg-austrian-tencel-bedding/ HTTP/2" 200 67963 "-" "Mozilla/5.0 (compatible; AhrefsBot/7.0; +http://ahrefs.com/robot/)"
130.193.77.37 - - [02/Jul/2026:18:40:16 +0330] "POST /wp-cron.php?doing_wp_cron=1783005016.7202711105346679687500 HTTP/1.1" 200 0 "-" "WordPress/7.0; https://modoarpena.ir"
51.68.233.43 - - [02/Jul/2026:18:46:10 +0330] "GET /robots.txt HTTP/1.1" 200 23 "-" "Mozilla/5.0 (compatible; MJ12bot/v1.4.8; http://mj12bot.com/)"
130.193.77.37 - - [02/Jul/2026:18:46:16 +0330] "POST /wp-cron.php?doing_wp_cron=1783005376.7912149429321289062500 HTTP/1.1" 200 0 "-" "WordPress/7.0; https://modoarpena.ir"
51.68.233.43 - - [02/Jul/2026:18:46:12 +0330] "GET /product/%D8%B3%D8%AA-%D8%B1%D9%88-%D8%AA%D8%AE%D8%AA%DB%8C-%D9%85%D8%AF%D9%84-%D8%A8%D8%A7%D8%B1%D8%A7%DB%8C/feed/ HTTP/1.1" 404 54116 "-" "Mozilla/5.0 (compatible; MJ12bot/v1.4.8; http://mj12bot.com/)"
51.68.233.43 - - [02/Jul/2026:18:46:18 +0330] "GET /product/%D8%B3%D8%AA-%D8%B1%D9%88-%D8%AA%D8%AE%D8%AA%DB%8C-%D9%85%D8%AF%D9%84-%D8%B3%D8%A7%D8%B1%DB%8C%D9%86%D8%A7/feed/ HTTP/1.1" 404 54039 "-" "Mozilla/5.0 (compatible; MJ12bot/v1.4.8; http://mj12bot.com/)"
51.68.233.43 - - [02/Jul/2026:18:46:22 +0330] "GET /product/%D8%B3%D8%AA-%D8%B1%D9%88-%D8%AA%D8%AE%D8%AA%DB%8C-%D9%85%D8%AF%D9%84-%D9%88%D9%86%D9%88%D8%B3/feed/ HTTP/1.1" 404 53991 "-" "Mozilla/5.0 (compatible; MJ12bot/v1.4.8; http://mj12bot.com/)"
51.68.233.43 - - [02/Jul/2026:18:46:25 +0330] "GET /product/%D9%84%D8%AD%D8%A7%D9%81-%D8%AF%D8%A7%D9%88%D9%86-%D9%BE%D8%B1%D9%88%D9%81-%D9%85%D9%88%D8%AF%D9%88/feed/ HTTP/1.1" 200 571 "-" "Mozilla/5.0 (compatible; MJ12bot/v1.4.8; http://mj12bot.com/)"
51.68.233.43 - - [02/Jul/2026:18:46:28 +0330] "GET /product/%D9%84%D8%AD%D8%A7%D9%81-%DA%86%D9%87%D8%A7%D8%B1-%D9%81%D8%B5%D9%84-%D9%87%D8%AA%D9%84%DA%A9%D8%B3/feed/ HTTP/1.1" 404 54051 "-" "Mozilla/5.0 (compatible; MJ12bot/v1.4.8; http://mj12bot.com/)"
51.68.233.43 - - [02/Jul/2026:18:46:33 +0330] "GET /product/%D8%B3%D8%AA-%D8%B1%D9%88-%D8%AA%D8%AE%D8%AA%DB%8C-%D9%85%D8%AF%D9%84-%D8%A8%D8%A7%D8%B1%D8%A7%DB%8C/ HTTP/1.1" 404 54006 "-" "Mozilla/5.0 (compatible; MJ12bot/v1.4.8; http://mj12bot.com/)"
130.193.77.37 - - [02/Jul/2026:18:46:40 +0330] "POST /wp-cron.php?doing_wp_cron=1783005400.1560630798339843750000 HTTP/1.1" 200 0 "-" "WordPress/7.0; https://modoarpena.ir"
51.68.233.43 - - [02/Jul/2026:18:46:37 +0330] "GET /product/%D8%B3%D8%AA-%D8%B1%D9%88-%D8%AA%D8%AE%D8%AA%DB%8C-%D9%85%D8%AF%D9%84-%D8%B3%D8%A7%D8%B1%DB%8C%D9%86%D8%A7/ HTTP/1.1" 404 54056 "-" "Mozilla/5.0 (compatible; MJ12bot/v1.4.8; http://mj12bot.com/)"
51.68.233.43 - - [02/Jul/2026:18:46:41 +0330] "GET /product/%D8%B3%D8%AA-%D8%B1%D9%88-%D8%AA%D8%AE%D8%AA%DB%8C-%D9%85%D8%AF%D9%84-%D9%88%D9%86%D9%88%D8%B3/ HTTP/1.1" 404 54013 "-" "Mozilla/5.0 (compatible; MJ12bot/v1.4.8; http://mj12bot.com/)"
51.68.233.43 - - [02/Jul/2026:18:46:45 +0330] "GET /product/%D9%84%D8%AD%D8%A7%D9%81-%D8%AF%D8%A7%D9%88%D9%86-%D9%BE%D8%B1%D9%88%D9%81-%D9%85%D9%88%D8%AF%D9%88/ HTTP/1.1" 200 65844 "-" "Mozilla/5.0 (compatible; MJ12bot/v1.4.8; http://mj12bot.com/)"
51.68.233.43 - - [02/Jul/2026:18:46:49 +0330] "GET /product/%D9%84%D8%AD%D8%A7%D9%81-%DA%86%D9%87%D8%A7%D8%B1-%D9%81%D8%B5%D9%84-%D9%87%D8%AA%D9%84%DA%A9%D8%B3/ HTTP/1.1" 404 54009 "-" "Mozilla/5.0 (compatible; MJ12bot/v1.4.8; http://mj12bot.com/)"
130.193.77.37 - - [02/Jul/2026:18:56:09 +0330] "POST /wp-cron.php?doing_wp_cron=1783005969.3748300075531005859375 HTTP/1.1" 200 0 "-" "WordPress/7.0; https://modoarpena.ir"
143.198.203.76 - - [02/Jul/2026:18:57:35 +0330] "GET /wp-login.php HTTP/2" 200 3915 "-" "Mozilla/5.0 (Windows NT 10.0; Win64; x64; rv:133.0) Gecko/20100101 Firefox/133.0"
143.198.203.76 - - [02/Jul/2026:18:57:39 +0330] "POST /wp-login.php HTTP/2" 200 4086 "https://modoarpena.ir/wp-login.php" "Mozilla/5.0 (Windows NT 10.0; Win64; x64; rv:133.0) Gecko/20100101 Firefox/133.0"
185.176.8.77 - - [02/Jul/2026:18:57:34 +0330] "GET /wp-login.php HTTP/2" 200 3915 "-" "Mozilla/5.0 (Macintosh; Intel Mac OS X 10_15_7) AppleWebKit/537.36 (KHTML, like Gecko) Chrome/133.0.0.0 Safari/537.36"
185.176.8.77 - - [02/Jul/2026:18:57:38 +0330] "POST /wp-login.php HTTP/2" 200 4086 "https://modoarpena.ir/wp-login.php" "Mozilla/5.0 (Macintosh; Intel Mac OS X 10_15_7) AppleWebKit/537.36 (KHTML, like Gecko) Chrome/133.0.0.0 Safari/537.36"
66.249.74.162 - - [02/Jul/2026:19:03:10 +0330] "GET /robots.txt HTTP/1.1" 200 23 "-" "Mozilla/5.0 (compatible; Googlebot/2.1; +http://www.google.com/bot.html)"
130.193.77.37 - - [02/Jul/2026:19:03:16 +0330] "POST /wp-cron.php?doing_wp_cron=1783006396.5935759544372558593750 HTTP/1.1" 200 0 "-" "WordPress/7.0; https://modoarpena.ir"
66.249.74.162 - - [02/Jul/2026:19:03:10 +0330] "GET /items/V381877390/ HTTP/1.1" 404 51473 "-" "Mozilla/5.0 (Linux; Android 6.0.1; Nexus 5X Build/MMB29P) AppleWebKit/537.36 (KHTML, like Gecko) Chrome/149.0.7827.200 Mobile Safari/537.36 (compatible; Googlebot/2.1; +http://www.google.com/bot.html)"
40.77.167.51 - - [02/Jul/2026:18:56:02 +0330] "GET /shop/page/3/?opts=bordered_grid_inside HTTP/2" 200 60142 "-" "Mozilla/5.0 AppleWebKit/537.36 (KHTML, like Gecko; compatible; bingbot/2.0; +http://www.bing.com/bingbot.htm) Chrome/116.0.1938.76 Safari/537.36"
130.193.77.37 - - [02/Jul/2026:18:57:38 +0330] "POST /wp-cron.php?doing_wp_cron=1783006058.0997219085693359375000 HTTP/1.1" 200 0 "-" "WordPress/7.0; https://modoarpena.ir"
130.193.77.37 - - [02/Jul/2026:19:03:47 +0330] "POST /wp-cron.php?doing_wp_cron=1783006427.9853389263153076171875 HTTP/1.1" 200 0 "-" "WordPress/7.0; https://modoarpena.ir"
100.51.29.237 - - [02/Jul/2026:19:03:46 +0330] "GET /wp-login.php HTTP/2" 200 3915 "-" "Mozilla/5.0 (Macintosh; Intel Mac OS X 10_15_7) AppleWebKit/605.1.15 (KHTML, like Gecko) Version/18.3 Safari/605.1.15"
100.51.29.237 - - [02/Jul/2026:19:03:48 +0330] "POST /wp-login.php HTTP/2" 200 4076 "https://modoarpena.ir/wp-login.php" "Mozilla/5.0 (Macintosh; Intel Mac OS X 10_15_7) AppleWebKit/605.1.15 (KHTML, like Gecko) Version/18.3 Safari/605.1.15"
130.193.77.37 - - [02/Jul/2026:19:08:49 +0330] "POST /wp-cron.php?doing_wp_cron=1783006729.5520730018615722656250 HTTP/1.1" 200 0 "-" "WordPress/7.0; https://modoarpena.ir"
51.68.247.197 - - [02/Jul/2026:19:08:46 +0330] "GET /product/modo-pillow/feed/ HTTP/2" 200 470 "-" "Mozilla/5.0 (compatible; AhrefsBot/7.0; +http://ahrefs.com/robot/)"
66.249.74.169 - - [02/Jul/2026:19:13:57 +0330] "GET /product-sitemap.xml HTTP/1.1" 200 1498 "-" "Mozilla/5.0 (compatible; Googlebot/2.1; +http://www.google.com/bot.html)"
130.193.77.37 - - [02/Jul/2026:19:14:01 +0330] "POST /wp-cron.php?doing_wp_cron=1783007041.2425179481506347656250 HTTP/1.1" 200 0 "-" "WordPress/7.0; https://modoarpena.ir"
20.153.140.50 - - [02/Jul/2026:19:26:33 +0330] "GET /wp-login.php HTTP/2" 200 3915 "-" "Mozilla/5.0 (X11; Ubuntu; Linux x86_64) AppleWebKit/537.36 (KHTML, like Gecko) Chrome/133.0.0.0 Safari/537.36"
20.153.140.50 - - [02/Jul/2026:19:26:38 +0330] "POST /wp-login.php HTTP/2" 200 4086 "https://modoarpena.ir/wp-login.php" "Mozilla/5.0 (X11; Ubuntu; Linux x86_64) AppleWebKit/537.36 (KHTML, like Gecko) Chrome/133.0.0.0 Safari/537.36"
130.193.77.37 - - [02/Jul/2026:19:26:37 +0330] "POST /wp-cron.php?doing_wp_cron=1783007797.6609990596771240234375 HTTP/1.1" 200 0 "-" "WordPress/7.0; https://modoarpena.ir"
137.184.198.188 - - [02/Jul/2026:19:43:08 +0330] "GET /wp-login.php HTTP/2" 200 3915 "-" "Mozilla/5.0 (X11; Fedora; Linux x86_64) AppleWebKit/537.36 (KHTML, like Gecko) Chrome/133.0.0.0 Safari/537.36"
137.184.198.188 - - [02/Jul/2026:19:43:12 +0330] "POST /wp-login.php HTTP/2" 200 4076 "https://modoarpena.ir/wp-login.php" "Mozilla/5.0 (X11; Fedora; Linux x86_64) AppleWebKit/537.36 (KHTML, like Gecko) Chrome/133.0.0.0 Safari/537.36"
92.222.108.103 - - [02/Jul/2026:19:39:56 +0330] "GET /product-category/sheets-pillowcases/feed/ HTTP/2" 200 7486 "-" "Mozilla/5.0 (compatible; AhrefsBot/7.0; +http://ahrefs.com/robot/)"
130.193.77.37 - - [02/Jul/2026:19:40:00 +0330] "POST /wp-cron.php?doing_wp_cron=1783008600.6625649929046630859375 HTTP/1.1" 200 0 "-" "WordPress/7.0; https://modoarpena.ir"
130.193.77.37 - - [02/Jul/2026:19:32:19 +0330] "POST /wp-cron.php?doing_wp_cron=1783008139.8346819877624511718750 HTTP/1.1" 200 0 "-" "WordPress/7.0; https://modoarpena.ir"
130.193.77.37 - - [02/Jul/2026:19:43:12 +0330] "POST /wp-cron.php?doing_wp_cron=1783008792.3649470806121826171875 HTTP/1.1" 200 0 "-" "WordPress/7.0; https://modoarpena.ir"
130.193.77.37 - - [02/Jul/2026:19:37:35 +0330] "POST /wp-cron.php?doing_wp_cron=1783008455.6373310089111328125000 HTTP/1.1" 200 0 "-" "WordPress/7.0; https://modoarpena.ir"
2a06:98c0:3600::103 - - [02/Jul/2026:19:32:13 +0330] "GET / HTTP/1.1" 200 70260 "-" "Mozilla/5.0 (Macintosh; Intel Mac OS X 10_15_7) AppleWebKit/537.36 (KHTML, like Gecko) Chrome/147.0.0.0 Safari/537.36 CloudflareWebScanner/1.0"
20.153.140.50 - - [02/Jul/2026:19:37:32 +0330] "GET /wp-login.php HTTP/2" 200 3915 "-" "Mozilla/5.0 (X11; Linux x86_64) AppleWebKit/537.36 (KHTML, like Gecko) Chrome/133.0.0.0 Safari/537.36 Edg/133.0.0.0"
130.193.77.37 - - [02/Jul/2026:19:37:45 +0330] "POST /wp-cron.php?doing_wp_cron=1783008465.2155020236968994140625 HTTP/1.1" 200 0 "-" "WordPress/7.0; https://modoarpena.ir"
20.153.140.50 - - [02/Jul/2026:19:37:44 +0330] "POST /wp-login.php HTTP/2" 200 4076 "https://modoarpena.ir/wp-login.php" "Mozilla/5.0 (X11; Linux x86_64) AppleWebKit/537.36 (KHTML, like Gecko) Chrome/133.0.0.0 Safari/537.36 Edg/133.0.0.0"
130.193.77.37 - - [02/Jul/2026:19:57:08 +0330] "POST /wp-cron.php?doing_wp_cron=1783009628.4890179634094238281250 HTTP/1.1" 200 0 "-" "WordPress/7.0; https://modoarpena.ir"
179.127.11.105 - - [02/Jul/2026:19:57:04 +0330] "GET /wp-login.php HTTP/2" 200 3915 "-" "Mozilla/5.0 (Windows NT 10.0; Win64; x64; rv:133.0) Gecko/20100101 Firefox/133.0"
179.127.11.105 - - [02/Jul/2026:19:57:10 +0330] "POST /wp-login.php HTTP/2" 200 4086 "https://modoarpena.ir/wp-login.php" "Mozilla/5.0 (Windows NT 10.0; Win64; x64; rv:133.0) Gecko/20100101 Firefox/133.0"
130.193.77.37 - - [02/Jul/2026:19:59:48 +0330] "POST /wp-cron.php?doing_wp_cron=1783009788.3482370376586914062500 HTTP/1.1" 200 0 "-" "WordPress/7.0; https://modoarpena.ir"
43.135.135.57 - - [02/Jul/2026:19:59:44 +0330] "GET /xmlrpc.php HTTP/1.1" 405 62 "-" "Mozilla/5.0 (iPhone; CPU iPhone OS 13_2_3 like Mac OS X) AppleWebKit/605.1.15 (KHTML, like Gecko) Version/13.0.3 Mobile/15E148 Safari/604.1"
43.166.131.228 - - [02/Jul/2026:19:48:43 +0330] "GET /product-category/bedding-set/ HTTP/1.1" 200 74833 "-" "Mozilla/5.0 (iPhone; CPU iPhone OS 13_2_3 like Mac OS X) AppleWebKit/605.1.15 (KHTML, like Gecko) Version/13.0.3 Mobile/15E148 Safari/604.1"
130.193.77.37 - - [02/Jul/2026:19:48:47 +0330] "POST /wp-cron.php?doing_wp_cron=1783009127.9761359691619873046875 HTTP/1.1" 200 0 "-" "WordPress/7.0; https://modoarpena.ir"
130.193.77.37 - - [02/Jul/2026:20:10:00 +0330] "POST /wp-cron.php?doing_wp_cron=1783010400.1014900207519531250000 HTTP/1.1" 200 0 "-" "WordPress/7.0; https://modoarpena.ir"
157.173.101.89 - - [02/Jul/2026:20:06:32 +0330] "GET /wp-login.php HTTP/2" 200 3915 "-" "Mozilla/5.0 (X11; Ubuntu; Linux x86_64; rv:133.0) Gecko/20100101 Firefox/133.0"
157.173.101.89 - - [02/Jul/2026:20:06:36 +0330] "POST /wp-login.php HTTP/2" 200 4076 "https://modoarpena.ir/wp-login.php" "Mozilla/5.0 (X11; Ubuntu; Linux x86_64; rv:133.0) Gecko/20100101 Firefox/133.0"
130.193.77.37 - - [02/Jul/2026:20:06:36 +0330] "POST /wp-cron.php?doing_wp_cron=1783010196.1675989627838134765625 HTTP/1.1" 200 0 "-" "WordPress/7.0; https://modoarpena.ir"
130.193.77.37 - - [02/Jul/2026:20:18:17 +0330] "POST /wp-cron.php?doing_wp_cron=1783010896.8407680988311767578125 HTTP/1.1" 200 0 "-" "WordPress/7.0; https://modoarpena.ir"
162.62.213.187 - - [02/Jul/2026:20:18:12 +0330] "GET /feed/ HTTP/1.1" 200 18268 "-" "Mozilla/5.0 (iPhone; CPU iPhone OS 13_2_3 like Mac OS X) AppleWebKit/605.1.15 (KHTML, like Gecko) Version/13.0.3 Mobile/15E148 Safari/604.1"
43.130.91.95 - - [02/Jul/2026:20:09:56 +0330] "GET /comments/feed/ HTTP/1.1" 200 504 "-" "Mozilla/5.0 (iPhone; CPU iPhone OS 13_2_3 like Mac OS X) AppleWebKit/605.1.15 (KHTML, like Gecko) Version/13.0.3 Mobile/15E148 Safari/604.1"
52.232.35.131 - - [02/Jul/2026:20:29:04 +0330] "GET /wp-login.php HTTP/2" 200 3915 "-" "Mozilla/5.0 (X11; Fedora; Linux x86_64) AppleWebKit/537.36 (KHTML, like Gecko) Chrome/133.0.0.0 Safari/537.36"
52.232.35.131 - - [02/Jul/2026:20:29:06 +0330] "POST /wp-login.php HTTP/2" 200 4086 "https://modoarpena.ir/wp-login.php" "Mozilla/5.0 (X11; Fedora; Linux x86_64) AppleWebKit/537.36 (KHTML, like Gecko) Chrome/133.0.0.0 Safari/537.36"
130.193.77.37 - - [02/Jul/2026:20:29:06 +0330] "POST /wp-cron.php?doing_wp_cron=1783011546.1438360214233398437500 HTTP/1.1" 200 0 "-" "WordPress/7.0; https://modoarpena.ir"
130.193.77.37 - - [02/Jul/2026:20:28:00 +0330] "POST /wp-cron.php?doing_wp_cron=1783011480.8993039131164550781250 HTTP/1.1" 200 0 "-" "WordPress/7.0; https://modoarpena.ir"
43.133.220.37 - - [02/Jul/2026:20:27:56 +0330] "GET /product-category/bedding-set/feed/ HTTP/1.1" 200 32428 "-" "Mozilla/5.0 (iPhone; CPU iPhone OS 13_2_3 like Mac OS X) AppleWebKit/605.1.15 (KHTML, like Gecko) Version/13.0.3 Mobile/15E148 Safari/604.1"
43.157.38.228 - - [02/Jul/2026:20:38:30 +0330] "GET /product-category/bedding-set/page/2/ HTTP/1.1" 200 67586 "-" "Mozilla/5.0 (iPhone; CPU iPhone OS 13_2_3 like Mac OS X) AppleWebKit/605.1.15 (KHTML, like Gecko) Version/13.0.3 Mobile/15E148 Safari/604.1"
130.193.77.37 - - [02/Jul/2026:20:38:35 +0330] "POST /wp-cron.php?doing_wp_cron=1783012115.5757980346679687500000 HTTP/1.1" 200 0 "-" "WordPress/7.0; https://modoarpena.ir"
130.193.77.37 - - [02/Jul/2026:20:50:41 +0330] "POST /wp-cron.php?doing_wp_cron=1783012841.8561849594116210937500 HTTP/1.1" 200 0 "-" "WordPress/7.0; https://modoarpena.ir"
185.115.217.185 - - [02/Jul/2026:20:50:40 +0330] "GET /wp-login.php HTTP/2" 200 3915 "-" "Mozilla/5.0 (Windows NT 10.0; Win64; x64) AppleWebKit/537.36 (KHTML, like Gecko) Chrome/133.0.0.0 Safari/537.36"
185.115.217.185 - - [02/Jul/2026:20:50:41 +0330] "POST /wp-login.php HTTP/2" 200 4076 "https://modoarpena.ir/wp-login.php" "Mozilla/5.0 (Windows NT 10.0; Win64; x64) AppleWebKit/537.36 (KHTML, like Gecko) Chrome/133.0.0.0 Safari/537.36"
40.77.167.136 - - [02/Jul/2026:20:49:48 +0330] "GET /shop/page/2/?opts=show_sku HTTP/2" 200 59708 "-" "Mozilla/5.0 AppleWebKit/537.36 (KHTML, like Gecko; compatible; bingbot/2.0; +http://www.bing.com/bingbot.htm) Chrome/116.0.1938.76 Safari/537.36"
130.193.77.37 - - [02/Jul/2026:20:49:52 +0330] "POST /wp-cron.php?doing_wp_cron=1783012792.8504860401153564453125 HTTP/1.1" 200 0 "-" "WordPress/7.0; https://modoarpena.ir"
43.166.134.47 - - [02/Jul/2026:20:49:40 +0330] "GET /wp-content/uploads/2026/04/08701635-f314-4be5-8f7d-11240aeac455-700x700.webp HTTP/1.1" 200 28092 "-" "Mozilla/5.0 (iPhone; CPU iPhone OS 13_2_3 like Mac OS X) AppleWebKit/605.1.15 (KHTML, like Gecko) Version/13.0.3 Mobile/15E148 Safari/604.1"
74.125.217.160 - - [02/Jul/2026:21:05:15 +0330] "GET /wp-content/plugins/kamangir-smart-gateway-wc-all-in-one/src/Operators/Woocommerce/Assets/css/wc-front-style.css?ver=7.0 HTTP/1.1" 200 361 "https://modoarpena.ir/items/V381207105/" "Mozilla/5.0 (X11; Linux x86_64) AppleWebKit/537.36 (KHTML, like Gecko) Chrome/149.0.7827.200 Safari/537.36"
43.159.145.153 - - [02/Jul/2026:21:03:18 +0330] "GET /wp-content/uploads/2026/04/5f80e359-ae71-4b33-85c3-aa3b03038534-600x600.webp HTTP/1.1" 200 51916 "-" "Mozilla/5.0 (iPhone; CPU iPhone OS 13_2_3 like Mac OS X) AppleWebKit/605.1.15 (KHTML, like Gecko) Version/13.0.3 Mobile/15E148 Safari/604.1"
130.193.77.37 - - [02/Jul/2026:21:04:00 +0330] "POST /wp-cron.php?doing_wp_cron=1783013640.7216849327087402343750 HTTP/1.1" 200 0 "-" "WordPress/7.0; https://modoarpena.ir"
74.125.217.162 - - [02/Jul/2026:21:05:15 +0330] "GET /wp-content/uploads/2026/06/xts-theme_settings_default-1781590861.css?ver=8.4.0 HTTP/1.1" 200 1381 "https://modoarpena.ir/items/V381207105/" "Mozilla/5.0 (X11; Linux x86_64) AppleWebKit/537.36 (KHTML, like Gecko) Chrome/149.0.7827.200 Safari/537.36"
74.125.217.161 - - [02/Jul/2026:21:03:56 +0330] "GET /items/V381207105/ HTTP/1.1" 404 53958 "-" "Mozilla/5.0 (X11; Linux x86_64) AppleWebKit/537.36 (KHTML, like Gecko) Chrome/149.0.7827.200 Safari/537.36"
