74.125.215.64 - - [02/Jul/2026:21:29:41 +0330] "GET /wp-content/themes/woodmart/css/parts/lib-photoswipe-rtl.min.css?ver=8.4.0 HTTP/1.1" 200 1724 "https://modoarpena.ir/product/badrig-lyocell-bedding/" "Mozilla/5.0 (Linux; Android 10; K) AppleWebKit/537.36 (KHTML, like Gecko) Chrome/138.0.0.0 Mobile Safari/537.36 (compatible; Google-Read-Aloud; +https://support.google.com/webmasters/answer/1061943)"
74.125.215.64 - - [02/Jul/2026:21:29:42 +0330] "GET /wp-content/uploads/2026/04/ModamWeb-Medium.woff2 HTTP/1.1" 200 31972 "https://modoarpena.ir/wp-content/uploads/2026/06/xts-theme_settings_default-1781590861.css?ver=8.4.0" "Mozilla/5.0 (Linux; Android 10; K) AppleWebKit/537.36 (KHTML, like Gecko) Chrome/138.0.0.0 Mobile Safari/537.36 (compatible; Google-Read-Aloud; +https://support.google.com/webmasters/answer/1061943)"
66.102.9.100 - - [02/Jul/2026:21:29:39 +0330] "GET /wp-content/plugins/woocommerce-product-variations-swatches/assets/css/frontend-style.min.css?ver=1.1.9 HTTP/1.1" 200 2085 "https://modoarpena.ir/product/badrig-lyocell-bedding/" "Mozilla/5.0 (Linux; Android 10; K) AppleWebKit/537.36 (KHTML, like Gecko) Chrome/138.0.0.0 Mobile Safari/537.36 (compatible; Google-Read-Aloud; +https://support.google.com/webmasters/answer/1061943)"
66.102.9.100 - - [02/Jul/2026:21:29:39 +0330] "GET /wp-content/themes/woodmart/css/parts/header-el-mobile-nav-dropdown.min.css?ver=8.4.0 HTTP/1.1" 200 90 "https://modoarpena.ir/product/badrig-lyocell-bedding/" "Mozilla/5.0 (Linux; Android 10; K) AppleWebKit/537.36 (KHTML, like Gecko) Chrome/138.0.0.0 Mobile Safari/537.36 (compatible; Google-Read-Aloud; +https://support.google.com/webmasters/answer/1061943)"
66.102.9.100 - - [02/Jul/2026:21:29:39 +0330] "GET /wp-content/themes/woodmart/css/parts/header-el-search-fullscreen-general.min.css?ver=8.4.0 HTTP/1.1" 200 609 "https://modoarpena.ir/product/badrig-lyocell-bedding/" "Mozilla/5.0 (Linux; Android 10; K) AppleWebKit/537.36 (KHTML, like Gecko) Chrome/138.0.0.0 Mobile Safari/537.36 (compatible; Google-Read-Aloud; +https://support.google.com/webmasters/answer/1061943)"
66.102.9.102 - - [02/Jul/2026:21:29:39 +0330] "GET /wp-content/plugins/digits/assets/css/main.min.css?ver=9.1.0.5 HTTP/1.1" 200 1596 "https://modoarpena.ir/product/badrig-lyocell-bedding/" "Mozilla/5.0 (Linux; Android 10; K) AppleWebKit/537.36 (KHTML, like Gecko) Chrome/138.0.0.0 Mobile Safari/537.36 (compatible; Google-Read-Aloud; +https://support.google.com/webmasters/answer/1061943)"
66.102.9.102 - - [02/Jul/2026:21:29:39 +0330] "GET /wp-content/uploads/2026/06/xts-theme_settings_default-1781590861.css?ver=8.4.0 HTTP/1.1" 200 1381 "https://modoarpena.ir/product/badrig-lyocell-bedding/" "Mozilla/5.0 (Linux; Android 10; K) AppleWebKit/537.36 (KHTML, like Gecko) Chrome/138.0.0.0 Mobile Safari/537.36 (compatible; Google-Read-Aloud; +https://support.google.com/webmasters/answer/1061943)"
74.125.215.66 - - [02/Jul/2026:21:29:40 +0330] "GET /wp-content/themes/woodmart/css/parts/woo-mod-stock-status.min.css?ver=8.4.0 HTTP/1.1" 200 355 "https://modoarpena.ir/product/badrig-lyocell-bedding/" "Mozilla/5.0 (Linux; Android 10; K) AppleWebKit/537.36 (KHTML, like Gecko) Chrome/138.0.0.0 Mobile Safari/537.36 (compatible; Google-Read-Aloud; +https://support.google.com/webmasters/answer/1061943)"
192.71.142.134 - - [02/Jul/2026:21:39:42 +0330] "GET /product-category/sheets-pillowcases/patterned-bed-sheets/ HTTP/1.1" 200 63606 "-" "Mozilla/5.0 (Linux; U; Android 13; sk-sk; Xiaomi 11T Pro Build/TKQ1.220829.002) AppleWebKit/537.36 (KHTML, like Gecko) Version/4.0 Chrome/112.0.5615.136 Mobile Safari/537.36 XiaoMi/MiuiBrowser/14.4.0-g"
66.102.9.100 - - [02/Jul/2026:21:29:39 +0330] "GET /wp-content/themes/woodmart/css/parts/footer-base.min.css?ver=8.4.0 HTTP/1.1" 200 302 "https://modoarpena.ir/product/badrig-lyocell-bedding/" "Mozilla/5.0 (Linux; Android 10; K) AppleWebKit/537.36 (KHTML, like Gecko) Chrome/138.0.0.0 Mobile Safari/537.36 (compatible; Google-Read-Aloud; +https://support.google.com/webmasters/answer/1061943)"
74.125.215.64 - - [02/Jul/2026:21:29:40 +0330] "GET /wp-content/themes/woodmart/css/parts/header-el-base-rtl.min.css?ver=8.4.0 HTTP/1.1" 200 356 "https://modoarpena.ir/product/badrig-lyocell-bedding/" "Mozilla/5.0 (Linux; Android 10; K) AppleWebKit/537.36 (KHTML, like Gecko) Chrome/138.0.0.0 Mobile Safari/537.36 (compatible; Google-Read-Aloud; +https://support.google.com/webmasters/answer/1061943)"
66.102.9.102 - - [02/Jul/2026:21:29:39 +0330] "GET /wp-content/themes/woodmart/css/parts/woo-single-prod-el-reviews.min.css?ver=8.4.0 HTTP/1.1" 200 1483 "https://modoarpena.ir/product/badrig-lyocell-bedding/" "Mozilla/5.0 (Linux; Android 10; K) AppleWebKit/537.36 (KHTML, like Gecko) Chrome/138.0.0.0 Mobile Safari/537.36 (compatible; Google-Read-Aloud; +https://support.google.com/webmasters/answer/1061943)"
66.102.9.100 - - [02/Jul/2026:21:29:39 +0330] "GET /wp-content/themes/woodmart/css/parts/header-el-cart-rtl.min.css?ver=8.4.0 HTTP/1.1" 200 567 "https://modoarpena.ir/product/badrig-lyocell-bedding/" "Mozilla/5.0 (Linux; Android 10; K) AppleWebKit/537.36 (KHTML, like Gecko) Chrome/138.0.0.0 Mobile Safari/537.36 (compatible; Google-Read-Aloud; +https://support.google.com/webmasters/answer/1061943)"
74.125.215.64 - - [02/Jul/2026:21:29:40 +0330] "GET /wp-content/themes/woodmart/css/parts/mod-tools.min.css?ver=8.4.0 HTTP/1.1" 200 917 "https://modoarpena.ir/product/badrig-lyocell-bedding/" "Mozilla/5.0 (Linux; Android 10; K) AppleWebKit/537.36 (KHTML, like Gecko) Chrome/138.0.0.0 Mobile Safari/537.36 (compatible; Google-Read-Aloud; +https://support.google.com/webmasters/answer/1061943)"
74.125.215.64 - - [02/Jul/2026:21:29:40 +0330] "GET /wp-content/themes/woodmart/css/parts/opt-lazy-load.min.css?ver=8.4.0 HTTP/1.1" 200 107 "https://modoarpena.ir/product/badrig-lyocell-bedding/" "Mozilla/5.0 (Linux; Android 10; K) AppleWebKit/537.36 (KHTML, like Gecko) Chrome/138.0.0.0 Mobile Safari/537.36 (compatible; Google-Read-Aloud; +https://support.google.com/webmasters/answer/1061943)"
74.125.215.64 - - [02/Jul/2026:21:29:40 +0330] "GET /wp-content/plugins/digbuilder/css/builder.min.css?ver=0.9.8 HTTP/1.1" 200 3617 "https://modoarpena.ir/product/badrig-lyocell-bedding/" "Mozilla/5.0 (Linux; Android 10; K) AppleWebKit/537.36 (KHTML, like Gecko) Chrome/138.0.0.0 Mobile Safari/537.36 (compatible; Google-Read-Aloud; +https://support.google.com/webmasters/answer/1061943)"
74.125.215.65 - - [02/Jul/2026:21:29:40 +0330] "GET /wp-content/themes/woodmart/vc_templates/product-amazing/assets/css/master.css?ver=7.0 HTTP/1.1" 200 2580 "https://modoarpena.ir/product/badrig-lyocell-bedding/" "Mozilla/5.0 (Linux; Android 10; K) AppleWebKit/537.36 (KHTML, like Gecko) Chrome/138.0.0.0 Mobile Safari/537.36 (compatible; Google-Read-Aloud; +https://support.google.com/webmasters/answer/1061943)"
74.125.215.66 - - [02/Jul/2026:21:29:40 +0330] "GET /wp-content/themes/woodmart/css/parts/el-text-block.min.css?ver=8.4.0 HTTP/1.1" 200 110 "https://modoarpena.ir/product/badrig-lyocell-bedding/" "Mozilla/5.0 (Linux; Android 10; K) AppleWebKit/537.36 (KHTML, like Gecko) Chrome/138.0.0.0 Mobile Safari/537.36 (compatible; Google-Read-Aloud; +https://support.google.com/webmasters/answer/1061943)"
74.125.215.65 - - [02/Jul/2026:21:29:40 +0330] "GET /wp-content/themes/woodmart/css/parts/header-el-my-account-sidebar.min.css?ver=8.4.0 HTTP/1.1" 200 314 "https://modoarpena.ir/product/badrig-lyocell-bedding/" "Mozilla/5.0 (Linux; Android 10; K) AppleWebKit/537.36 (KHTML, like Gecko) Chrome/138.0.0.0 Mobile Safari/537.36 (compatible; Google-Read-Aloud; +https://support.google.com/webmasters/answer/1061943)"
66.102.9.101 - - [02/Jul/2026:21:29:39 +0330] "GET /wp-content/themes/woodmart/css/parts/mod-star-rating.min.css?ver=8.4.0 HTTP/1.1" 200 220 "https://modoarpena.ir/product/badrig-lyocell-bedding/" "Mozilla/5.0 (Linux; Android 10; K) AppleWebKit/537.36 (KHTML, like Gecko) Chrome/138.0.0.0 Mobile Safari/537.36 (compatible; Google-Read-Aloud; +https://support.google.com/webmasters/answer/1061943)"
66.102.9.102 - - [02/Jul/2026:21:29:39 +0330] "GET /wp-content/themes/woodmart/css/parts/opt-lazy-load.min.css?ver=8.4.0 HTTP/1.1" 200 107 "https://modoarpena.ir/product/badrig-lyocell-bedding/" "Mozilla/5.0 (Linux; Android 10; K) AppleWebKit/537.36 (KHTML, like Gecko) Chrome/138.0.0.0 Mobile Safari/537.36 (compatible; Google-Read-Aloud; +https://support.google.com/webmasters/answer/1061943)"
74.125.215.66 - - [02/Jul/2026:21:29:40 +0330] "GET /wp-content/themes/woodmart/css/parts/woo-single-prod-el-tabs-opt-layout-tabs.min.css?ver=8.4.0 HTTP/1.1" 200 256 "https://modoarpena.ir/product/badrig-lyocell-bedding/" "Mozilla/5.0 (Linux; Android 10; K) AppleWebKit/537.36 (KHTML, like Gecko) Chrome/138.0.0.0 Mobile Safari/537.36 (compatible; Google-Read-Aloud; +https://support.google.com/webmasters/answer/1061943)"
194.103.212.184 - - [02/Jul/2026:21:39:35 +0330] "GET / HTTP/1.1" 200 81653 "http://modoarpena.ir/" "Mozilla/5.0 (Linux; U; Android 13; sk-sk; Xiaomi 11T Pro Build/TKQ1.220829.002) AppleWebKit/537.36 (KHTML, like Gecko) Version/4.0 Chrome/112.0.5615.136 Mobile Safari/537.36 XiaoMi/MiuiBrowser/14.4.0-g"
130.193.77.37 - - [02/Jul/2026:21:39:54 +0330] "POST /wp-cron.php?doing_wp_cron=1783015794.1589848995208740234375 HTTP/1.1" 200 0 "-" "WordPress/7.0; https://modoarpena.ir"
74.125.215.66 - - [02/Jul/2026:21:29:40 +0330] "GET /wp-content/themes/woodmart/css/parts/woo-product-loop-rtl.min.css?ver=8.4.0 HTTP/1.1" 200 1556 "https://modoarpena.ir/product/badrig-lyocell-bedding/" "Mozilla/5.0 (Linux; Android 10; K) AppleWebKit/537.36 (KHTML, like Gecko) Chrome/138.0.0.0 Mobile Safari/537.36 (compatible; Google-Read-Aloud; +https://support.google.com/webmasters/answer/1061943)"
74.125.215.64 - - [02/Jul/2026:21:29:40 +0330] "GET /wp-content/themes/woodmart/css/parts/woo-mod-swatches-style-1.min.css?ver=8.4.0 HTTP/1.1" 200 340 "https://modoarpena.ir/product/badrig-lyocell-bedding/" "Mozilla/5.0 (Linux; Android 10; K) AppleWebKit/537.36 (KHTML, like Gecko) Chrome/138.0.0.0 Mobile Safari/537.36 (compatible; Google-Read-Aloud; +https://support.google.com/webmasters/answer/1061943)"
74.125.215.64 - - [02/Jul/2026:21:29:40 +0330] "GET /wp-content/plugins/digbuilder/css/page.min.css?ver=0.9.8 HTTP/1.1" 200 229 "https://modoarpena.ir/product/badrig-lyocell-bedding/" "Mozilla/5.0 (Linux; Android 10; K) AppleWebKit/537.36 (KHTML, like Gecko) Chrome/138.0.0.0 Mobile Safari/537.36 (compatible; Google-Read-Aloud; +https://support.google.com/webmasters/answer/1061943)"
130.193.77.37 - - [02/Jul/2026:21:36:25 +0330] "POST /wp-cron.php?doing_wp_cron=1783015585.1136460304260253906250 HTTP/1.1" 200 0 "-" "WordPress/7.0; https://modoarpena.ir"
66.102.9.102 - - [02/Jul/2026:21:29:42 +0330] "GET /wp-content/themes/woodmart/js/libs/tooltips.min.js?ver=8.4.0 HTTP/1.1" 200 4079 "https://modoarpena.ir/product/badrig-lyocell-bedding/" "Mozilla/5.0 (Linux; Android 10; K) AppleWebKit/537.36 (KHTML, like Gecko) Chrome/138.0.0.0 Mobile Safari/537.36 (compatible; Google-Read-Aloud; +https://support.google.com/webmasters/answer/1061943)"
66.102.9.102 - - [02/Jul/2026:21:29:42 +0330] "GET /wp-content/themes/woodmart/js/scripts/wc/woocommerceQuantity.min.js?ver=8.4.0 HTTP/1.1" 200 446 "https://modoarpena.ir/product/badrig-lyocell-bedding/" "Mozilla/5.0 (Linux; Android 10; K) AppleWebKit/537.36 (KHTML, like Gecko) Chrome/138.0.0.0 Mobile Safari/537.36 (compatible; Google-Read-Aloud; +https://support.google.com/webmasters/answer/1061943)"
74.125.215.65 - - [02/Jul/2026:21:29:42 +0330] "GET /wp-content/uploads/2026/04/ModamWeb-SemiBold.woff2 HTTP/1.1" 200 34188 "https://modoarpena.ir/wp-content/uploads/2026/06/xts-theme_settings_default-1781590861.css?ver=8.4.0" "Mozilla/5.0 (Linux; Android 10; K) AppleWebKit/537.36 (KHTML, like Gecko) Chrome/138.0.0.0 Mobile Safari/537.36 (compatible; Google-Read-Aloud; +https://support.google.com/webmasters/answer/1061943)"
66.102.9.102 - - [02/Jul/2026:21:29:42 +0330] "GET /wp-content/themes/woodmart/js/scripts/menu/menuOffsets.min.js?ver=8.4.0 HTTP/1.1" 200 930 "https://modoarpena.ir/product/badrig-lyocell-bedding/" "Mozilla/5.0 (Linux; Android 10; K) AppleWebKit/537.36 (KHTML, like Gecko) Chrome/138.0.0.0 Mobile Safari/537.36 (compatible; Google-Read-Aloud; +https://support.google.com/webmasters/answer/1061943)"
66.102.9.102 - - [02/Jul/2026:21:29:43 +0330] "GET /wp-content/plugins/woocommerce/assets/js/js-cookie/js.cookie.min.js?ver=2.1.4-wc.10.6.2 HTTP/1.1" 200 760 "https://modoarpena.ir/product/badrig-lyocell-bedding/" "Mozilla/5.0 (Linux; Android 10; K) AppleWebKit/537.36 (KHTML, like Gecko) Chrome/138.0.0.0 Mobile Safari/537.36 (compatible; Google-Read-Aloud; +https://support.google.com/webmasters/answer/1061943)"
66.102.9.102 - - [02/Jul/2026:21:29:43 +0330] "GET /wp-content/themes/woodmart/fonts/woodmart-font-3-400.woff2?v=8.4.0 HTTP/1.1" 200 13696 "https://modoarpena.ir/wp-content/uploads/2026/06/xts-theme_settings_default-1781590861.css?ver=8.4.0" "Mozilla/5.0 (Linux; Android 10; K) AppleWebKit/537.36 (KHTML, like Gecko) Chrome/138.0.0.0 Mobile Safari/537.36 (compatible; Google-Read-Aloud; +https://support.google.com/webmasters/answer/1061943)"
101.33.80.42 - - [02/Jul/2026:21:29:48 +0330] "GET /wp-content/uploads/2026/04/af04887e-f13d-416e-9060-79a010c4ca42-700x700.webp HTTP/1.1" 200 89994 "-" "Mozilla/5.0 (iPhone; CPU iPhone OS 13_2_3 like Mac OS X) AppleWebKit/605.1.15 (KHTML, like Gecko) Version/13.0.3 Mobile/15E148 Safari/604.1"
130.193.77.37 - - [02/Jul/2026:21:31:41 +0330] "POST /wp-cron.php?doing_wp_cron=1783015301.8643870353698730468750 HTTP/1.1" 200 0 "-" "WordPress/7.0; https://modoarpena.ir"
130.193.77.37 - - [02/Jul/2026:21:32:47 +0330] "POST /wp-cron.php?doing_wp_cron=1783015367.6984860897064208984375 HTTP/1.1" 200 0 "-" "WordPress/7.0; https://modoarpena.ir"
130.193.77.37 - - [02/Jul/2026:21:39:41 +0330] "POST /wp-cron.php?doing_wp_cron=1783015781.4372000694274902343750 HTTP/1.1" 200 0 "-" "WordPress/7.0; https://modoarpena.ir"
192.71.126.53 - - [02/Jul/2026:21:39:52 +0330] "GET /product-category/bedding-set/spacial-microfiber/ HTTP/1.1" 200 65912 "-" "Mozilla/5.0 (Linux; U; Android 13; sk-sk; Xiaomi 11T Pro Build/TKQ1.220829.002) AppleWebKit/537.36 (KHTML, like Gecko) Version/4.0 Chrome/112.0.5615.136 Mobile Safari/537.36 XiaoMi/MiuiBrowser/14.4.0-g"
66.102.9.101 - - [02/Jul/2026:21:29:43 +0330] "GET /wp-content/plugins/woocommerce/assets/js/frontend/cart-fragments.min.js?ver=10.6.2 HTTP/1.1" 200 943 "https://modoarpena.ir/product/badrig-lyocell-bedding/" "Mozilla/5.0 (Linux; Android 10; K) AppleWebKit/537.36 (KHTML, like Gecko) Chrome/138.0.0.0 Mobile Safari/537.36 (compatible; Google-Read-Aloud; +https://support.google.com/webmasters/answer/1061943)"
66.102.9.101 - - [02/Jul/2026:21:29:43 +0330] "GET /wp-content/uploads/2026/04/ModamWeb-SemiBold.woff2 HTTP/1.1" 200 34188 "https://modoarpena.ir/wp-content/uploads/2026/06/xts-theme_settings_default-1781590861.css?ver=8.4.0" "Mozilla/5.0 (Linux; Android 10; K) AppleWebKit/537.36 (KHTML, like Gecko) Chrome/138.0.0.0 Mobile Safari/537.36 (compatible; Google-Read-Aloud; +https://support.google.com/webmasters/answer/1061943)"
66.102.9.101 - - [02/Jul/2026:21:29:43 +0330] "GET /wp-content/uploads/2026/04/ModamWeb-Regular.woff2 HTTP/1.1" 200 33452 "https://modoarpena.ir/wp-content/uploads/2026/06/xts-theme_settings_default-1781590861.css?ver=8.4.0" "Mozilla/5.0 (Linux; Android 10; K) AppleWebKit/537.36 (KHTML, like Gecko) Chrome/138.0.0.0 Mobile Safari/537.36 (compatible; Google-Read-Aloud; +https://support.google.com/webmasters/answer/1061943)"
130.193.77.37 - - [02/Jul/2026:21:30:46 +0330] "POST /wp-cron.php?doing_wp_cron=1783015246.8877189159393310546875 HTTP/1.1" 200 0 "-" "WordPress/7.0; https://modoarpena.ir"
192.71.142.232 - - [02/Jul/2026:21:39:38 +0330] "GET /product/%d8%b1%d9%88%d8%aa%d8%ae%d8%aa%db%8c-%d8%b7%d8%b1%d8%ad-%d9%84%d9%86%d9%88%d8%b1%d8%a7-%d8%ae%d8%a7%da%a9%d8%b3%d8%aa%d8%b1%db%8c/ HTTP/1.1" 200 77649 "-" "Mozilla/5.0 (Linux; U; Android 13; sk-sk; Xiaomi 11T Pro Build/TKQ1.220829.002) AppleWebKit/537.36 (KHTML, like Gecko) Version/4.0 Chrome/112.0.5615.136 Mobile Safari/537.36 XiaoMi/MiuiBrowser/14.4.0-g"
83.123.243.156 - - [02/Jul/2026:21:32:50 +0330] "GET /wp-content/uploads/2026/06/golbon-lyocell-6-700x875.webp HTTP/1.1" 200 136554 "https://modoarpena.ir/product/golbon-lyocell-bedding/" "Mozilla/5.0 (Linux; Android 10; K) AppleWebKit/537.36 (KHTML, like Gecko) Chrome/149.0.0.0 Mobile Safari/537.36"
83.123.243.156 - - [02/Jul/2026:21:32:54 +0330] "GET /wp-content/uploads/2026/06/golbon-lyocell-5-700x875.webp HTTP/1.1" 200 128290 "https://modoarpena.ir/product/golbon-lyocell-bedding/" "Mozilla/5.0 (Linux; Android 10; K) AppleWebKit/537.36 (KHTML, like Gecko) Chrome/149.0.0.0 Mobile Safari/537.36"
51.75.236.128 - - [02/Jul/2026:21:36:21 +0330] "GET /product/negarestan-raz-bedspread/feed/ HTTP/2" 200 501 "-" "Mozilla/5.0 (compatible; AhrefsBot/7.0; +http://ahrefs.com/robot/)"
43.135.115.233 - - [02/Jul/2026:21:40:41 +0330] "GET /wp-content/uploads/2026/04/5f80e359-ae71-4b33-85c3-aa3b03038534-150x150.webp HTTP/1.1" 200 4518 "-" "Mozilla/5.0 (iPhone; CPU iPhone OS 13_2_3 like Mac OS X) AppleWebKit/605.1.15 (KHTML, like Gecko) Version/13.0.3 Mobile/15E148 Safari/604.1"
82.165.185.56 - - [02/Jul/2026:21:55:49 +0330] "GET /wp-login.php HTTP/2" 200 3915 "-" "Mozilla/5.0 (Windows NT 10.0; Win64; x64; rv:133.0) Gecko/20100101 Firefox/133.0"
82.165.185.56 - - [02/Jul/2026:21:55:54 +0330] "POST /wp-login.php HTTP/2" 200 4086 "https://modoarpena.ir/wp-login.php" "Mozilla/5.0 (Windows NT 10.0; Win64; x64; rv:133.0) Gecko/20100101 Firefox/133.0"
170.106.167.214 - - [02/Jul/2026:21:59:03 +0330] "GET /wp-content/uploads/2026/04/08701635-f314-4be5-8f7d-11240aeac455-600x600.webp HTTP/1.1" 200 22724 "-" "Mozilla/5.0 (iPhone; CPU iPhone OS 13_2_3 like Mac OS X) AppleWebKit/605.1.15 (KHTML, like Gecko) Version/13.0.3 Mobile/15E148 Safari/604.1"
43.166.128.86 - - [02/Jul/2026:21:52:36 +0330] "GET /wp-content/uploads/2026/04/d9c50428-5f0c-48e4-91e0-3213e5ce5b19-150x150.webp HTTP/1.1" 200 7504 "-" "Mozilla/5.0 (iPhone; CPU iPhone OS 13_2_3 like Mac OS X) AppleWebKit/605.1.15 (KHTML, like Gecko) Version/13.0.3 Mobile/15E148 Safari/604.1"
130.193.77.37 - - [02/Jul/2026:21:55:53 +0330] "POST /wp-cron.php?doing_wp_cron=1783016753.3215160369873046875000 HTTP/1.1" 200 0 "-" "WordPress/7.0; https://modoarpena.ir"
2a06:98c0:3600::103 - - [02/Jul/2026:22:13:57 +0330] "GET / HTTP/1.1" 200 70244 "-" "Mozilla/5.0 (Macintosh; Intel Mac OS X 10_15_7) AppleWebKit/537.36 (KHTML, like Gecko) Chrome/147.0.0.0 Safari/537.36 CloudflareWebScanner/1.0"
130.193.77.37 - - [02/Jul/2026:22:12:02 +0330] "POST /wp-cron.php?doing_wp_cron=1783017722.1935429573059082031250 HTTP/1.1" 200 0 "-" "WordPress/7.0; https://modoarpena.ir"
52.167.144.234 - - [02/Jul/2026:22:11:59 +0330] "GET /product/%D8%B3%D8%AA-%D8%B1%D9%88-%D8%AA%D8%AE%D8%AA%DB%8C-%D9%85%D8%AF%D9%84-%D8%B3%D8%A7%D8%B1%DB%8C%D9%86%D8%A7/ HTTP/2" 404 54068 "-" "Mozilla/5.0 AppleWebKit/537.36 (KHTML, like Gecko; compatible; bingbot/2.0; +http://www.bing.com/bingbot.htm) Chrome/116.0.1938.76 Safari/537.36"
130.193.77.37 - - [02/Jul/2026:22:10:46 +0330] "POST /wp-admin/admin-ajax.php?action=as_async_request_queue_runner&nonce=2c05cb44c0 HTTP/1.1" 200 0 "-" "WordPress/7.0; https://modoarpena.ir"
130.193.77.37 - - [02/Jul/2026:22:14:03 +0330] "POST /wp-cron.php?doing_wp_cron=1783017843.1600399017333984375000 HTTP/1.1" 200 0 "-" "WordPress/7.0; https://modoarpena.ir"
43.135.115.233 - - [02/Jul/2026:22:09:00 +0330] "GET /wp-content/uploads/2026/06/DUVET-OR-COVER.webp HTTP/1.1" 200 50666 "-" "Mozilla/5.0 (iPhone; CPU iPhone OS 13_2_3 like Mac OS X) AppleWebKit/605.1.15 (KHTML, like Gecko) Version/13.0.3 Mobile/15E148 Safari/604.1"
170.106.35.137 - - [02/Jul/2026:22:20:56 +0330] "GET /tencel-austrian-fabric/ HTTP/1.1" 200 72455 "-" "Mozilla/5.0 (iPhone; CPU iPhone OS 13_2_3 like Mac OS X) AppleWebKit/605.1.15 (KHTML, like Gecko) Version/13.0.3 Mobile/15E148 Safari/604.1"
130.193.77.37 - - [02/Jul/2026:22:21:02 +0330] "POST /wp-cron.php?doing_wp_cron=1783018262.1404829025268554687500 HTTP/1.1" 200 0 "-" "WordPress/7.0; https://modoarpena.ir"
130.193.77.37 - - [02/Jul/2026:22:27:19 +0330] "POST /wp-cron.php?doing_wp_cron=1783018639.3232040405273437500000 HTTP/1.1" 200 0 "-" "WordPress/7.0; https://modoarpena.ir"
130.193.77.37 - - [02/Jul/2026:22:31:39 +0330] "POST /wp-cron.php?doing_wp_cron=1783018899.0324919223785400390625 HTTP/1.1" 200 0 "-" "WordPress/7.0; https://modoarpena.ir"
167.71.70.215 - - [02/Jul/2026:22:27:15 +0330] "GET /wp-login.php HTTP/2" 200 3915 "-" "Mozilla/5.0 (Windows NT 10.0; Win64; x64) AppleWebKit/537.36 (KHTML, like Gecko) Chrome/133.0.0.0 Safari/537.36"
167.71.70.215 - - [02/Jul/2026:22:27:19 +0330] "POST /wp-login.php HTTP/2" 200 4076 "https://modoarpena.ir/wp-login.php" "Mozilla/5.0 (Windows NT 10.0; Win64; x64) AppleWebKit/537.36 (KHTML, like Gecko) Chrome/133.0.0.0 Safari/537.36"
170.106.37.134 - - [02/Jul/2026:22:31:34 +0330] "GET /product/simin-khat-egyptian-cotton-bedding/ HTTP/1.1" 200 76290 "-" "Mozilla/5.0 (iPhone; CPU iPhone OS 13_2_3 like Mac OS X) AppleWebKit/605.1.15 (KHTML, like Gecko) Version/13.0.3 Mobile/15E148 Safari/604.1"
204.168.240.14 - - [02/Jul/2026:22:41:34 +0330] "GET /robots.txt HTTP/1.1" 200 23 "-" "Mozilla/5.0 AppleWebKit/537.36 (KHTML, like Gecko; compatible; Bravebot/1.0; +https://search.brave.com/help/brave-search-crawler) Chrome/W.X.Y.Z Safari/537.36"
130.193.77.37 - - [02/Jul/2026:22:38:05 +0330] "POST /wp-cron.php?doing_wp_cron=1783019285.7132189273834228515625 HTTP/1.1" 200 0 "-" "WordPress/7.0; https://modoarpena.ir"
167.99.5.1 - - [02/Jul/2026:22:38:02 +0330] "GET /wp-login.php HTTP/2" 200 3915 "-" "Mozilla/5.0 (Windows NT 10.0; Win64; x64) AppleWebKit/537.36 (KHTML, like Gecko) Chrome/133.0.0.0 Safari/537.36"
167.99.5.1 - - [02/Jul/2026:22:38:06 +0330] "POST /wp-login.php HTTP/2" 200 4076 "https://modoarpena.ir/wp-login.php" "Mozilla/5.0 (Windows NT 10.0; Win64; x64) AppleWebKit/537.36 (KHTML, like Gecko) Chrome/133.0.0.0 Safari/537.36"
43.159.149.56 - - [02/Jul/2026:22:43:16 +0330] "GET /product-category/bedding-set/page/3/ HTTP/1.1" 200 67730 "-" "Mozilla/5.0 (iPhone; CPU iPhone OS 13_2_3 like Mac OS X) AppleWebKit/605.1.15 (KHTML, like Gecko) Version/13.0.3 Mobile/15E148 Safari/604.1"
130.193.77.37 - - [02/Jul/2026:22:43:21 +0330] "POST /wp-cron.php?doing_wp_cron=1783019601.7406830787658691406250 HTTP/1.1" 200 0 "-" "WordPress/7.0; https://modoarpena.ir"
130.193.77.37 - - [02/Jul/2026:22:50:42 +0330] "POST /wp-cron.php?doing_wp_cron=1783020042.0979480743408203125000 HTTP/1.1" 200 0 "-" "WordPress/7.0; https://modoarpena.ir"
130.193.77.37 - - [02/Jul/2026:22:53:38 +0330] "POST /wp-cron.php?doing_wp_cron=1783020218.1449460983276367187500 HTTP/1.1" 200 0 "-" "WordPress/7.0; https://modoarpena.ir"
167.99.5.1 - - [02/Jul/2026:22:53:32 +0330] "GET /wp-login.php HTTP/2" 200 3915 "-" "Mozilla/5.0 (Windows NT 10.0; Win64; x64) AppleWebKit/537.36 (KHTML, like Gecko) Chrome/133.0.0.0 Safari/537.36"
167.99.5.1 - - [02/Jul/2026:22:53:38 +0330] "POST /wp-login.php HTTP/2" 200 4076 "https://modoarpena.ir/wp-login.php" "Mozilla/5.0 (Windows NT 10.0; Win64; x64) AppleWebKit/537.36 (KHTML, like Gecko) Chrome/133.0.0.0 Safari/537.36"
43.159.128.247 - - [02/Jul/2026:22:50:37 +0330] "GET /wp-json/oembed/1.0/embed?url=https%3A%2F%2Fmodoarpena.ir%2Ftencel-austrian-fabric%2F HTTP/1.1" 200 1534 "-" "Mozilla/5.0 (iPhone; CPU iPhone OS 13_2_3 like Mac OS X) AppleWebKit/605.1.15 (KHTML, like Gecko) Version/13.0.3 Mobile/15E148 Safari/604.1"
130.193.77.37 - - [02/Jul/2026:22:55:07 +0330] "POST /wp-cron.php?doing_wp_cron=1783020307.8243110179901123046875 HTTP/1.1" 200 0 "-" "WordPress/7.0; https://modoarpena.ir"
46.105.28.235 - - [02/Jul/2026:22:55:03 +0330] "GET /wp-login.php HTTP/2" 200 3915 "-" "Mozilla/5.0 (Windows NT 10.0; Win64; x64; rv:133.0) Gecko/20100101 Firefox/133.0"
46.105.28.235 - - [02/Jul/2026:22:55:08 +0330] "POST /wp-login.php HTTP/2" 200 4086 "https://modoarpena.ir/wp-login.php" "Mozilla/5.0 (Windows NT 10.0; Win64; x64; rv:133.0) Gecko/20100101 Firefox/133.0"
167.172.232.142 - - [02/Jul/2026:23:02:47 +0330] "GET /telescope/requests HTTP/1.1" 404 63688 "-" "Mozilla/5.0 (l9scan/2.0.7333e27373e2339313e2033313; +https://leakix.net)"
52.167.144.179 - - [02/Jul/2026:23:05:04 +0330] "GET /shop/page/2/?opts=even_product_grid HTTP/2" 200 60498 "-" "Mozilla/5.0 AppleWebKit/537.36 (KHTML, like Gecko; compatible; bingbot/2.0; +http://www.bing.com/bingbot.htm) Chrome/116.0.1938.76 Safari/537.36"
167.172.232.142 - - [02/Jul/2026:23:03:03 +0330] "OPTIONS / HTTP/1.1" 200 0 "-" "Mozilla/5.0 (l9scan/2.0.7333e27373e2339313e2033313; +https://leakix.net)"
167.172.232.142 - - [02/Jul/2026:23:03:06 +0330] "GET /?rest_route=/wp/v2/users/ HTTP/1.1" 200 731 "-" "Mozilla/5.0 (l9scan/2.0.7333e27373e2339313e2033313; +https://leakix.net)"
167.172.232.142 - - [02/Jul/2026:23:02:57 +0330] "GET /@vite/env HTTP/1.1" 404 63698 "-" "Mozilla/5.0 (l9scan/2.0.7333e27373e2339313e2033313; +https://leakix.net)"
167.172.232.142 - - [02/Jul/2026:23:02:07 +0330] "GET /___proxy_subdomain_cpanel HTTP/1.1" 404 63726 "-" "Mozilla/5.0 (l9scan/2.0.7333e27373e2339313e2033313; +https://leakix.net)"
167.172.232.142 - - [02/Jul/2026:23:02:30 +0330] "POST /api/graphql HTTP/1.1" 404 63683 "-" "Mozilla/5.0 (l9scan/2.0.7333e27373e2339313e2033313; +https://leakix.net)"
167.172.232.142 - - [02/Jul/2026:23:01:35 +0330] "GET / HTTP/1.1" 200 486825 "-" "Mozilla/5.0 (l9scan/2.0.7333e27373e2339313e2033313; +https://leakix.net)"
167.172.232.142 - - [02/Jul/2026:23:01:52 +0330] "GET /server-status HTTP/1.1" 200 0 "-" "Mozilla/5.0 (l9scan/2.0.7333e27373e2339313e2033313; +https://leakix.net)"
167.172.232.142 - - [02/Jul/2026:23:02:40 +0330] "GET /s/7333e27373e2339313e2033313/_/;/META-INF/maven/com.atlassian.jira/jira-webapp-dist/pom.properties HTTP/1.1" 200 0 "-" "Mozilla/5.0 (l9scan/2.0.7333e27373e2339313e2033313; +https://leakix.net)"
167.172.232.142 - - [02/Jul/2026:23:02:51 +0330] "GET /actuator/env HTTP/1.1" 200 0 "-" "Mozilla/5.0 (l9scan/2.0.7333e27373e2339313e2033313; +https://leakix.net)"
130.193.77.37 - - [02/Jul/2026:22:58:46 +0330] "POST /wp-cron.php?doing_wp_cron=1783020526.0526111125946044921875 HTTP/1.1" 200 0 "-" "WordPress/7.0; https://modoarpena.ir"
130.193.77.37 - - [02/Jul/2026:23:02:00 +0330] "POST /wp-cron.php?doing_wp_cron=1783020720.5069909095764160156250 HTTP/1.1" 200 0 "-" "WordPress/7.0; https://modoarpena.ir"
167.172.232.142 - - [02/Jul/2026:23:02:16 +0330] "GET /.env HTTP/1.1" 403 787 "-" "Mozilla/5.0 (l9scan/2.0.7333e27373e2339313e2033313; +https://leakix.net)"
167.172.232.142 - - [02/Jul/2026:23:02:36 +0330] "POST /api/gql HTTP/1.1" 404 63679 "-" "Mozilla/5.0 (l9scan/2.0.7333e27373e2339313e2033313; +https://leakix.net)"
167.172.232.142 - - [02/Jul/2026:23:02:19 +0330] "GET /ecp/Current/exporttool/microsoft.exchange.ediscovery.exporttool.application HTTP/1.1" 404 63989 "-" "Mozilla/5.0 (l9scan/2.0.7333e27373e2339313e2033313; +https://leakix.net)"
167.172.232.142 - - [02/Jul/2026:23:02:44 +0330] "GET /config.json HTTP/1.1" 404 63678 "-" "Mozilla/5.0 (l9scan/2.0.7333e27373e2339313e2033313; +https://leakix.net)"
167.172.232.142 - - [02/Jul/2026:23:01:49 +0330] "GET /server HTTP/1.1" 404 63673 "-" "Mozilla/5.0 (l9scan/2.0.7333e27373e2339313e2033313; +https://leakix.net)"
167.172.232.142 - - [02/Jul/2026:23:03:00 +0330] "GET /.vscode/sftp.json HTTP/1.1" 404 63696 "-" "Mozilla/5.0 (l9scan/2.0.7333e27373e2339313e2033313; +https://leakix.net)"
167.172.232.142 - - [02/Jul/2026:23:03:09 +0330] "GET /debug/default/view?panel=config HTTP/1.1" 404 63926 "-" "Mozilla/5.0 (l9scan/2.0.7333e27373e2339313e2033313; +https://leakix.net)"
167.172.232.142 - - [02/Jul/2026:23:02:04 +0330] "GET /___proxy_subdomain_whm/login HTTP/1.1" 200 0 "-" "Mozilla/5.0 (l9scan/2.0.7333e27373e2339313e2033313; +https://leakix.net)"
66.249.74.160 - - [02/Jul/2026:22:58:40 +0330] "GET /project-cat/accessories/ HTTP/1.1" 404 51460 "-" "Mozilla/5.0 (Linux; Android 6.0.1; Nexus 5X Build/MMB29P) AppleWebKit/537.36 (KHTML, like Gecko) Chrome/150.0.7871.46 Mobile Safari/537.36 (compatible; Googlebot/2.1; +http://www.google.com/bot.html)"
167.172.232.142 - - [02/Jul/2026:23:01:46 +0330] "GET /console/ HTTP/1.1" 200 0 "-" "Mozilla/5.0 (l9scan/2.0.7333e27373e2339313e2033313; +https://leakix.net)"
167.172.232.142 - - [02/Jul/2026:23:01:58 +0330] "GET /login.action HTTP/1.1" 404 63693 "-" "Mozilla/5.0 (l9scan/2.0.7333e27373e2339313e2033313; +https://leakix.net)"
167.172.232.142 - - [02/Jul/2026:23:02:01 +0330] "GET / HTTP/1.1" 200 0 "-" "Mozilla/5.0 (l9scan/2.0.7333e27373e2339313e2033313; +https://leakix.net)"
167.172.232.142 - - [02/Jul/2026:23:02:14 +0330] "GET /.DS_Store HTTP/1.1" 200 0 "-" "Mozilla/5.0 (l9scan/2.0.7333e27373e2339313e2033313; +https://leakix.net)"
167.172.232.142 - - [02/Jul/2026:23:02:27 +0330] "POST /api HTTP/1.1" 200 0 "-" "Mozilla/5.0 (l9scan/2.0.7333e27373e2339313e2033313; +https://leakix.net)"
167.172.232.142 - - [02/Jul/2026:23:02:54 +0330] "GET /trace.axd HTTP/1.1" 404 63692 "-" "Mozilla/5.0 (l9scan/2.0.7333e27373e2339313e2033313; +https://leakix.net)"
43.159.36.180 - - [02/Jul/2026:23:05:57 +0330] "GET /wp-content/uploads/2026/04/e7a00d0a-56b2-4426-b3f9-442d6c37d1f8.webp HTTP/1.1" 200 11862 "-" "Mozilla/5.0 (iPhone; CPU iPhone OS 13_2_3 like Mac OS X) AppleWebKit/605.1.15 (KHTML, like Gecko) Version/13.0.3 Mobile/15E148 Safari/604.1"
167.172.232.142 - - [02/Jul/2026:23:01:55 +0330] "GET /about HTTP/1.1" 404 63669 "-" "Mozilla/5.0 (l9scan/2.0.7333e27373e2339313e2033313; +https://leakix.net)"
167.172.232.142 - - [02/Jul/2026:23:02:10 +0330] "GET /v2/_catalog HTTP/1.1" 404 63681 "-" "Mozilla/5.0 (l9scan/2.0.7333e27373e2339313e2033313; +https://leakix.net)"
167.172.232.142 - - [02/Jul/2026:23:02:23 +0330] "GET /.git/config HTTP/1.1" 403 787 "-" "Mozilla/5.0 (l9scan/2.0.7333e27373e2339313e2033313; +https://leakix.net)"
167.172.232.142 - - [02/Jul/2026:23:02:24 +0330] "POST /graphql HTTP/1.1" 200 0 "-" "Mozilla/5.0 (l9scan/2.0.7333e27373e2339313e2033313; +https://leakix.net)"
167.172.232.142 - - [02/Jul/2026:23:02:33 +0330] "POST /graphql/api HTTP/1.1" 404 63696 "-" "Mozilla/5.0 (l9scan/2.0.7333e27373e2339313e2033313; +https://leakix.net)"
130.193.77.37 - - [02/Jul/2026:23:02:43 +0330] "POST /wp-cron.php?doing_wp_cron=1783020763.1390299797058105468750 HTTP/1.1" 200 0 "-" "WordPress/7.0; https://modoarpena.ir"
167.172.232.142 - - [02/Jul/2026:23:02:49 +0330] "GET /info.php HTTP/1.1" 403 296 "-" "Mozilla/5.0 (l9scan/2.0.7333e27373e2339313e2033313; +https://leakix.net)"
130.193.77.37 - - [02/Jul/2026:23:05:11 +0330] "POST /wp-cron.php?doing_wp_cron=1783020911.4151370525360107421875 HTTP/1.1" 200 0 "-" "WordPress/7.0; https://modoarpena.ir"
130.193.77.37 - - [02/Jul/2026:23:14:17 +0330] "POST /wp-cron.php?doing_wp_cron=1783021457.9561009407043457031250 HTTP/1.1" 200 0 "-" "WordPress/7.0; https://modoarpena.ir"
130.193.77.37 - - [02/Jul/2026:23:18:01 +0330] "POST /wp-cron.php?doing_wp_cron=1783021681.6592829227447509765625 HTTP/1.1" 200 0 "-" "WordPress/7.0; https://modoarpena.ir"
170.106.73.216 - - [02/Jul/2026:23:14:14 +0330] "GET /tencel-austrian-fabric/feed/ HTTP/1.1" 200 576 "-" "Mozilla/5.0 (iPhone; CPU iPhone OS 13_2_3 like Mac OS X) AppleWebKit/605.1.15 (KHTML, like Gecko) Version/13.0.3 Mobile/15E148 Safari/604.1"
130.193.77.37 - - [02/Jul/2026:23:21:50 +0330] "POST /wp-cron.php?doing_wp_cron=1783021910.8292920589447021484375 HTTP/1.1" 200 0 "-" "WordPress/7.0; https://modoarpena.ir"
208.68.37.246 - - [02/Jul/2026:23:23:16 +0330] "GET /wp-login.php HTTP/2" 200 3915 "-" "Mozilla/5.0 (X11; Fedora; Linux x86_64) AppleWebKit/537.36 (KHTML, like Gecko) Chrome/133.0.0.0 Safari/537.36"
208.68.37.246 - - [02/Jul/2026:23:23:23 +0330] "POST /wp-login.php HTTP/2" 200 4086 "https://modoarpena.ir/wp-login.php" "Mozilla/5.0 (X11; Fedora; Linux x86_64) AppleWebKit/537.36 (KHTML, like Gecko) Chrome/133.0.0.0 Safari/537.36"
216.73.217.22 - - [02/Jul/2026:23:17:57 +0330] "GET /robots.txt HTTP/2" 200 23 "-" "Mozilla/5.0 AppleWebKit/537.36 (KHTML, like Gecko; compatible; ClaudeBot/1.0; +claudebot@anthropic.com)"
216.73.217.22 - - [02/Jul/2026:23:17:58 +0330] "GET /sitemap.xml HTTP/2" 301 0 "-" "Mozilla/5.0 AppleWebKit/537.36 (KHTML, like Gecko; compatible; ClaudeBot/1.0; +claudebot@anthropic.com)"
216.73.217.22 - - [02/Jul/2026:23:18:01 +0330] "GET /sitemap_index.xml HTTP/2" 200 385 "https://modoarpena.ir/sitemap.xml" "Mozilla/5.0 AppleWebKit/537.36 (KHTML, like Gecko; compatible; ClaudeBot/1.0; +claudebot@anthropic.com)"
43.166.244.192 - - [02/Jul/2026:23:21:46 +0330] "GET /wp-json/oembed/1.0/embed?url=https%3A%2F%2Fmodoarpena.ir%2Ftencel-austrian-fabric%2F&format=xml HTTP/1.1" 200 1612 "-" "Mozilla/5.0 (iPhone; CPU iPhone OS 13_2_3 like Mac OS X) AppleWebKit/605.1.15 (KHTML, like Gecko) Version/13.0.3 Mobile/15E148 Safari/604.1"
130.193.77.37 - - [02/Jul/2026:23:23:19 +0330] "POST /wp-cron.php?doing_wp_cron=1783021999.7462379932403564453125 HTTP/1.1" 200 0 "-" "WordPress/7.0; https://modoarpena.ir"
130.193.77.37 - - [02/Jul/2026:23:28:15 +0330] "POST /wp-cron.php?doing_wp_cron=1783022295.9080829620361328125000 HTTP/1.1" 200 0 "-" "WordPress/7.0; https://modoarpena.ir"
130.193.77.37 - - [02/Jul/2026:23:31:08 +0330] "POST /wp-cron.php?doing_wp_cron=1783022468.0094470977783203125000 HTTP/1.1" 200 0 "-" "WordPress/7.0; https://modoarpena.ir"
136.144.33.187 - - [02/Jul/2026:23:28:12 +0330] "POST /wp-login.php HTTP/1.1" 200 4521 "-" "Mozilla/5.0 (Windows NT 10.0; Win64; x64) AppleWebKit/537.36 Chrome/129.0.0.0 Safari/537.36"
172.245.102.54 - - [02/Jul/2026:23:28:12 +0330] "POST /wp-login.php HTTP/1.1" 200 4520 "-" "Mozilla/5.0 (Windows NT 10.0; Win64; rv:143.0) Gecko/20100101 Firefox/143.0"
130.193.77.37 - - [02/Jul/2026:23:39:40 +0330] "POST /wp-cron.php?doing_wp_cron=1783022980.0470619201660156250000 HTTP/1.1" 200 0 "-" "WordPress/7.0; https://modoarpena.ir"
130.193.77.37 - - [02/Jul/2026:23:28:15 +0330] "POST /wp-cron.php?doing_wp_cron=1783022295.9091670513153076171875 HTTP/1.1" 200 0 "-" "WordPress/7.0; https://modoarpena.ir"
103.75.185.95 - - [02/Jul/2026:23:31:04 +0330] "GET /wp-login.php HTTP/2" 200 3915 "-" "Mozilla/5.0 (X11; Ubuntu; Linux x86_64) AppleWebKit/537.36 (KHTML, like Gecko) Chrome/133.0.0.0 Safari/537.36"
43.135.144.126 - - [02/Jul/2026:23:31:06 +0330] "GET /product/simin-khat-egyptian-cotton-bedding/feed/ HTTP/1.1" 200 549 "-" "Mozilla/5.0 (iPhone; CPU iPhone OS 13_2_3 like Mac OS X) AppleWebKit/605.1.15 (KHTML, like Gecko) Version/13.0.3 Mobile/15E148 Safari/604.1"
103.75.185.95 - - [02/Jul/2026:23:31:08 +0330] "POST /wp-login.php HTTP/2" 200 4076 "https://modoarpena.ir/wp-login.php" "Mozilla/5.0 (X11; Ubuntu; Linux x86_64) AppleWebKit/537.36 (KHTML, like Gecko) Chrome/133.0.0.0 Safari/537.36"
49.51.52.250 - - [02/Jul/2026:23:34:28 +0330] "GET / HTTP/1.1" 200 81662 "http://modoarpena.ir" "Mozilla/5.0 (iPhone; CPU iPhone OS 13_2_3 like Mac OS X) AppleWebKit/605.1.15 (KHTML, like Gecko) Version/13.0.3 Mobile/15E148 Safari/604.1"
37.59.204.138 - - [02/Jul/2026:23:39:36 +0330] "GET /product/28037/feed/ HTTP/2" 200 453 "-" "Mozilla/5.0 (compatible; AhrefsBot/7.0; +http://ahrefs.com/robot/)"
5.78.69.104 - - [02/Jul/2026:23:41:51 +0330] "GET /product/sayehsar-lyocell-bedding/ HTTP/2" 200 71726 "-" "Mozilla/5.0 (Macintosh; Intel Mac OS X 10.15; rv:147.0) Gecko/20100101 Firefox/147.0"
20.161.60.18 - - [02/Jul/2026:23:53:38 +0330] "POST /xmlrpc.php HTTP/1.1" 200 249 "-" "Mozilla/5.0 (Windows NT 10.0; Win64; x64) AppleWebKit/537.36 (KHTML, like Gecko) Chrome/123.0.0.0 Safari/537.36 Edg/123.0.0.0"
20.161.60.18 - - [02/Jul/2026:23:52:22 +0330] "POST /xmlrpc.php HTTP/1.1" 200 249 "-" "Mozilla/5.0 (Macintosh; Intel Mac OS X 10.15; rv:126.0) Gecko/20100101 Firefox/126.0"
20.161.60.18 - - [02/Jul/2026:23:52:29 +0330] "POST /xmlrpc.php HTTP/1.1" 200 249 "-" "Mozilla/5.0 (Windows NT 10.0; Win64; x64; rv:124.0) Gecko/20100101 Firefox/124.0"
20.161.60.18 - - [02/Jul/2026:23:53:47 +0330] "POST /xmlrpc.php HTTP/1.1" 200 249 "-" "Mozilla/5.0 (Windows NT 10.0; Win64; x64; rv:123.0) Gecko/20100101 Firefox/123.0"
136.144.33.173 - - [02/Jul/2026:23:57:03 +0330] "POST /wp-login.php HTTP/1.1" 200 4520 "-" "Mozilla/5.0 (Macintosh; Intel Mac OS X 10_15_7) AppleWebKit/605.1.15 Version/17.0 Safari/605.1.15"
130.193.77.37 - - [02/Jul/2026:23:52:43 +0330] "POST /wp-cron.php?doing_wp_cron=1783023763.2567729949951171875000 HTTP/1.1" 200 0 "-" "WordPress/7.0; https://modoarpena.ir"
20.161.60.18 - - [02/Jul/2026:23:53:16 +0330] "POST /xmlrpc.php HTTP/1.1" 200 249 "-" "Mozilla/5.0 (Windows NT 10.0; Win64; x64) AppleWebKit/537.36 (KHTML, like Gecko) Chrome/125.0.0.0 Safari/537.36 Vivaldi/6.7"
20.161.60.18 - - [02/Jul/2026:23:53:50 +0330] "POST /xmlrpc.php HTTP/1.1" 200 249 "-" "Mozilla/5.0 (X11; Linux x86_64) AppleWebKit/537.36 (KHTML, like Gecko) Chrome/125.0.0.0 Safari/537.36"
20.161.60.18 - - [02/Jul/2026:23:52:12 +0330] "GET /wp-json/wp/v2/users/ HTTP/1.1" 200 1039 "-" "Mozilla/5.0 (Windows NT 10.0; Win64; x64; rv:125.0) Gecko/20100101 Firefox/125.0"
20.161.60.18 - - [02/Jul/2026:23:52:19 +0330] "POST /xmlrpc.php HTTP/1.1" 200 728 "-" "Mozilla/5.0 (Windows NT 10.0; Win64; x64; rv:124.0) Gecko/20100101 Firefox/124.0"
20.161.60.18 - - [02/Jul/2026:23:52:24 +0330] "POST /xmlrpc.php HTTP/1.1" 200 249 "-" "Mozilla/5.0 (Macintosh; Intel Mac OS X 10_15_7) AppleWebKit/605.1.15 (KHTML, like Gecko) Version/17.3 Safari/605.1.15"
20.161.60.18 - - [02/Jul/2026:23:52:44 +0330] "POST /xmlrpc.php HTTP/1.1" 200 249 "-" "Mozilla/5.0 (Windows NT 10.0; Win64; x64; rv:124.0) Gecko/20100101 Firefox/124.0"
20.161.60.18 - - [02/Jul/2026:23:53:08 +0330] "POST /xmlrpc.php HTTP/1.1" 200 249 "-" "Mozilla/5.0 (Windows NT 10.0; Win64; x64) AppleWebKit/537.36 (KHTML, like Gecko) Chrome/122.0.0.0 Safari/537.36"
20.153.140.50 - - [02/Jul/2026:23:53:32 +0330] "GET /wp-login.php HTTP/2" 200 3915 "-" "Mozilla/5.0 (Windows NT 10.0; Win64; x64; rv:133.0) Gecko/20100101 Firefox/133.0"
20.161.60.18 - - [02/Jul/2026:23:53:37 +0330] "POST /xmlrpc.php HTTP/1.1" 200 249 "-" "Mozilla/5.0 (Windows NT 10.0; Win64; x64) AppleWebKit/537.36 (KHTML, like Gecko) Chrome/122.0.0.0 Safari/537.36"
20.153.140.50 - - [02/Jul/2026:23:53:38 +0330] "POST /wp-login.php HTTP/2" 200 4086 "https://modoarpena.ir/wp-login.php" "Mozilla/5.0 (Windows NT 10.0; Win64; x64; rv:133.0) Gecko/20100101 Firefox/133.0"
20.161.60.18 - - [02/Jul/2026:23:53:43 +0330] "POST /xmlrpc.php HTTP/1.1" 200 249 "-" "Mozilla/5.0 (X11; Linux x86_64) AppleWebKit/537.36 (KHTML, like Gecko) Chrome/124.0.0.0 Safari/537.36"
136.144.33.173 - - [02/Jul/2026:23:57:03 +0330] "POST /wp-login.php HTTP/1.1" 200 4521 "-" "Mozilla/5.0 (Windows NT 10.0; Win64; x64) AppleWebKit/537.36 Chrome/129.0.0.0 Safari/537.36"
130.193.77.37 - - [02/Jul/2026:23:41:54 +0330] "POST /wp-cron.php?doing_wp_cron=1783023114.5599210262298583984375 HTTP/1.1" 200 0 "-" "WordPress/7.0; https://modoarpena.ir"
5.39.1.225 - - [02/Jul/2026:23:49:18 +0330] "GET /product/%D8%B3%D8%AA-%D8%B1%D9%88-%D8%AA%D8%AE%D8%AA%DB%8C-%D9%85%D8%AF%D9%84-%D8%A8%D8%A7%D8%B1%D8%A7%DB%8C/feed/ HTTP/2" 404 54061 "-" "Mozilla/5.0 (compatible; AhrefsBot/7.0; +http://ahrefs.com/robot/)"
43.159.132.207 - - [02/Jul/2026:23:52:36 +0330] "GET /wp-json/oembed/1.0/embed?url=https%3A%2F%2Fmodoarpena.ir%2Fproduct%2Fsimin-khat-egyptian-cotton-bedding%2F HTTP/1.1" 200 1460 "-" "Mozilla/5.0 (iPhone; CPU iPhone OS 13_2_3 like Mac OS X) AppleWebKit/605.1.15 (KHTML, like Gecko) Version/13.0.3 Mobile/15E148 Safari/604.1"
20.161.60.18 - - [02/Jul/2026:23:52:40 +0330] "POST /xmlrpc.php HTTP/1.1" 200 249 "-" "Mozilla/5.0 (X11; Linux x86_64) AppleWebKit/537.36 (KHTML, like Gecko) Chrome/123.0.0.0 Safari/537.36"
20.161.60.18 - - [02/Jul/2026:23:53:02 +0330] "POST /xmlrpc.php HTTP/1.1" 200 249 "-" "Mozilla/5.0 (Macintosh; Intel Mac OS X 10_15_7) AppleWebKit/605.1.15 (KHTML, like Gecko) Version/17.4 Safari/605.1.15"
20.161.60.18 - - [02/Jul/2026:23:53:40 +0330] "POST /xmlrpc.php HTTP/1.1" 200 249 "-" "Mozilla/5.0 (Windows NT 10.0; Win64; x64; rv:126.0) Gecko/20100101 Firefox/126.0"
5.161.77.71 - - [02/Jul/2026:23:42:53 +0330] "GET /faq/ HTTP/2" 200 59560 "-" "Mozilla/5.0 (Macintosh; Intel Mac OS X 10.15; rv:147.0) Gecko/20100101 Firefox/147.0"
5.161.249.252 - - [02/Jul/2026:23:43:01 +0330] "GET /duvet-or-duvet-cover/ HTTP/2" 200 62816 "-" "Mozilla/5.0 (Macintosh; Intel Mac OS X 10.15; rv:147.0) Gecko/20100101 Firefox/147.0"
20.161.60.18 - - [02/Jul/2026:23:52:36 +0330] "POST /xmlrpc.php HTTP/1.1" 200 249 "-" "Mozilla/5.0 (Macintosh; Intel Mac OS X 10.15; rv:125.0) Gecko/20100101 Firefox/125.0"
130.193.77.37 - - [02/Jul/2026:23:57:07 +0330] "POST /wp-cron.php?doing_wp_cron=1783024027.3572649955749511718750 HTTP/1.1" 200 0 "-" "WordPress/7.0; https://modoarpena.ir"
5.78.69.104 - - [02/Jul/2026:23:42:28 +0330] "GET /items/V381207105/ HTTP/2" 404 53958 "-" "Mozilla/5.0 (Macintosh; Intel Mac OS X 10.15; rv:147.0) Gecko/20100101 Firefox/147.0"
150.109.230.210 - - [02/Jul/2026:23:43:32 +0330] "GET /wp-json/oembed/1.0/embed?url=https%3A%2F%2Fmodoarpena.ir%2Fproduct%2Fsimin-khat-egyptian-cotton-bedding%2F&format=xml HTTP/1.1" 200 1512 "-" "Mozilla/5.0 (iPhone; CPU iPhone OS 13_2_3 like Mac OS X) AppleWebKit/605.1.15 (KHTML, like Gecko) Version/13.0.3 Mobile/15E148 Safari/604.1"
130.193.77.37 - - [02/Jul/2026:23:52:17 +0330] "POST /wp-cron.php?doing_wp_cron=1783023737.4493999481201171875000 HTTP/1.1" 200 0 "-" "WordPress/7.0; https://modoarpena.ir"
20.161.60.18 - - [02/Jul/2026:23:52:31 +0330] "POST /xmlrpc.php HTTP/1.1" 200 249 "-" "Mozilla/5.0 (X11; Linux x86_64; rv:126.0) Gecko/20100101 Firefox/126.0"
20.161.60.18 - - [02/Jul/2026:23:52:32 +0330] "POST /xmlrpc.php HTTP/1.1" 200 249 "-" "Mozilla/5.0 (Macintosh; Intel Mac OS X 10_15_7) AppleWebKit/605.1.15 (KHTML, like Gecko) Version/17.3 Safari/605.1.15"
20.161.60.18 - - [02/Jul/2026:23:52:34 +0330] "POST /xmlrpc.php HTTP/1.1" 200 249 "-" "Mozilla/5.0 (Windows NT 10.0; Win64; x64) AppleWebKit/537.36 (KHTML, like Gecko) Chrome/124.0.0.0 Safari/537.36"
20.161.60.18 - - [02/Jul/2026:23:52:49 +0330] "POST /xmlrpc.php HTTP/1.1" 200 249 "-" "Mozilla/5.0 (Windows NT 10.0; Win64; x64; rv:126.0) Gecko/20100101 Firefox/126.0"
20.161.60.18 - - [02/Jul/2026:23:52:51 +0330] "POST /xmlrpc.php HTTP/1.1" 200 249 "-" "Mozilla/5.0 (Macintosh; Intel Mac OS X 10.15; rv:126.0) Gecko/20100101 Firefox/126.0"
20.161.60.18 - - [02/Jul/2026:23:52:52 +0330] "POST /xmlrpc.php HTTP/1.1" 200 249 "-" "Mozilla/5.0 (Macintosh; Intel Mac OS X 10_15_7) AppleWebKit/537.36 (KHTML, like Gecko) Chrome/125.0.0.0 Safari/537.36"
20.161.60.18 - - [02/Jul/2026:23:53:13 +0330] "POST /xmlrpc.php HTTP/1.1" 200 249 "-" "Mozilla/5.0 (Macintosh; Intel Mac OS X 10_15_7) AppleWebKit/537.36 (KHTML, like Gecko) Chrome/124.0.0.0 Safari/537.36"
20.161.60.18 - - [02/Jul/2026:23:53:18 +0330] "POST /xmlrpc.php HTTP/1.1" 200 249 "-" "Mozilla/5.0 (Macintosh; Intel Mac OS X 10.15; rv:126.0) Gecko/20100101 Firefox/126.0"
20.161.60.18 - - [02/Jul/2026:23:53:24 +0330] "POST /xmlrpc.php HTTP/1.1" 200 249 "-" "Mozilla/5.0 (Windows NT 10.0; Win64; x64) AppleWebKit/537.36 (KHTML, like Gecko) Chrome/125.0.0.0 Safari/537.36 OPR/110.0.0.0"
20.161.60.18 - - [02/Jul/2026:23:53:33 +0330] "POST /xmlrpc.php HTTP/1.1" 200 249 "-" "Mozilla/5.0 (Windows NT 10.0; Win64; x64) AppleWebKit/537.36 (KHTML, like Gecko) Chrome/123.0.0.0 Safari/537.36 Edg/123.0.0.0"
130.193.77.37 - - [02/Jul/2026:23:57:07 +0330] "POST /wp-cron.php?doing_wp_cron=1783024027.3573410511016845703125 HTTP/1.1" 200 0 "-" "WordPress/7.0; https://modoarpena.ir"
5.161.67.6 - - [02/Jul/2026:23:41:50 +0330] "GET /product/tarvand-lyocell-bedding/ HTTP/2" 200 71289 "-" "Mozilla/5.0 (Macintosh; Intel Mac OS X 10.15; rv:147.0) Gecko/20100101 Firefox/147.0"
130.193.77.37 - - [02/Jul/2026:23:42:41 +0330] "POST /wp-cron.php?doing_wp_cron=1783023161.2588660717010498046875 HTTP/1.1" 200 0 "-" "WordPress/7.0; https://modoarpena.ir"
136.144.33.158 - - [02/Jul/2026:23:42:39 +0330] "POST /wp-login.php HTTP/1.1" 200 4520 "-" "Mozilla/5.0 (Windows NT 10.0; Win64; x64) AppleWebKit/537.36 Chrome/129.0.0.0 Safari/537.36"
136.144.33.186 - - [02/Jul/2026:23:42:39 +0330] "POST /wp-login.php HTTP/1.1" 200 4521 "-" "Mozilla/5.0 (Windows NT 10.0; Win64; x64) AppleWebKit/537.36 Chrome/129.0.0.0 Safari/537.36"
130.193.77.37 - - [02/Jul/2026:23:49:22 +0330] "POST /wp-cron.php?doing_wp_cron=1783023562.8592090606689453125000 HTTP/1.1" 200 0 "-" "WordPress/7.0; https://modoarpena.ir"
20.161.60.18 - - [02/Jul/2026:23:52:27 +0330] "POST /xmlrpc.php HTTP/1.1" 200 249 "-" "Mozilla/5.0 (Windows NT 10.0; Win64; x64) AppleWebKit/537.36 (KHTML, like Gecko) Chrome/124.0.0.0 Safari/537.36 OPR/109.0.0.0"
20.161.60.18 - - [02/Jul/2026:23:52:47 +0330] "POST /xmlrpc.php HTTP/1.1" 200 249 "-" "Mozilla/5.0 (Windows NT 10.0; Win64; x64; rv:126.0) Gecko/20100101 Firefox/126.0"
20.161.60.18 - - [02/Jul/2026:23:52:55 +0330] "POST /xmlrpc.php HTTP/1.1" 200 249 "-" "Mozilla/5.0 (Windows NT 10.0; Win64; x64) AppleWebKit/537.36 (KHTML, like Gecko) Chrome/125.0.0.0 Safari/537.36 Vivaldi/6.7"
20.161.60.18 - - [02/Jul/2026:23:52:58 +0330] "POST /xmlrpc.php HTTP/1.1" 200 249 "-" "Mozilla/5.0 (Windows NT 10.0; Win64; x64; rv:124.0) Gecko/20100101 Firefox/124.0"
20.161.60.18 - - [02/Jul/2026:23:53:05 +0330] "POST /xmlrpc.php HTTP/1.1" 200 249 "-" "Mozilla/5.0 (Macintosh; Intel Mac OS X 10_15_7) AppleWebKit/537.36 (KHTML, like Gecko) Chrome/123.0.0.0 Safari/537.36"
20.161.60.18 - - [02/Jul/2026:23:53:10 +0330] "POST /xmlrpc.php HTTP/1.1" 200 249 "-" "Mozilla/5.0 (Windows NT 10.0; Win64; x64; rv:125.0) Gecko/20100101 Firefox/125.0"
20.161.60.18 - - [02/Jul/2026:23:53:20 +0330] "POST /xmlrpc.php HTTP/1.1" 200 249 "-" "Mozilla/5.0 (Macintosh; Intel Mac OS X 10.15; rv:125.0) Gecko/20100101 Firefox/125.0"
20.161.60.18 - - [02/Jul/2026:23:53:22 +0330] "POST /xmlrpc.php HTTP/1.1" 200 249 "-" "Mozilla/5.0 (Windows NT 10.0; Win64; x64; rv:123.0) Gecko/20100101 Firefox/123.0"
20.161.60.18 - - [02/Jul/2026:23:53:27 +0330] "POST /xmlrpc.php HTTP/1.1" 200 249 "-" "Mozilla/5.0 (Windows NT 10.0; Win64; x64; rv:125.0) Gecko/20100101 Firefox/125.0"
20.161.60.18 - - [02/Jul/2026:23:53:31 +0330] "POST /xmlrpc.php HTTP/1.1" 200 249 "-" "Mozilla/5.0 (Windows NT 10.0; Win64; x64) AppleWebKit/537.36 (KHTML, like Gecko) Chrome/125.0.0.0 Safari/537.36 OPR/110.0.0.0"
20.161.60.18 - - [02/Jul/2026:23:53:35 +0330] "POST /xmlrpc.php HTTP/1.1" 200 249 "-" "Mozilla/5.0 (Windows NT 10.0; Win64; x64) AppleWebKit/537.36 (KHTML, like Gecko) Chrome/123.0.0.0 Safari/537.36 Edg/123.0.0.0"
130.193.77.37 - - [02/Jul/2026:23:53:40 +0330] "POST /wp-cron.php?doing_wp_cron=1783023820.1077599525451660156250 HTTP/1.1" 200 0 "-" "WordPress/7.0; https://modoarpena.ir"
49.51.253.83 - - [03/Jul/2026:00:04:13 +0330] "GET /product-category/bedding-set/page/4/ HTTP/1.1" 200 68070 "-" "Mozilla/5.0 (iPhone; CPU iPhone OS 13_2_3 like Mac OS X) AppleWebKit/605.1.15 (KHTML, like Gecko) Version/13.0.3 Mobile/15E148 Safari/604.1"
130.193.77.37 - - [03/Jul/2026:00:04:19 +0330] "POST /wp-cron.php?doing_wp_cron=1783024459.4843719005584716796875 HTTP/1.1" 200 0 "-" "WordPress/7.0; https://modoarpena.ir"
92.222.108.106 - - [03/Jul/2026:00:12:43 +0330] "GET /wp-content/uploads/elementor/css/post-30157.css?ver=1782673343 HTTP/2" 200 141 "-" "Mozilla/5.0 (compatible; AhrefsBot/7.0; +http://ahrefs.com/robot/)"
130.193.77.37 - - [03/Jul/2026:00:11:29 +0330] "POST /wp-cron.php?doing_wp_cron=1783024889.7271039485931396484375 HTTP/1.1" 200 0 "-" "WordPress/7.0; https://modoarpena.ir"
130.193.77.37 - - [03/Jul/2026:00:11:52 +0330] "POST /wp-cron.php?doing_wp_cron=1783024912.3888070583343505859375 HTTP/1.1" 200 0 "-" "WordPress/7.0; https://modoarpena.ir"
130.193.77.37 - - [03/Jul/2026:00:12:59 +0330] "POST /wp-cron.php?doing_wp_cron=1783024979.1200559139251708984375 HTTP/1.1" 200 0 "-" "WordPress/7.0; https://modoarpena.ir"
43.130.34.74 - - [03/Jul/2026:00:12:57 +0330] "GET /tencel-austrian-fabric/embed/ HTTP/1.1" 200 7563 "-" "Mozilla/5.0 (iPhone; CPU iPhone OS 13_2_3 like Mac OS X) AppleWebKit/605.1.15 (KHTML, like Gecko) Version/13.0.3 Mobile/15E148 Safari/604.1"
64.70.199.114 - - [03/Jul/2026:00:07:10 +0330] "GET /wp-login.php HTTP/2" 200 3915 "-" "Mozilla/5.0 (X11; Ubuntu; Linux x86_64) AppleWebKit/537.36 (KHTML, like Gecko) Chrome/133.0.0.0 Safari/537.36"
64.70.199.114 - - [03/Jul/2026:00:07:14 +0330] "POST /wp-login.php HTTP/2" 200 4075 "https://modoarpena.ir/wp-login.php" "Mozilla/5.0 (X11; Ubuntu; Linux x86_64) AppleWebKit/537.36 (KHTML, like Gecko) Chrome/133.0.0.0 Safari/537.36"
92.222.104.201 - - [03/Jul/2026:00:11:49 +0330] "GET /product/mah-rose-austrian-tencel-bedding/ HTTP/2" 200 67918 "-" "Mozilla/5.0 (compatible; AhrefsBot/7.0; +http://ahrefs.com/robot/)"
136.144.33.186 - - [03/Jul/2026:00:11:26 +0330] "POST /wp-login.php HTTP/1.1" 200 4521 "-" "Mozilla/5.0 (Windows NT 10.0; Win64; x64) AppleWebKit/537.36 Chrome/129.0.0.0 Safari/537.36"
136.144.33.185 - - [03/Jul/2026:00:11:26 +0330] "POST /wp-login.php HTTP/1.1" 200 4520 "-" "Mozilla/5.0 (Windows NT 10.0; Win64; x64) AppleWebKit/537.36 Chrome/129.0.0.0 Safari/537.36"
130.193.77.37 - - [03/Jul/2026:00:07:13 +0330] "POST /wp-cron.php?doing_wp_cron=1783024633.6823310852050781250000 HTTP/1.1" 200 0 "-" "WordPress/7.0; https://modoarpena.ir"
130.193.77.37 - - [03/Jul/2026:00:11:29 +0330] "POST /wp-cron.php?doing_wp_cron=1783024889.7274489402770996093750 HTTP/1.1" 200 0 "-" "WordPress/7.0; https://modoarpena.ir"
52.167.144.228 - - [03/Jul/2026:00:21:12 +0330] "GET /shop/?opts=hover_info HTTP/2" 200 61498 "-" "Mozilla/5.0 AppleWebKit/537.36 (KHTML, like Gecko; compatible; bingbot/2.0; +http://www.bing.com/bingbot.htm) Chrome/116.0.1938.76 Safari/537.36"
130.193.77.37 - - [03/Jul/2026:00:19:09 +0330] "POST /wp-cron.php?doing_wp_cron=1783025349.5277409553527832031250 HTTP/1.1" 200 0 "-" "WordPress/7.0; https://modoarpena.ir"
