66.102.9.101 - - [02/Jul/2026:21:29:39 +0330] "GET /wp-content/themes/woodmart/rtl.css HTTP/1.1" 200 4104 "https://modoarpena.ir/product/badrig-lyocell-bedding/" "Mozilla/5.0 (Linux; Android 10; K) AppleWebKit/537.36 (KHTML, like Gecko) Chrome/138.0.0.0 Mobile Safari/537.36 (compatible; Google-Read-Aloud; +https://support.google.com/webmasters/answer/1061943)"
66.102.9.101 - - [02/Jul/2026:21:29:39 +0330] "GET /wp-content/themes/woodmart/css/parts/woo-opt-hide-larger-price.min.css?ver=8.4.0 HTTP/1.1" 200 98 "https://modoarpena.ir/product/badrig-lyocell-bedding/" "Mozilla/5.0 (Linux; Android 10; K) AppleWebKit/537.36 (KHTML, like Gecko) Chrome/138.0.0.0 Mobile Safari/537.36 (compatible; Google-Read-Aloud; +https://support.google.com/webmasters/answer/1061943)"
83.123.243.156 - - [02/Jul/2026:21:29:39 +0330] "GET /wp-content/uploads/2026/06/hezarbarg-lyocell-1-640x800.webp HTTP/1.1" 200 36906 "https://modoarpena.ir/product-category/bedding-set/lyocell/" "Mozilla/5.0 (Linux; Android 10; K) AppleWebKit/537.36 (KHTML, like Gecko) Chrome/149.0.0.0 Mobile Safari/537.36"
74.125.215.65 - - [02/Jul/2026:21:29:39 +0330] "GET /wp-content/plugins/woocommerce-product-variations-swatches/assets/css/frontend-style.min.css?ver=1.1.9 HTTP/1.1" 200 2085 "https://modoarpena.ir/product/badrig-lyocell-bedding/" "Mozilla/5.0 (Linux; Android 10; K) AppleWebKit/537.36 (KHTML, like Gecko) Chrome/138.0.0.0 Mobile Safari/537.36 (compatible; Google-Read-Aloud; +https://support.google.com/webmasters/answer/1061943)"
66.102.9.101 - - [02/Jul/2026:21:29:39 +0330] "GET /wp-content/themes/woodmart/js/scripts/wc/updateCartFragmentsFix.js?ver=8.4.0 HTTP/1.1" 200 539 "https://modoarpena.ir/product/badrig-lyocell-bedding/" "Mozilla/5.0 (Linux; Android 10; K) AppleWebKit/537.36 (KHTML, like Gecko) Chrome/138.0.0.0 Mobile Safari/537.36 (compatible; Google-Read-Aloud; +https://support.google.com/webmasters/answer/1061943)"
66.102.9.100 - - [02/Jul/2026:21:29:39 +0330] "GET /wp-includes/js/dist/hooks.min.js?ver=7496969728ca0f95732d HTTP/1.1" 200 1712 "https://modoarpena.ir/product/badrig-lyocell-bedding/" "Mozilla/5.0 (Linux; Android 10; K) AppleWebKit/537.36 (KHTML, like Gecko) Chrome/138.0.0.0 Mobile Safari/537.36 (compatible; Google-Read-Aloud; +https://support.google.com/webmasters/answer/1061943)"
66.102.9.100 - - [02/Jul/2026:21:29:39 +0330] "GET /wp-content/plugins/contact-form-7/includes/swv/js/index.js?ver=6.1.4 HTTP/1.1" 200 3369 "https://modoarpena.ir/product/badrig-lyocell-bedding/" "Mozilla/5.0 (Linux; Android 10; K) AppleWebKit/537.36 (KHTML, like Gecko) Chrome/138.0.0.0 Mobile Safari/537.36 (compatible; Google-Read-Aloud; +https://support.google.com/webmasters/answer/1061943)"
66.102.9.101 - - [02/Jul/2026:21:29:40 +0330] "GET /wp-content/themes/woodmart/vc_templates/product-amazing/assets/js/master.js?ver=1.0 HTTP/1.1" 200 789 "https://modoarpena.ir/product/badrig-lyocell-bedding/" "Mozilla/5.0 (Linux; Android 10; K) AppleWebKit/537.36 (KHTML, like Gecko) Chrome/138.0.0.0 Mobile Safari/537.36 (compatible; Google-Read-Aloud; +https://support.google.com/webmasters/answer/1061943)"
66.102.9.101 - - [02/Jul/2026:21:29:40 +0330] "GET /wp-content/plugins/contact-form-7/includes/js/index.js?ver=6.1.4 HTTP/1.1" 200 4008 "https://modoarpena.ir/product/badrig-lyocell-bedding/" "Mozilla/5.0 (Linux; Android 10; K) AppleWebKit/537.36 (KHTML, like Gecko) Chrome/138.0.0.0 Mobile Safari/537.36 (compatible; Google-Read-Aloud; +https://support.google.com/webmasters/answer/1061943)"
66.102.9.100 - - [02/Jul/2026:21:29:40 +0330] "GET /wp-content/plugins/woocommerce/assets/js/frontend/order-attribution.min.js?ver=10.6.2 HTTP/1.1" 200 1020 "https://modoarpena.ir/product/badrig-lyocell-bedding/" "Mozilla/5.0 (Linux; Android 10; K) AppleWebKit/537.36 (KHTML, like Gecko) Chrome/138.0.0.0 Mobile Safari/537.36 (compatible; Google-Read-Aloud; +https://support.google.com/webmasters/answer/1061943)"
66.102.9.101 - - [02/Jul/2026:21:29:40 +0330] "GET /wp-content/plugins/elementor/assets/js/webpack.runtime.min.js?ver=4.0.1 HTTP/1.1" 200 2280 "https://modoarpena.ir/product/badrig-lyocell-bedding/" "Mozilla/5.0 (Linux; Android 10; K) AppleWebKit/537.36 (KHTML, like Gecko) Chrome/138.0.0.0 Mobile Safari/537.36 (compatible; Google-Read-Aloud; +https://support.google.com/webmasters/answer/1061943)"
74.125.215.65 - - [02/Jul/2026:21:29:40 +0330] "GET /wp-content/themes/woodmart/css/parts/woo-widget-product-list.min.css?ver=8.4.0 HTTP/1.1" 200 313 "https://modoarpena.ir/product/badrig-lyocell-bedding/" "Mozilla/5.0 (Linux; Android 10; K) AppleWebKit/537.36 (KHTML, like Gecko) Chrome/138.0.0.0 Mobile Safari/537.36 (compatible; Google-Read-Aloud; +https://support.google.com/webmasters/answer/1061943)"
66.102.9.101 - - [02/Jul/2026:21:29:40 +0330] "GET /wp-content/themes/woodmart/js/scripts/wc/trackProductViewed.min.js?ver=8.4.0 HTTP/1.1" 200 272 "https://modoarpena.ir/product/badrig-lyocell-bedding/" "Mozilla/5.0 (Linux; Android 10; K) AppleWebKit/537.36 (KHTML, like Gecko) Chrome/138.0.0.0 Mobile Safari/537.36 (compatible; Google-Read-Aloud; +https://support.google.com/webmasters/answer/1061943)"
74.125.215.65 - - [02/Jul/2026:21:29:40 +0330] "GET /wp-content/themes/woodmart/css/parts/wd-search-dropdown-rtl.min.css?ver=8.4.0 HTTP/1.1" 200 581 "https://modoarpena.ir/product/badrig-lyocell-bedding/" "Mozilla/5.0 (Linux; Android 10; K) AppleWebKit/537.36 (KHTML, like Gecko) Chrome/138.0.0.0 Mobile Safari/537.36 (compatible; Google-Read-Aloud; +https://support.google.com/webmasters/answer/1061943)"
74.125.215.65 - - [02/Jul/2026:21:29:40 +0330] "GET /wp-content/themes/woodmart/css/parts/woo-mod-variation-form-single-rtl.min.css?ver=8.4.0 HTTP/1.1" 200 252 "https://modoarpena.ir/product/badrig-lyocell-bedding/" "Mozilla/5.0 (Linux; Android 10; K) AppleWebKit/537.36 (KHTML, like Gecko) Chrome/138.0.0.0 Mobile Safari/537.36 (compatible; Google-Read-Aloud; +https://support.google.com/webmasters/answer/1061943)"
74.125.215.66 - - [02/Jul/2026:21:29:40 +0330] "GET /wp-content/themes/woodmart/css/parts/opt-carousel-disable-rtl.min.css?ver=8.4.0 HTTP/1.1" 200 168 "https://modoarpena.ir/product/badrig-lyocell-bedding/" "Mozilla/5.0 (Linux; Android 10; K) AppleWebKit/537.36 (KHTML, like Gecko) Chrome/138.0.0.0 Mobile Safari/537.36 (compatible; Google-Read-Aloud; +https://support.google.com/webmasters/answer/1061943)"
74.125.215.64 - - [02/Jul/2026:21:29:40 +0330] "GET /wp-content/themes/woodmart/css/parts/woo-single-prod-predefined-rtl.min.css?ver=8.4.0 HTTP/1.1" 200 545 "https://modoarpena.ir/product/badrig-lyocell-bedding/" "Mozilla/5.0 (Linux; Android 10; K) AppleWebKit/537.36 (KHTML, like Gecko) Chrome/138.0.0.0 Mobile Safari/537.36 (compatible; Google-Read-Aloud; +https://support.google.com/webmasters/answer/1061943)"
74.125.215.65 - - [02/Jul/2026:21:29:40 +0330] "GET /wp-content/themes/woodmart/css/parts/footer-base.min.css?ver=8.4.0 HTTP/1.1" 200 302 "https://modoarpena.ir/product/badrig-lyocell-bedding/" "Mozilla/5.0 (Linux; Android 10; K) AppleWebKit/537.36 (KHTML, like Gecko) Chrome/138.0.0.0 Mobile Safari/537.36 (compatible; Google-Read-Aloud; +https://support.google.com/webmasters/answer/1061943)"
74.125.215.66 - - [02/Jul/2026:21:29:40 +0330] "GET /wp-content/themes/woodmart/css/parts/el-section-title-rtl.min.css?ver=8.4.0 HTTP/1.1" 200 508 "https://modoarpena.ir/product/badrig-lyocell-bedding/" "Mozilla/5.0 (Linux; Android 10; K) AppleWebKit/537.36 (KHTML, like Gecko) Chrome/138.0.0.0 Mobile Safari/537.36 (compatible; Google-Read-Aloud; +https://support.google.com/webmasters/answer/1061943)"
74.125.215.64 - - [02/Jul/2026:21:29:40 +0330] "GET /wp-content/themes/woodmart/css/parts/mod-dropdown-aside-rtl.min.css?ver=8.4.0 HTTP/1.1" 200 1239 "https://modoarpena.ir/product/badrig-lyocell-bedding/" "Mozilla/5.0 (Linux; Android 10; K) AppleWebKit/537.36 (KHTML, like Gecko) Chrome/138.0.0.0 Mobile Safari/537.36 (compatible; Google-Read-Aloud; +https://support.google.com/webmasters/answer/1061943)"
74.125.215.66 - - [02/Jul/2026:21:29:40 +0330] "GET /wp-content/themes/woodmart/css/parts/woo-mod-block-notices-rtl.min.css?ver=8.4.0 HTTP/1.1" 200 639 "https://modoarpena.ir/product/badrig-lyocell-bedding/" "Mozilla/5.0 (Linux; Android 10; K) AppleWebKit/537.36 (KHTML, like Gecko) Chrome/138.0.0.0 Mobile Safari/537.36 (compatible; Google-Read-Aloud; +https://support.google.com/webmasters/answer/1061943)"
74.125.215.66 - - [02/Jul/2026:21:29:40 +0330] "GET /wp-content/themes/woodmart/css/parts/woo-widget-shopping-cart.min.css?ver=8.4.0 HTTP/1.1" 200 1219 "https://modoarpena.ir/product/badrig-lyocell-bedding/" "Mozilla/5.0 (Linux; Android 10; K) AppleWebKit/537.36 (KHTML, like Gecko) Chrome/138.0.0.0 Mobile Safari/537.36 (compatible; Google-Read-Aloud; +https://support.google.com/webmasters/answer/1061943)"
74.125.215.66 - - [02/Jul/2026:21:29:40 +0330] "GET /wp-content/themes/woodmart/css/parts/woo-single-prod-el-gallery.min.css?ver=8.4.0 HTTP/1.1" 200 1248 "https://modoarpena.ir/product/badrig-lyocell-bedding/" "Mozilla/5.0 (Linux; Android 10; K) AppleWebKit/537.36 (KHTML, like Gecko) Chrome/138.0.0.0 Mobile Safari/537.36 (compatible; Google-Read-Aloud; +https://support.google.com/webmasters/answer/1061943)"
74.125.215.65 - - [02/Jul/2026:21:29:40 +0330] "GET /wp-content/themes/woodmart/css/parts/helpers-wpb-elem.min.css?ver=8.4.0 HTTP/1.1" 200 293 "https://modoarpena.ir/product/badrig-lyocell-bedding/" "Mozilla/5.0 (Linux; Android 10; K) AppleWebKit/537.36 (KHTML, like Gecko) Chrome/138.0.0.0 Mobile Safari/537.36 (compatible; Google-Read-Aloud; +https://support.google.com/webmasters/answer/1061943)"
66.102.9.101 - - [02/Jul/2026:21:29:39 +0330] "GET /wp-content/themes/woodmart/css/parts/lib-photoswipe-rtl.min.css?ver=8.4.0 HTTP/1.1" 200 1724 "https://modoarpena.ir/product/badrig-lyocell-bedding/" "Mozilla/5.0 (Linux; Android 10; K) AppleWebKit/537.36 (KHTML, like Gecko) Chrome/138.0.0.0 Mobile Safari/537.36 (compatible; Google-Read-Aloud; +https://support.google.com/webmasters/answer/1061943)"
66.102.9.102 - - [02/Jul/2026:21:29:39 +0330] "GET /wp-content/themes/woodmart/css/parts/header-el-cart-side.min.css?ver=8.4.0 HTTP/1.1" 200 300 "https://modoarpena.ir/product/badrig-lyocell-bedding/" "Mozilla/5.0 (Linux; Android 10; K) AppleWebKit/537.36 (KHTML, like Gecko) Chrome/138.0.0.0 Mobile Safari/537.36 (compatible; Google-Read-Aloud; +https://support.google.com/webmasters/answer/1061943)"
66.102.9.100 - - [02/Jul/2026:21:29:39 +0330] "GET /wp-content/themes/woodmart/js/scripts/global/scrollBar.min.js?ver=8.4.0 HTTP/1.1" 200 143 "https://modoarpena.ir/product/badrig-lyocell-bedding/" "Mozilla/5.0 (Linux; Android 10; K) AppleWebKit/537.36 (KHTML, like Gecko) Chrome/138.0.0.0 Mobile Safari/537.36 (compatible; Google-Read-Aloud; +https://support.google.com/webmasters/answer/1061943)"
66.102.9.101 - - [02/Jul/2026:21:29:39 +0330] "GET /wp-content/themes/woodmart/css/parts/helpers-wpb-elem.min.css?ver=8.4.0 HTTP/1.1" 200 293 "https://modoarpena.ir/product/badrig-lyocell-bedding/" "Mozilla/5.0 (Linux; Android 10; K) AppleWebKit/537.36 (KHTML, like Gecko) Chrome/138.0.0.0 Mobile Safari/537.36 (compatible; Google-Read-Aloud; +https://support.google.com/webmasters/answer/1061943)"
74.125.215.64 - - [02/Jul/2026:21:29:40 +0330] "GET /wp-content/uploads/2026/06/xts-header_153799-1781420084.css?ver=8.4.0 HTTP/1.1" 200 365 "https://modoarpena.ir/product/badrig-lyocell-bedding/" "Mozilla/5.0 (Linux; Android 10; K) AppleWebKit/537.36 (KHTML, like Gecko) Chrome/138.0.0.0 Mobile Safari/537.36 (compatible; Google-Read-Aloud; +https://support.google.com/webmasters/answer/1061943)"
66.102.9.102 - - [02/Jul/2026:21:29:40 +0330] "GET /wp-includes/js/jquery/ui/core.min.js?ver=1.13.3 HTTP/1.1" 200 6812 "https://modoarpena.ir/product/badrig-lyocell-bedding/" "Mozilla/5.0 (Linux; Android 10; K) AppleWebKit/537.36 (KHTML, like Gecko) Chrome/138.0.0.0 Mobile Safari/537.36 (compatible; Google-Read-Aloud; +https://support.google.com/webmasters/answer/1061943)"
66.102.9.102 - - [02/Jul/2026:21:29:40 +0330] "GET /wp-content/themes/woodmart/js/scripts/global/helpers.min.js?ver=8.4.0 HTTP/1.1" 200 1945 "https://modoarpena.ir/product/badrig-lyocell-bedding/" "Mozilla/5.0 (Linux; Android 10; K) AppleWebKit/537.36 (KHTML, like Gecko) Chrome/138.0.0.0 Mobile Safari/537.36 (compatible; Google-Read-Aloud; +https://support.google.com/webmasters/answer/1061943)"
74.125.215.64 - - [02/Jul/2026:21:29:40 +0330] "GET /wp-content/themes/woodmart/css/parts/el-accordion-wpb-elem-rtl.min.css?ver=8.4.0 HTTP/1.1" 200 148 "https://modoarpena.ir/product/badrig-lyocell-bedding/" "Mozilla/5.0 (Linux; Android 10; K) AppleWebKit/537.36 (KHTML, like Gecko) Chrome/138.0.0.0 Mobile Safari/537.36 (compatible; Google-Read-Aloud; +https://support.google.com/webmasters/answer/1061943)"
74.125.215.66 - - [02/Jul/2026:21:29:40 +0330] "GET /wp-content/uploads/elementor/css/post-5.css?ver=1782108743 HTTP/1.1" 200 338 "https://modoarpena.ir/product/badrig-lyocell-bedding/" "Mozilla/5.0 (Linux; Android 10; K) AppleWebKit/537.36 (KHTML, like Gecko) Chrome/138.0.0.0 Mobile Safari/537.36 (compatible; Google-Read-Aloud; +https://support.google.com/webmasters/answer/1061943)"
74.125.215.65 - - [02/Jul/2026:21:29:40 +0330] "GET /wp-content/plugins/kamangir-smart-gateway-wc-all-in-one/vendor/kamangir/sdk-gateway/src/HelpLinks/Assets/css/help.css?ver=7.0 HTTP/1.1" 200 116 "https://modoarpena.ir/product/badrig-lyocell-bedding/" "Mozilla/5.0 (Linux; Android 10; K) AppleWebKit/537.36 (KHTML, like Gecko) Chrome/138.0.0.0 Mobile Safari/537.36 (compatible; Google-Read-Aloud; +https://support.google.com/webmasters/answer/1061943)"
66.102.9.102 - - [02/Jul/2026:21:29:39 +0330] "GET /wp-includes/js/dist/i18n.min.js?ver=781d11515ad3d91786ec HTTP/1.1" 200 2330 "https://modoarpena.ir/product/badrig-lyocell-bedding/" "Mozilla/5.0 (Linux; Android 10; K) AppleWebKit/537.36 (KHTML, like Gecko) Chrome/138.0.0.0 Mobile Safari/537.36 (compatible; Google-Read-Aloud; +https://support.google.com/webmasters/answer/1061943)"
66.102.9.102 - - [02/Jul/2026:21:29:40 +0330] "GET /wp-content/plugins/woocommerce/assets/js/sourcebuster/sourcebuster.min.js?ver=10.6.2 HTTP/1.1" 200 4609 "https://modoarpena.ir/product/badrig-lyocell-bedding/" "Mozilla/5.0 (Linux; Android 10; K) AppleWebKit/537.36 (KHTML, like Gecko) Chrome/138.0.0.0 Mobile Safari/537.36 (compatible; Google-Read-Aloud; +https://support.google.com/webmasters/answer/1061943)"
66.102.9.102 - - [02/Jul/2026:21:29:40 +0330] "GET /wp-content/plugins/elementor/assets/js/frontend-modules.min.js?ver=4.0.1 HTTP/1.1" 200 15445 "https://modoarpena.ir/product/badrig-lyocell-bedding/" "Mozilla/5.0 (Linux; Android 10; K) AppleWebKit/537.36 (KHTML, like Gecko) Chrome/138.0.0.0 Mobile Safari/537.36 (compatible; Google-Read-Aloud; +https://support.google.com/webmasters/answer/1061943)"
66.102.9.102 - - [02/Jul/2026:21:29:40 +0330] "GET /wp-content/plugins/elementor/assets/js/frontend.min.js?ver=4.0.1 HTTP/1.1" 200 10050 "https://modoarpena.ir/product/badrig-lyocell-bedding/" "Mozilla/5.0 (Linux; Android 10; K) AppleWebKit/537.36 (KHTML, like Gecko) Chrome/138.0.0.0 Mobile Safari/537.36 (compatible; Google-Read-Aloud; +https://support.google.com/webmasters/answer/1061943)"
66.102.9.102 - - [02/Jul/2026:21:29:40 +0330] "GET /wp-content/themes/woodmart/js/scripts/wc/woocommerceNotices.min.js?ver=8.4.0 HTTP/1.1" 200 232 "https://modoarpena.ir/product/badrig-lyocell-bedding/" "Mozilla/5.0 (Linux; Android 10; K) AppleWebKit/537.36 (KHTML, like Gecko) Chrome/138.0.0.0 Mobile Safari/537.36 (compatible; Google-Read-Aloud; +https://support.google.com/webmasters/answer/1061943)"
74.125.215.66 - - [02/Jul/2026:21:29:40 +0330] "GET /wp-content/themes/woodmart/css/parts/woo-single-prod-el-tabs-predefined.min.css?ver=8.4.0 HTTP/1.1" 200 371 "https://modoarpena.ir/product/badrig-lyocell-bedding/" "Mozilla/5.0 (Linux; Android 10; K) AppleWebKit/537.36 (KHTML, like Gecko) Chrome/138.0.0.0 Mobile Safari/537.36 (compatible; Google-Read-Aloud; +https://support.google.com/webmasters/answer/1061943)"
74.125.215.64 - - [02/Jul/2026:21:29:40 +0330] "GET /wp-content/themes/woodmart/css/parts/woo-mod-swatches-base.min.css?ver=8.4.0 HTTP/1.1" 200 698 "https://modoarpena.ir/product/badrig-lyocell-bedding/" "Mozilla/5.0 (Linux; Android 10; K) AppleWebKit/537.36 (KHTML, like Gecko) Chrome/138.0.0.0 Mobile Safari/537.36 (compatible; Google-Read-Aloud; +https://support.google.com/webmasters/answer/1061943)"
130.193.77.37 - - [02/Jul/2026:21:29:40 +0330] "POST /wp-cron.php?doing_wp_cron=1783015180.7152450084686279296875 HTTP/1.1" 200 0 "-" "WordPress/7.0; https://modoarpena.ir"
74.125.215.66 - - [02/Jul/2026:21:29:40 +0330] "GET /wp-content/themes/woodmart/css/parts/woo-mod-variation-form-rtl.min.css?ver=8.4.0 HTTP/1.1" 200 796 "https://modoarpena.ir/product/badrig-lyocell-bedding/" "Mozilla/5.0 (Linux; Android 10; K) AppleWebKit/537.36 (KHTML, like Gecko) Chrome/138.0.0.0 Mobile Safari/537.36 (compatible; Google-Read-Aloud; +https://support.google.com/webmasters/answer/1061943)"
74.125.215.65 - - [02/Jul/2026:21:29:40 +0330] "GET /wp-content/plugins/kamangir-smart-gateway-wc-all-in-one/src/Operators/Woocommerce/Assets/css/wc-front-style.css?ver=7.0 HTTP/1.1" 200 361 "https://modoarpena.ir/product/badrig-lyocell-bedding/" "Mozilla/5.0 (Linux; Android 10; K) AppleWebKit/537.36 (KHTML, like Gecko) Chrome/138.0.0.0 Mobile Safari/537.36 (compatible; Google-Read-Aloud; +https://support.google.com/webmasters/answer/1061943)"
66.102.9.101 - - [02/Jul/2026:21:29:39 +0330] "GET /wp-content/themes/woodmart/css/parts/el-social-icons.min.css?ver=8.4.0 HTTP/1.1" 200 941 "https://modoarpena.ir/product/badrig-lyocell-bedding/" "Mozilla/5.0 (Linux; Android 10; K) AppleWebKit/537.36 (KHTML, like Gecko) Chrome/138.0.0.0 Mobile Safari/537.36 (compatible; Google-Read-Aloud; +https://support.google.com/webmasters/answer/1061943)"
66.102.9.101 - - [02/Jul/2026:21:29:39 +0330] "GET /wp-content/themes/woodmart/css/parts/woo-single-prod-predefined-rtl.min.css?ver=8.4.0 HTTP/1.1" 200 545 "https://modoarpena.ir/product/badrig-lyocell-bedding/" "Mozilla/5.0 (Linux; Android 10; K) AppleWebKit/537.36 (KHTML, like Gecko) Chrome/138.0.0.0 Mobile Safari/537.36 (compatible; Google-Read-Aloud; +https://support.google.com/webmasters/answer/1061943)"
66.102.9.102 - - [02/Jul/2026:21:29:39 +0330] "GET /wp-content/uploads/2026/06/xts-header_153799-1781420084.css?ver=8.4.0 HTTP/1.1" 200 365 "https://modoarpena.ir/product/badrig-lyocell-bedding/" "Mozilla/5.0 (Linux; Android 10; K) AppleWebKit/537.36 (KHTML, like Gecko) Chrome/138.0.0.0 Mobile Safari/537.36 (compatible; Google-Read-Aloud; +https://support.google.com/webmasters/answer/1061943)"
66.102.9.100 - - [02/Jul/2026:21:29:39 +0330] "GET /wp-content/themes/woodmart/css/parts/woo-single-prod-el-gallery.min.css?ver=8.4.0 HTTP/1.1" 200 1248 "https://modoarpena.ir/product/badrig-lyocell-bedding/" "Mozilla/5.0 (Linux; Android 10; K) AppleWebKit/537.36 (KHTML, like Gecko) Chrome/138.0.0.0 Mobile Safari/537.36 (compatible; Google-Read-Aloud; +https://support.google.com/webmasters/answer/1061943)"
66.102.9.102 - - [02/Jul/2026:21:29:39 +0330] "GET /wp-content/themes/woodmart/css/parts/woo-single-prod-and-quick-view-predefined-rtl.min.css?ver=8.4.0 HTTP/1.1" 200 425 "https://modoarpena.ir/product/badrig-lyocell-bedding/" "Mozilla/5.0 (Linux; Android 10; K) AppleWebKit/537.36 (KHTML, like Gecko) Chrome/138.0.0.0 Mobile Safari/537.36 (compatible; Google-Read-Aloud; +https://support.google.com/webmasters/answer/1061943)"
66.102.9.101 - - [02/Jul/2026:21:29:39 +0330] "GET /wp-content/plugins/kamangir-smart-gateway-wc-all-in-one/vendor/kamangir/sdk-gateway/src/HelpLinks/Assets/css/help.css?ver=7.0 HTTP/1.1" 200 116 "https://modoarpena.ir/product/badrig-lyocell-bedding/" "Mozilla/5.0 (Linux; Android 10; K) AppleWebKit/537.36 (KHTML, like Gecko) Chrome/138.0.0.0 Mobile Safari/537.36 (compatible; Google-Read-Aloud; +https://support.google.com/webmasters/answer/1061943)"
66.102.9.101 - - [02/Jul/2026:21:29:39 +0330] "GET /wp-content/themes/woodmart/css/parts/lib-swiper-rtl.min.css?ver=8.4.0 HTTP/1.1" 200 517 "https://modoarpena.ir/product/badrig-lyocell-bedding/" "Mozilla/5.0 (Linux; Android 10; K) AppleWebKit/537.36 (KHTML, like Gecko) Chrome/138.0.0.0 Mobile Safari/537.36 (compatible; Google-Read-Aloud; +https://support.google.com/webmasters/answer/1061943)"
66.102.9.100 - - [02/Jul/2026:21:29:39 +0330] "GET /wp-content/themes/woodmart/css/parts/woo-single-prod-el-reviews-style-1.min.css?ver=8.4.0 HTTP/1.1" 200 213 "https://modoarpena.ir/product/badrig-lyocell-bedding/" "Mozilla/5.0 (Linux; Android 10; K) AppleWebKit/537.36 (KHTML, like Gecko) Chrome/138.0.0.0 Mobile Safari/537.36 (compatible; Google-Read-Aloud; +https://support.google.com/webmasters/answer/1061943)"
74.125.215.64 - - [02/Jul/2026:21:29:40 +0330] "GET /wp-content/themes/woodmart/css/parts/header-el-my-account-rtl.min.css?ver=8.4.0 HTTP/1.1" 200 157 "https://modoarpena.ir/product/badrig-lyocell-bedding/" "Mozilla/5.0 (Linux; Android 10; K) AppleWebKit/537.36 (KHTML, like Gecko) Chrome/138.0.0.0 Mobile Safari/537.36 (compatible; Google-Read-Aloud; +https://support.google.com/webmasters/answer/1061943)"
74.125.215.66 - - [02/Jul/2026:21:29:40 +0330] "GET /wp-content/themes/woodmart/css/parts/header-el-search-fullscreen-1.min.css?ver=8.4.0 HTTP/1.1" 200 827 "https://modoarpena.ir/product/badrig-lyocell-bedding/" "Mozilla/5.0 (Linux; Android 10; K) AppleWebKit/537.36 (KHTML, like Gecko) Chrome/138.0.0.0 Mobile Safari/537.36 (compatible; Google-Read-Aloud; +https://support.google.com/webmasters/answer/1061943)"
66.102.9.101 - - [02/Jul/2026:21:29:40 +0330] "GET /wp-content/plugins/woocommerce-product-variations-swatches/assets/js/frontend-script.min.js?ver=1.1.9 HTTP/1.1" 200 5586 "https://modoarpena.ir/product/badrig-lyocell-bedding/" "Mozilla/5.0 (Linux; Android 10; K) AppleWebKit/537.36 (KHTML, like Gecko) Chrome/138.0.0.0 Mobile Safari/537.36 (compatible; Google-Read-Aloud; +https://support.google.com/webmasters/answer/1061943)"
66.102.9.101 - - [02/Jul/2026:21:29:40 +0330] "GET /wp-content/plugins/woodmart-plus/assets/js/w-plus.js?ver=7.0 HTTP/1.1" 200 7254 "https://modoarpena.ir/product/badrig-lyocell-bedding/" "Mozilla/5.0 (Linux; Android 10; K) AppleWebKit/537.36 (KHTML, like Gecko) Chrome/138.0.0.0 Mobile Safari/537.36 (compatible; Google-Read-Aloud; +https://support.google.com/webmasters/answer/1061943)"
74.125.215.65 - - [02/Jul/2026:21:29:40 +0330] "GET /wp-content/themes/woodmart/css/parts/header-el-search-rtl.min.css?ver=8.4.0 HTTP/1.1" 200 442 "https://modoarpena.ir/product/badrig-lyocell-bedding/" "Mozilla/5.0 (Linux; Android 10; K) AppleWebKit/537.36 (KHTML, like Gecko) Chrome/138.0.0.0 Mobile Safari/537.36 (compatible; Google-Read-Aloud; +https://support.google.com/webmasters/answer/1061943)"
74.125.215.64 - - [02/Jul/2026:21:29:40 +0330] "GET /wp-content/themes/woodmart/css/parts/el-social-icons.min.css?ver=8.4.0 HTTP/1.1" 200 941 "https://modoarpena.ir/product/badrig-lyocell-bedding/" "Mozilla/5.0 (Linux; Android 10; K) AppleWebKit/537.36 (KHTML, like Gecko) Chrome/138.0.0.0 Mobile Safari/537.36 (compatible; Google-Read-Aloud; +https://support.google.com/webmasters/answer/1061943)"
66.102.9.100 - - [02/Jul/2026:21:29:40 +0330] "GET /wp-content/plugins/digits/admin/assets/js/libphonenumber-max.js HTTP/1.1" 200 61395 "https://modoarpena.ir/product/badrig-lyocell-bedding/" "Mozilla/5.0 (Linux; Android 10; K) AppleWebKit/537.36 (KHTML, like Gecko) Chrome/138.0.0.0 Mobile Safari/537.36 (compatible; Google-Read-Aloud; +https://support.google.com/webmasters/answer/1061943)"
74.125.215.66 - - [02/Jul/2026:21:29:40 +0330] "GET /wp-content/themes/woodmart/css/parts/wd-search-form.min.css?ver=8.4.0 HTTP/1.1" 200 640 "https://modoarpena.ir/product/badrig-lyocell-bedding/" "Mozilla/5.0 (Linux; Android 10; K) AppleWebKit/537.36 (KHTML, like Gecko) Chrome/138.0.0.0 Mobile Safari/537.36 (compatible; Google-Read-Aloud; +https://support.google.com/webmasters/answer/1061943)"
66.102.9.101 - - [02/Jul/2026:21:29:40 +0330] "GET /wp-content/plugins/digits/assets/js/scrollTo.js?ver=9.1.0.5 HTTP/1.1" 200 1211 "https://modoarpena.ir/product/badrig-lyocell-bedding/" "Mozilla/5.0 (Linux; Android 10; K) AppleWebKit/537.36 (KHTML, like Gecko) Chrome/138.0.0.0 Mobile Safari/537.36 (compatible; Google-Read-Aloud; +https://support.google.com/webmasters/answer/1061943)"
74.125.215.65 - - [02/Jul/2026:21:29:40 +0330] "GET /wp-content/themes/woodmart/css/parts/woo-single-prod-opt-base.min.css?ver=8.4.0 HTTP/1.1" 200 267 "https://modoarpena.ir/product/badrig-lyocell-bedding/" "Mozilla/5.0 (Linux; Android 10; K) AppleWebKit/537.36 (KHTML, like Gecko) Chrome/138.0.0.0 Mobile Safari/537.36 (compatible; Google-Read-Aloud; +https://support.google.com/webmasters/answer/1061943)"
74.125.215.65 - - [02/Jul/2026:21:29:40 +0330] "GET /wp-content/uploads/elementor/css/base-desktop.css?ver=6a38d247692f8 HTTP/1.1" 200 439 "https://modoarpena.ir/product/badrig-lyocell-bedding/" "Mozilla/5.0 (Linux; Android 10; K) AppleWebKit/537.36 (KHTML, like Gecko) Chrome/138.0.0.0 Mobile Safari/537.36 (compatible; Google-Read-Aloud; +https://support.google.com/webmasters/answer/1061943)"
66.102.9.101 - - [02/Jul/2026:21:29:39 +0330] "GET /wp-content/uploads/elementor/css/post-30648.css?ver=1782211569 HTTP/1.1" 200 140 "https://modoarpena.ir/product/badrig-lyocell-bedding/" "Mozilla/5.0 (Linux; Android 10; K) AppleWebKit/537.36 (KHTML, like Gecko) Chrome/138.0.0.0 Mobile Safari/537.36 (compatible; Google-Read-Aloud; +https://support.google.com/webmasters/answer/1061943)"
66.102.9.102 - - [02/Jul/2026:21:29:39 +0330] "GET /wp-content/themes/woodmart/css/parts/woo-opt-stretch-cont.min.css?ver=8.4.0 HTTP/1.1" 200 237 "https://modoarpena.ir/product/badrig-lyocell-bedding/" "Mozilla/5.0 (Linux; Android 10; K) AppleWebKit/537.36 (KHTML, like Gecko) Chrome/138.0.0.0 Mobile Safari/537.36 (compatible; Google-Read-Aloud; +https://support.google.com/webmasters/answer/1061943)"
66.102.9.100 - - [02/Jul/2026:21:29:39 +0330] "GET /wp-content/plugins/digbuilder/css/animate.min.css?ver=3.7.2 HTTP/1.1" 200 3967 "https://modoarpena.ir/product/badrig-lyocell-bedding/" "Mozilla/5.0 (Linux; Android 10; K) AppleWebKit/537.36 (KHTML, like Gecko) Chrome/138.0.0.0 Mobile Safari/537.36 (compatible; Google-Read-Aloud; +https://support.google.com/webmasters/answer/1061943)"
66.102.9.102 - - [02/Jul/2026:21:29:39 +0330] "GET /wp-content/themes/woodmart/css/parts/woo-mod-variation-form-rtl.min.css?ver=8.4.0 HTTP/1.1" 200 796 "https://modoarpena.ir/product/badrig-lyocell-bedding/" "Mozilla/5.0 (Linux; Android 10; K) AppleWebKit/537.36 (KHTML, like Gecko) Chrome/138.0.0.0 Mobile Safari/537.36 (compatible; Google-Read-Aloud; +https://support.google.com/webmasters/answer/1061943)"
66.102.9.100 - - [02/Jul/2026:21:29:39 +0330] "GET /wp-content/themes/woodmart/css/parts/woo-single-prod-el-navigation-rtl.min.css?ver=8.4.0 HTTP/1.1" 200 406 "https://modoarpena.ir/product/badrig-lyocell-bedding/" "Mozilla/5.0 (Linux; Android 10; K) AppleWebKit/537.36 (KHTML, like Gecko) Chrome/138.0.0.0 Mobile Safari/537.36 (compatible; Google-Read-Aloud; +https://support.google.com/webmasters/answer/1061943)"
66.102.9.102 - - [02/Jul/2026:21:29:39 +0330] "GET /wp-content/themes/woodmart/css/parts/el-accordion-wpb-elem-rtl.min.css?ver=8.4.0 HTTP/1.1" 200 148 "https://modoarpena.ir/product/badrig-lyocell-bedding/" "Mozilla/5.0 (Linux; Android 10; K) AppleWebKit/537.36 (KHTML, like Gecko) Chrome/138.0.0.0 Mobile Safari/537.36 (compatible; Google-Read-Aloud; +https://support.google.com/webmasters/answer/1061943)"
74.125.215.66 - - [02/Jul/2026:21:29:40 +0330] "GET /wp-content/uploads/elementor/css/post-30648.css?ver=1782211569 HTTP/1.1" 200 140 "https://modoarpena.ir/product/badrig-lyocell-bedding/" "Mozilla/5.0 (Linux; Android 10; K) AppleWebKit/537.36 (KHTML, like Gecko) Chrome/138.0.0.0 Mobile Safari/537.36 (compatible; Google-Read-Aloud; +https://support.google.com/webmasters/answer/1061943)"
74.125.215.65 - - [02/Jul/2026:21:29:40 +0330] "GET /wp-content/themes/woodmart/css/parts/opt-scrolltotop-rtl.min.css?ver=8.4.0 HTTP/1.1" 200 355 "https://modoarpena.ir/product/badrig-lyocell-bedding/" "Mozilla/5.0 (Linux; Android 10; K) AppleWebKit/537.36 (KHTML, like Gecko) Chrome/138.0.0.0 Mobile Safari/537.36 (compatible; Google-Read-Aloud; +https://support.google.com/webmasters/answer/1061943)"
74.125.215.65 - - [02/Jul/2026:21:29:40 +0330] "GET /wp-content/themes/woodmart/css/parts/woo-mod-shop-attributes.min.css?ver=8.4.0 HTTP/1.1" 200 408 "https://modoarpena.ir/product/badrig-lyocell-bedding/" "Mozilla/5.0 (Linux; Android 10; K) AppleWebKit/537.36 (KHTML, like Gecko) Chrome/138.0.0.0 Mobile Safari/537.36 (compatible; Google-Read-Aloud; +https://support.google.com/webmasters/answer/1061943)"
74.125.215.65 - - [02/Jul/2026:21:29:40 +0330] "GET /wp-content/themes/woodmart/css/parts/el-list-rtl.min.css?ver=8.4.0 HTTP/1.1" 200 579 "https://modoarpena.ir/product/badrig-lyocell-bedding/" "Mozilla/5.0 (Linux; Android 10; K) AppleWebKit/537.36 (KHTML, like Gecko) Chrome/138.0.0.0 Mobile Safari/537.36 (compatible; Google-Read-Aloud; +https://support.google.com/webmasters/answer/1061943)"
83.123.243.156 - - [02/Jul/2026:21:29:38 +0330] "GET /product/patina-lyocell-bedding/ HTTP/1.1" 200 68731 "https://modoarpena.ir/product-category/bedding-set/lyocell/" "Mozilla/5.0 (Linux; Android 10; K) AppleWebKit/537.36 (KHTML, like Gecko) Chrome/149.0.0.0 Mobile Safari/537.36"
74.125.215.65 - - [02/Jul/2026:21:29:40 +0330] "GET /wp-content/themes/woodmart/css/parts/header-el-mobile-nav-dropdown.min.css?ver=8.4.0 HTTP/1.1" 200 90 "https://modoarpena.ir/product/badrig-lyocell-bedding/" "Mozilla/5.0 (Linux; Android 10; K) AppleWebKit/537.36 (KHTML, like Gecko) Chrome/138.0.0.0 Mobile Safari/537.36 (compatible; Google-Read-Aloud; +https://support.google.com/webmasters/answer/1061943)"
74.125.215.64 - - [02/Jul/2026:21:29:40 +0330] "GET /wp-content/themes/woodmart/css/parts/woo-single-prod-el-navigation-rtl.min.css?ver=8.4.0 HTTP/1.1" 200 406 "https://modoarpena.ir/product/badrig-lyocell-bedding/" "Mozilla/5.0 (Linux; Android 10; K) AppleWebKit/537.36 (KHTML, like Gecko) Chrome/138.0.0.0 Mobile Safari/537.36 (compatible; Google-Read-Aloud; +https://support.google.com/webmasters/answer/1061943)"
74.125.215.65 - - [02/Jul/2026:21:29:40 +0330] "GET /wp-content/themes/woodmart/rtl.css HTTP/1.1" 200 4104 "https://modoarpena.ir/product/badrig-lyocell-bedding/" "Mozilla/5.0 (Linux; Android 10; K) AppleWebKit/537.36 (KHTML, like Gecko) Chrome/138.0.0.0 Mobile Safari/537.36 (compatible; Google-Read-Aloud; +https://support.google.com/webmasters/answer/1061943)"
74.125.215.64 - - [02/Jul/2026:21:29:40 +0330] "GET /wp-content/themes/woodmart/css/parts/woo-opt-stretch-cont.min.css?ver=8.4.0 HTTP/1.1" 200 237 "https://modoarpena.ir/product/badrig-lyocell-bedding/" "Mozilla/5.0 (Linux; Android 10; K) AppleWebKit/537.36 (KHTML, like Gecko) Chrome/138.0.0.0 Mobile Safari/537.36 (compatible; Google-Read-Aloud; +https://support.google.com/webmasters/answer/1061943)"
74.125.215.64 - - [02/Jul/2026:21:29:40 +0330] "GET /wp-content/uploads/elementor/css/post-29383.css?ver=1782108744 HTTP/1.1" 200 244 "https://modoarpena.ir/product/badrig-lyocell-bedding/" "Mozilla/5.0 (Linux; Android 10; K) AppleWebKit/537.36 (KHTML, like Gecko) Chrome/138.0.0.0 Mobile Safari/537.36 (compatible; Google-Read-Aloud; +https://support.google.com/webmasters/answer/1061943)"
74.125.215.65 - - [02/Jul/2026:21:29:40 +0330] "GET /wp-content/themes/woodmart/css/parts/lib-swiper-pagin.min.css?ver=8.4.0 HTTP/1.1" 200 429 "https://modoarpena.ir/product/badrig-lyocell-bedding/" "Mozilla/5.0 (Linux; Android 10; K) AppleWebKit/537.36 (KHTML, like Gecko) Chrome/138.0.0.0 Mobile Safari/537.36 (compatible; Google-Read-Aloud; +https://support.google.com/webmasters/answer/1061943)"
74.125.215.65 - - [02/Jul/2026:21:29:40 +0330] "GET /wp-content/themes/woodmart/css/parts/header-el-search-fullscreen-general.min.css?ver=8.4.0 HTTP/1.1" 200 609 "https://modoarpena.ir/product/badrig-lyocell-bedding/" "Mozilla/5.0 (Linux; Android 10; K) AppleWebKit/537.36 (KHTML, like Gecko) Chrome/138.0.0.0 Mobile Safari/537.36 (compatible; Google-Read-Aloud; +https://support.google.com/webmasters/answer/1061943)"
74.125.215.65 - - [02/Jul/2026:21:29:40 +0330] "GET /wp-content/themes/woodmart/css/parts/woo-mod-swatches-dis-style-1.min.css?ver=8.4.0 HTTP/1.1" 200 88 "https://modoarpena.ir/product/badrig-lyocell-bedding/" "Mozilla/5.0 (Linux; Android 10; K) AppleWebKit/537.36 (KHTML, like Gecko) Chrome/138.0.0.0 Mobile Safari/537.36 (compatible; Google-Read-Aloud; +https://support.google.com/webmasters/answer/1061943)"
74.125.215.66 - - [02/Jul/2026:21:29:40 +0330] "GET /wp-content/themes/woodmart/css/parts/woo-single-prod-el-reviews-style-1.min.css?ver=8.4.0 HTTP/1.1" 200 213 "https://modoarpena.ir/product/badrig-lyocell-bedding/" "Mozilla/5.0 (Linux; Android 10; K) AppleWebKit/537.36 (KHTML, like Gecko) Chrome/138.0.0.0 Mobile Safari/537.36 (compatible; Google-Read-Aloud; +https://support.google.com/webmasters/answer/1061943)"
66.102.9.100 - - [02/Jul/2026:21:29:39 +0330] "GET /wp-content/themes/woodmart/css/parts/wd-search-dropdown-rtl.min.css?ver=8.4.0 HTTP/1.1" 200 581 "https://modoarpena.ir/product/badrig-lyocell-bedding/" "Mozilla/5.0 (Linux; Android 10; K) AppleWebKit/537.36 (KHTML, like Gecko) Chrome/138.0.0.0 Mobile Safari/537.36 (compatible; Google-Read-Aloud; +https://support.google.com/webmasters/answer/1061943)"
66.102.9.100 - - [02/Jul/2026:21:29:39 +0330] "GET /wp-content/themes/woodmart/css/parts/woo-single-prod-el-tabs-predefined.min.css?ver=8.4.0 HTTP/1.1" 200 371 "https://modoarpena.ir/product/badrig-lyocell-bedding/" "Mozilla/5.0 (Linux; Android 10; K) AppleWebKit/537.36 (KHTML, like Gecko) Chrome/138.0.0.0 Mobile Safari/537.36 (compatible; Google-Read-Aloud; +https://support.google.com/webmasters/answer/1061943)"
66.102.9.102 - - [02/Jul/2026:21:29:39 +0330] "GET /wp-content/themes/woodmart/css/parts/el-list-rtl.min.css?ver=8.4.0 HTTP/1.1" 200 579 "https://modoarpena.ir/product/badrig-lyocell-bedding/" "Mozilla/5.0 (Linux; Android 10; K) AppleWebKit/537.36 (KHTML, like Gecko) Chrome/138.0.0.0 Mobile Safari/537.36 (compatible; Google-Read-Aloud; +https://support.google.com/webmasters/answer/1061943)"
66.102.9.100 - - [02/Jul/2026:21:29:39 +0330] "GET /wp-content/themes/woodmart/css/parts/woo-mod-swatches-dis-style-1.min.css?ver=8.4.0 HTTP/1.1" 200 88 "https://modoarpena.ir/product/badrig-lyocell-bedding/" "Mozilla/5.0 (Linux; Android 10; K) AppleWebKit/537.36 (KHTML, like Gecko) Chrome/138.0.0.0 Mobile Safari/537.36 (compatible; Google-Read-Aloud; +https://support.google.com/webmasters/answer/1061943)"
66.102.9.102 - - [02/Jul/2026:21:29:39 +0330] "GET /wp-content/themes/woodmart/css/parts/woo-product-loop-icons.min.css?ver=8.4.0 HTTP/1.1" 200 373 "https://modoarpena.ir/product/badrig-lyocell-bedding/" "Mozilla/5.0 (Linux; Android 10; K) AppleWebKit/537.36 (KHTML, like Gecko) Chrome/138.0.0.0 Mobile Safari/537.36 (compatible; Google-Read-Aloud; +https://support.google.com/webmasters/answer/1061943)"
66.102.9.101 - - [02/Jul/2026:21:29:39 +0330] "GET /wp-content/themes/woodmart/css/parts/woo-mod-variation-form-single-rtl.min.css?ver=8.4.0 HTTP/1.1" 200 252 "https://modoarpena.ir/product/badrig-lyocell-bedding/" "Mozilla/5.0 (Linux; Android 10; K) AppleWebKit/537.36 (KHTML, like Gecko) Chrome/138.0.0.0 Mobile Safari/537.36 (compatible; Google-Read-Aloud; +https://support.google.com/webmasters/answer/1061943)"
74.125.215.64 - - [02/Jul/2026:21:29:40 +0330] "GET /wp-content/themes/woodmart/css/parts/wd-search-results.min.css?ver=8.4.0 HTTP/1.1" 200 819 "https://modoarpena.ir/product/badrig-lyocell-bedding/" "Mozilla/5.0 (Linux; Android 10; K) AppleWebKit/537.36 (KHTML, like Gecko) Chrome/138.0.0.0 Mobile Safari/537.36 (compatible; Google-Read-Aloud; +https://support.google.com/webmasters/answer/1061943)"
74.125.215.66 - - [02/Jul/2026:21:29:40 +0330] "GET /wp-content/themes/woodmart/css/parts/woo-mod-progress-bar.min.css?ver=8.4.0 HTTP/1.1" 200 303 "https://modoarpena.ir/product/badrig-lyocell-bedding/" "Mozilla/5.0 (Linux; Android 10; K) AppleWebKit/537.36 (KHTML, like Gecko) Chrome/138.0.0.0 Mobile Safari/537.36 (compatible; Google-Read-Aloud; +https://support.google.com/webmasters/answer/1061943)"
74.125.215.65 - - [02/Jul/2026:21:29:40 +0330] "GET /wp-content/themes/woodmart/css/parts/woo-mod-quantity.min.css?ver=8.4.0 HTTP/1.1" 200 420 "https://modoarpena.ir/product/badrig-lyocell-bedding/" "Mozilla/5.0 (Linux; Android 10; K) AppleWebKit/537.36 (KHTML, like Gecko) Chrome/138.0.0.0 Mobile Safari/537.36 (compatible; Google-Read-Aloud; +https://support.google.com/webmasters/answer/1061943)"
74.125.215.64 - - [02/Jul/2026:21:29:40 +0330] "GET /wp-content/themes/woodmart/css/parts/woo-product-loop-icons.min.css?ver=8.4.0 HTTP/1.1" 200 373 "https://modoarpena.ir/product/badrig-lyocell-bedding/" "Mozilla/5.0 (Linux; Android 10; K) AppleWebKit/537.36 (KHTML, like Gecko) Chrome/138.0.0.0 Mobile Safari/537.36 (compatible; Google-Read-Aloud; +https://support.google.com/webmasters/answer/1061943)"
74.125.215.64 - - [02/Jul/2026:21:29:40 +0330] "GET /wp-content/themes/woodmart/css/parts/woo-mod-login-form.min.css?ver=8.4.0 HTTP/1.1" 200 660 "https://modoarpena.ir/product/badrig-lyocell-bedding/" "Mozilla/5.0 (Linux; Android 10; K) AppleWebKit/537.36 (KHTML, like Gecko) Chrome/138.0.0.0 Mobile Safari/537.36 (compatible; Google-Read-Aloud; +https://support.google.com/webmasters/answer/1061943)"
74.125.215.65 - - [02/Jul/2026:21:29:41 +0330] "GET /wp-content/themes/woodmart/css/parts/lib-swiper-arrows-rtl.min.css?ver=8.4.0 HTTP/1.1" 200 733 "https://modoarpena.ir/product/badrig-lyocell-bedding/" "Mozilla/5.0 (Linux; Android 10; K) AppleWebKit/537.36 (KHTML, like Gecko) Chrome/138.0.0.0 Mobile Safari/537.36 (compatible; Google-Read-Aloud; +https://support.google.com/webmasters/answer/1061943)"
66.102.9.101 - - [02/Jul/2026:21:29:41 +0330] "GET /wp-content/plugins/digits/assets/js/main.min.js?ver=9.1.0.5 HTTP/1.1" 200 15734 "https://modoarpena.ir/product/badrig-lyocell-bedding/" "Mozilla/5.0 (Linux; Android 10; K) AppleWebKit/537.36 (KHTML, like Gecko) Chrome/138.0.0.0 Mobile Safari/537.36 (compatible; Google-Read-Aloud; +https://support.google.com/webmasters/answer/1061943)"
74.125.215.66 - - [02/Jul/2026:21:29:41 +0330] "GET /wp-content/plugins/digits/assets/css/login.min.css?ver=9.1.0.5 HTTP/1.1" 200 15815 "https://modoarpena.ir/product/badrig-lyocell-bedding/" "Mozilla/5.0 (Linux; Android 10; K) AppleWebKit/537.36 (KHTML, like Gecko) Chrome/138.0.0.0 Mobile Safari/537.36 (compatible; Google-Read-Aloud; +https://support.google.com/webmasters/answer/1061943)"
66.102.9.100 - - [02/Jul/2026:21:29:41 +0330] "GET /wp-content/themes/woodmart/js/scripts/wc/onRemoveFromCart.min.js?ver=8.4.0 HTTP/1.1" 200 179 "https://modoarpena.ir/product/badrig-lyocell-bedding/" "Mozilla/5.0 (Linux; Android 10; K) AppleWebKit/537.36 (KHTML, like Gecko) Chrome/138.0.0.0 Mobile Safari/537.36 (compatible; Google-Read-Aloud; +https://support.google.com/webmasters/answer/1061943)"
66.102.9.101 - - [02/Jul/2026:21:29:41 +0330] "GET /wp-includes/js/imagesloaded.min.js?ver=5.0.0 HTTP/1.1" 200 1687 "https://modoarpena.ir/product/badrig-lyocell-bedding/" "Mozilla/5.0 (Linux; Android 10; K) AppleWebKit/537.36 (KHTML, like Gecko) Chrome/138.0.0.0 Mobile Safari/537.36 (compatible; Google-Read-Aloud; +https://support.google.com/webmasters/answer/1061943)"
66.102.9.100 - - [02/Jul/2026:21:29:41 +0330] "GET /wp-content/themes/woodmart/js/scripts/wc/stickyDetails.min.js?ver=8.4.0 HTTP/1.1" 200 367 "https://modoarpena.ir/product/badrig-lyocell-bedding/" "Mozilla/5.0 (Linux; Android 10; K) AppleWebKit/537.36 (KHTML, like Gecko) Chrome/138.0.0.0 Mobile Safari/537.36 (compatible; Google-Read-Aloud; +https://support.google.com/webmasters/answer/1061943)"
66.102.9.101 - - [02/Jul/2026:21:29:41 +0330] "GET /wp-content/themes/woodmart/js/scripts/wc/initZoom.min.js?ver=8.4.0 HTTP/1.1" 200 488 "https://modoarpena.ir/product/badrig-lyocell-bedding/" "Mozilla/5.0 (Linux; Android 10; K) AppleWebKit/537.36 (KHTML, like Gecko) Chrome/138.0.0.0 Mobile Safari/537.36 (compatible; Google-Read-Aloud; +https://support.google.com/webmasters/answer/1061943)"
66.102.9.101 - - [02/Jul/2026:21:29:41 +0330] "GET /wp-content/themes/woodmart/js/libs/swiper.min.js?ver=8.4.0 HTTP/1.1" 200 29257 "https://modoarpena.ir/product/badrig-lyocell-bedding/" "Mozilla/5.0 (Linux; Android 10; K) AppleWebKit/537.36 (KHTML, like Gecko) Chrome/138.0.0.0 Mobile Safari/537.36 (compatible; Google-Read-Aloud; +https://support.google.com/webmasters/answer/1061943)"
66.102.9.100 - - [02/Jul/2026:21:29:41 +0330] "GET /wp-content/themes/woodmart/js/scripts/global/swiperInit.min.js?ver=8.4.0 HTTP/1.1" 200 2117 "https://modoarpena.ir/product/badrig-lyocell-bedding/" "Mozilla/5.0 (Linux; Android 10; K) AppleWebKit/537.36 (KHTML, like Gecko) Chrome/138.0.0.0 Mobile Safari/537.36 (compatible; Google-Read-Aloud; +https://support.google.com/webmasters/answer/1061943)"
74.125.215.66 - - [02/Jul/2026:21:29:40 +0330] "GET /wp-content/themes/woodmart/css/parts/header-el-cart-rtl.min.css?ver=8.4.0 HTTP/1.1" 200 567 "https://modoarpena.ir/product/badrig-lyocell-bedding/" "Mozilla/5.0 (Linux; Android 10; K) AppleWebKit/537.36 (KHTML, like Gecko) Chrome/138.0.0.0 Mobile Safari/537.36 (compatible; Google-Read-Aloud; +https://support.google.com/webmasters/answer/1061943)"
74.125.215.66 - - [02/Jul/2026:21:29:40 +0330] "GET /wp-content/themes/woodmart/css/parts/el-tabs-rtl.min.css?ver=8.4.0 HTTP/1.1" 200 1108 "https://modoarpena.ir/product/badrig-lyocell-bedding/" "Mozilla/5.0 (Linux; Android 10; K) AppleWebKit/537.36 (KHTML, like Gecko) Chrome/138.0.0.0 Mobile Safari/537.36 (compatible; Google-Read-Aloud; +https://support.google.com/webmasters/answer/1061943)"
66.102.9.102 - - [02/Jul/2026:21:29:40 +0330] "GET /wp-content/plugins/digits/assets/js/script.min.js?ver=9.1.0.5 HTTP/1.1" 200 8980 "https://modoarpena.ir/product/badrig-lyocell-bedding/" "Mozilla/5.0 (Linux; Android 10; K) AppleWebKit/537.36 (KHTML, like Gecko) Chrome/138.0.0.0 Mobile Safari/537.36 (compatible; Google-Read-Aloud; +https://support.google.com/webmasters/answer/1061943)"
74.125.215.64 - - [02/Jul/2026:21:29:41 +0330] "GET /wp-content/themes/woodmart/css/parts/woo-single-prod-el-reviews.min.css?ver=8.4.0 HTTP/1.1" 200 1483 "https://modoarpena.ir/product/badrig-lyocell-bedding/" "Mozilla/5.0 (Linux; Android 10; K) AppleWebKit/537.36 (KHTML, like Gecko) Chrome/138.0.0.0 Mobile Safari/537.36 (compatible; Google-Read-Aloud; +https://support.google.com/webmasters/answer/1061943)"
74.125.215.65 - - [02/Jul/2026:21:29:41 +0330] "GET /wp-content/themes/woodmart/css/parts/woo-single-prod-el-base.min.css?ver=8.4.0 HTTP/1.1" 200 421 "https://modoarpena.ir/product/badrig-lyocell-bedding/" "Mozilla/5.0 (Linux; Android 10; K) AppleWebKit/537.36 (KHTML, like Gecko) Chrome/138.0.0.0 Mobile Safari/537.36 (compatible; Google-Read-Aloud; +https://support.google.com/webmasters/answer/1061943)"
66.102.9.102 - - [02/Jul/2026:21:29:41 +0330] "GET /wp-content/plugins/digits/assets/js/login.min.js?ver=9.1.0.5 HTTP/1.1" 200 19469 "https://modoarpena.ir/product/badrig-lyocell-bedding/" "Mozilla/5.0 (Linux; Android 10; K) AppleWebKit/537.36 (KHTML, like Gecko) Chrome/138.0.0.0 Mobile Safari/537.36 (compatible; Google-Read-Aloud; +https://support.google.com/webmasters/answer/1061943)"
66.102.9.102 - - [02/Jul/2026:21:29:41 +0330] "GET /wp-content/themes/woodmart/js/scripts/wc/loginSidebar.min.js?ver=8.4.0 HTTP/1.1" 200 366 "https://modoarpena.ir/product/badrig-lyocell-bedding/" "Mozilla/5.0 (Linux; Android 10; K) AppleWebKit/537.36 (KHTML, like Gecko) Chrome/138.0.0.0 Mobile Safari/537.36 (compatible; Google-Read-Aloud; +https://support.google.com/webmasters/answer/1061943)"
66.102.9.102 - - [02/Jul/2026:21:29:41 +0330] "GET /wp-content/themes/woodmart/js/libs/sticky-kit.min.js?ver=8.4.0 HTTP/1.1" 200 920 "https://modoarpena.ir/product/badrig-lyocell-bedding/" "Mozilla/5.0 (Linux; Android 10; K) AppleWebKit/537.36 (KHTML, like Gecko) Chrome/138.0.0.0 Mobile Safari/537.36 (compatible; Google-Read-Aloud; +https://support.google.com/webmasters/answer/1061943)"
66.102.9.102 - - [02/Jul/2026:21:29:41 +0330] "GET /wp-content/themes/woodmart/js/scripts/global/lazyLoading.min.js?ver=8.4.0 HTTP/1.1" 200 1083 "https://modoarpena.ir/product/badrig-lyocell-bedding/" "Mozilla/5.0 (Linux; Android 10; K) AppleWebKit/537.36 (KHTML, like Gecko) Chrome/138.0.0.0 Mobile Safari/537.36 (compatible; Google-Read-Aloud; +https://support.google.com/webmasters/answer/1061943)"
66.102.9.102 - - [02/Jul/2026:21:29:41 +0330] "GET /wp-content/themes/woodmart/js/scripts/wc/productImages.min.js?ver=8.4.0 HTTP/1.1" 200 549 "https://modoarpena.ir/product/badrig-lyocell-bedding/" "Mozilla/5.0 (Linux; Android 10; K) AppleWebKit/537.36 (KHTML, like Gecko) Chrome/138.0.0.0 Mobile Safari/537.36 (compatible; Google-Read-Aloud; +https://support.google.com/webmasters/answer/1061943)"
66.102.9.101 - - [02/Jul/2026:21:29:41 +0330] "GET /wp-content/themes/woodmart/js/scripts/wc/productImagesGallery.min.js?ver=8.4.0 HTTP/1.1" 200 1874 "https://modoarpena.ir/product/badrig-lyocell-bedding/" "Mozilla/5.0 (Linux; Android 10; K) AppleWebKit/537.36 (KHTML, like Gecko) Chrome/138.0.0.0 Mobile Safari/537.36 (compatible; Google-Read-Aloud; +https://support.google.com/webmasters/answer/1061943)"
66.102.9.101 - - [02/Jul/2026:21:29:41 +0330] "GET /wp-content/themes/woodmart/js/libs/photoswipe-bundle.min.js?ver=8.4.0 HTTP/1.1" 200 13671 "https://modoarpena.ir/product/badrig-lyocell-bedding/" "Mozilla/5.0 (Linux; Android 10; K) AppleWebKit/537.36 (KHTML, like Gecko) Chrome/138.0.0.0 Mobile Safari/537.36 (compatible; Google-Read-Aloud; +https://support.google.com/webmasters/answer/1061943)"
66.102.9.101 - - [02/Jul/2026:21:29:41 +0330] "GET /wp-content/themes/woodmart/js/scripts/global/callPhotoSwipe.min.js?ver=8.4.0 HTTP/1.1" 200 523 "https://modoarpena.ir/product/badrig-lyocell-bedding/" "Mozilla/5.0 (Linux; Android 10; K) AppleWebKit/537.36 (KHTML, like Gecko) Chrome/138.0.0.0 Mobile Safari/537.36 (compatible; Google-Read-Aloud; +https://support.google.com/webmasters/answer/1061943)"
66.102.9.100 - - [02/Jul/2026:21:29:42 +0330] "GET /wp-includes/js/underscore.min.js?ver=1.13.8 HTTP/1.1" 200 7228 "https://modoarpena.ir/product/badrig-lyocell-bedding/" "Mozilla/5.0 (Linux; Android 10; K) AppleWebKit/537.36 (KHTML, like Gecko) Chrome/138.0.0.0 Mobile Safari/537.36 (compatible; Google-Read-Aloud; +https://support.google.com/webmasters/answer/1061943)"
74.125.215.66 - - [02/Jul/2026:21:29:42 +0330] "GET /wp-content/themes/woodmart/css/parts/woo-single-prod-and-quick-view-predefined-rtl.min.css?ver=8.4.0 HTTP/1.1" 200 425 "https://modoarpena.ir/product/badrig-lyocell-bedding/" "Mozilla/5.0 (Linux; Android 10; K) AppleWebKit/537.36 (KHTML, like Gecko) Chrome/138.0.0.0 Mobile Safari/537.36 (compatible; Google-Read-Aloud; +https://support.google.com/webmasters/answer/1061943)"
66.102.9.100 - - [02/Jul/2026:21:29:42 +0330] "GET /wp-content/themes/woodmart/js/scripts/wc/swatchesVariations.min.js?ver=8.4.0 HTTP/1.1" 200 2948 "https://modoarpena.ir/product/badrig-lyocell-bedding/" "Mozilla/5.0 (Linux; Android 10; K) AppleWebKit/537.36 (KHTML, like Gecko) Chrome/138.0.0.0 Mobile Safari/537.36 (compatible; Google-Read-Aloud; +https://support.google.com/webmasters/answer/1061943)"
66.102.9.101 - - [02/Jul/2026:21:29:42 +0330] "GET /wp-content/themes/woodmart/js/scripts/wc/actionAfterAddToCart.min.js?ver=8.4.0 HTTP/1.1" 200 725 "https://modoarpena.ir/product/badrig-lyocell-bedding/" "Mozilla/5.0 (Linux; Android 10; K) AppleWebKit/537.36 (KHTML, like Gecko) Chrome/138.0.0.0 Mobile Safari/537.36 (compatible; Google-Read-Aloud; +https://support.google.com/webmasters/answer/1061943)"
66.102.9.101 - - [02/Jul/2026:21:29:42 +0330] "GET /wp-content/themes/woodmart/js/scripts/elements/accordion.min.js?ver=8.4.0 HTTP/1.1" 200 879 "https://modoarpena.ir/product/badrig-lyocell-bedding/" "Mozilla/5.0 (Linux; Android 10; K) AppleWebKit/537.36 (KHTML, like Gecko) Chrome/138.0.0.0 Mobile Safari/537.36 (compatible; Google-Read-Aloud; +https://support.google.com/webmasters/answer/1061943)"
74.125.215.66 - - [02/Jul/2026:21:29:42 +0330] "GET /wp-content/uploads/2026/04/ModamWeb-Regular.woff2 HTTP/1.1" 200 33452 "https://modoarpena.ir/wp-content/uploads/2026/06/xts-theme_settings_default-1781590861.css?ver=8.4.0" "Mozilla/5.0 (Linux; Android 10; K) AppleWebKit/537.36 (KHTML, like Gecko) Chrome/138.0.0.0 Mobile Safari/537.36 (compatible; Google-Read-Aloud; +https://support.google.com/webmasters/answer/1061943)"
66.102.9.100 - - [02/Jul/2026:21:29:42 +0330] "GET /wp-content/themes/woodmart/js/scripts/wc/woocommerceComments.min.js?ver=8.4.0 HTTP/1.1" 200 475 "https://modoarpena.ir/product/badrig-lyocell-bedding/" "Mozilla/5.0 (Linux; Android 10; K) AppleWebKit/537.36 (KHTML, like Gecko) Chrome/138.0.0.0 Mobile Safari/537.36 (compatible; Google-Read-Aloud; +https://support.google.com/webmasters/answer/1061943)"
74.125.215.66 - - [02/Jul/2026:21:29:40 +0330] "GET /wp-content/themes/woodmart/css/parts/el-toggle-rtl.min.css?ver=8.4.0 HTTP/1.1" 200 403 "https://modoarpena.ir/product/badrig-lyocell-bedding/" "Mozilla/5.0 (Linux; Android 10; K) AppleWebKit/537.36 (KHTML, like Gecko) Chrome/138.0.0.0 Mobile Safari/537.36 (compatible; Google-Read-Aloud; +https://support.google.com/webmasters/answer/1061943)"
74.125.215.66 - - [02/Jul/2026:21:29:40 +0330] "GET /wp-content/themes/woodmart/css/parts/int-elem-base-rtl.min.css?ver=8.4.0 HTTP/1.1" 200 1388 "https://modoarpena.ir/product/badrig-lyocell-bedding/" "Mozilla/5.0 (Linux; Android 10; K) AppleWebKit/537.36 (KHTML, like Gecko) Chrome/138.0.0.0 Mobile Safari/537.36 (compatible; Google-Read-Aloud; +https://support.google.com/webmasters/answer/1061943)"
